CRAN Package Check Results for Package fuzzywuzzyR

Last updated on 2018-02-23 02:48:08 CET.

Flavor Version Tinstall Tcheck Ttotal Status Flags
r-devel-linux-x86_64-debian-clang 1.0.2 3.77 28.34 32.11 OK
r-devel-linux-x86_64-debian-gcc 1.0.2 3.06 31.00 34.06 OK
r-devel-linux-x86_64-fedora-clang 1.0.2 44.50 OK
r-devel-linux-x86_64-fedora-gcc 1.0.2 42.68 OK
r-devel-windows-ix86+x86_64 1.0.2 11.00 65.00 76.00 OK
r-patched-linux-x86_64 1.0.2 1.37 33.39 34.76 OK
r-patched-solaris-x86 1.0.2 345.00 ERROR
r-release-linux-x86_64 1.0.2 1.62 33.16 34.78 OK
r-release-windows-ix86+x86_64 1.0.2 10.00 95.00 105.00 OK
r-release-osx-x86_64 1.0.2 OK
r-oldrel-windows-ix86+x86_64 1.0.2 6.00 61.00 67.00 OK
r-oldrel-osx-x86_64 1.0.1 OK

Check Details

Version: 1.0.2
Check: tests
Result: ERROR
     Running ‘testthat.R’ [276s/313s]
    Running the tests in ‘tests/testthat.R’ failed.
    Complete output:
     > library(testthat)
     > library(fuzzywuzzyR)
     >
     > test_check("fuzzywuzzyR")
     ── 1. Error: (unknown) (@test_package.R#1777) ─────────────────────────────────
     Python shared library '' not found, Python bindings not loaded.
     1: tests_python2() at testthat/test_package.R:1777
     2: reticulate::py_config() at testthat/test_package.R:24
     3: ensure_python_initialized()
     4: initialize_python(required_module, use_environment)
     5: stop("Python shared library '", config$libpython, "' not found, Python bindings not loaded.")
    
     ══ testthat results ═══════════════════════════════════════════════════════════
     OK: 0 SKIPPED: 137 FAILED: 1
     1. Error: (unknown) (@test_package.R#1777)
    
     Error: testthat unit tests failed
     Execution halted
Flavor: r-patched-solaris-x86