CRAN Package Check Results for Package gMCP

Last updated on 2018-05-24 02:48:24 CEST.

Flavor Version Tinstall Tcheck Ttotal Status Flags
r-devel-linux-x86_64-debian-clang 0.8-13 13.94 180.82 194.76 OK
r-devel-linux-x86_64-debian-gcc 0.8-13 11.27 156.67 167.94 OK
r-devel-linux-x86_64-fedora-clang 0.8-13 266.46 OK
r-devel-linux-x86_64-fedora-gcc 0.8-13 258.90 OK
r-devel-windows-ix86+x86_64 0.8-13 25.00 236.00 261.00 OK
r-patched-linux-x86_64 0.8-13 14.56 181.73 196.29 OK
r-patched-solaris-x86 0.8-13 320.00 OK
r-release-linux-x86_64 0.8-13 13.24 180.18 193.42 OK
r-release-windows-ix86+x86_64 0.8-13 32.00 300.00 332.00 OK
r-release-osx-x86_64 0.8-13 OK
r-oldrel-windows-ix86+x86_64 0.8-13 24.00 308.00 332.00 WARN
r-oldrel-osx-x86_64 0.8-13 OK

Check Details

Version: 0.8-13
Check: re-building of vignette outputs
Result: WARN
    Error in re-building vignettes:
     ...
    Error in find_vignette_product(name, by = "texi2pdf", engine = engine) :
     Failed to locate the 'texi2pdf' output file (by engine 'knitr::knitr') for vignette with name 'parametric'. The following files exist in directory '.': 'AQuickStart.R', 'AQuickStart.Rnw', 'AQuickStart.aux', 'AQuickStart.log', 'AQuickStart.out', 'AQuickStart.pdf', 'AQuickStart.tex', 'gMCP.R', 'gMCP.Rnw', 'gMCP.aux', 'gMCP.bbl', 'gMCP.blg', 'gMCP.idx', 'gMCP.ilg', 'gMCP.ind', 'gMCP.loa', 'gMCP.lof', 'gMCP.log', 'gMCP.lot', 'gMCP.out', 'gMCP.pdf', 'gMCP.tex', 'gMCP.toc', 'literatur.bib', 'myIndex.ist', 'parametric.R', 'parametric.Rnw', 'parametric.tex', 'pvals.RData'
    Calls: buildVignettes -> find_vignette_product
    In addition: Warning messages:
    1: In wilcox.test.default(x, y, alternative = "less", correct = TRUE) :
     cannot compute exact p-value with ties
    2: In wilcox.test.default(x, y, alternative = "less", correct = TRUE) :
     cannot compute exact p-value with ties
    3: In wilcox.test.default(x, y, alternative = "less", correct = TRUE) :
     cannot compute exact p-value with ties
    4: In wilcox.test.default(x, y, alternative = "less", correct = TRUE) :
     cannot compute exact p-value with ties
    5: In wilcox.test.default(x, y, alternative = "less", correct = TRUE) :
     cannot compute exact p-value with ties
    6: running command '"D:\compiler\texmf\miktex\bin\texify.exe" --quiet --pdf "parametric.tex" --max-iterations=20 -I "D:/RCompile/recent/R-3.4.4/share/texmf/tex/latex" -I "D:/RCompile/recent/R-3.4.4/share/texmf/bibtex/bst"' had status 1
    Execution halted
Flavor: r-oldrel-windows-ix86+x86_64