CRAN Package Check Results for Package gMCP

Last updated on 2018-02-21 22:48:01 CET.

Flavor Version Tinstall Tcheck Ttotal Status Flags
r-devel-linux-x86_64-debian-clang 0.8-13 13.77 186.78 200.55 OK
r-devel-linux-x86_64-debian-gcc 0.8-13 10.63 149.29 159.92 OK
r-devel-linux-x86_64-fedora-clang 0.8-13 243.11 NOTE
r-devel-linux-x86_64-fedora-gcc 0.8-13 236.12 NOTE
r-devel-windows-ix86+x86_64 0.8-13 23.00 226.00 249.00 OK
r-patched-linux-x86_64 0.8-13 7.41 199.92 207.33 OK
r-patched-solaris-x86 0.8-13 313.20 OK
r-release-linux-x86_64 0.8-13 6.92 202.69 209.61 OK
r-release-windows-ix86+x86_64 0.8-13 25.00 319.00 344.00 OK
r-release-osx-x86_64 0.8-13 OK
r-oldrel-windows-ix86+x86_64 0.8-13 16.00 249.00 265.00 OK
r-oldrel-osx-x86_64 0.8-13 OK

Check Details

Version: 0.8-13
Check: package dependencies
Result: NOTE
    Package suggested but not available for checking: ‘mutoss’
Flavors: r-devel-linux-x86_64-fedora-clang, r-devel-linux-x86_64-fedora-gcc