CRAN Package Check Results for Package gRain

Last updated on 2018-11-20 13:46:25 CET.

Flavor Version Tinstall Tcheck Ttotal Status Flags
r-devel-linux-x86_64-debian-clang 1.3-0 47.18 95.94 143.12 OK
r-devel-linux-x86_64-debian-gcc 1.3-0 39.49 76.49 115.98 OK
r-devel-linux-x86_64-fedora-clang 1.3-0 174.15 NOTE
r-devel-linux-x86_64-fedora-gcc 1.3-0 173.53 NOTE
r-devel-windows-ix86+x86_64 1.3-0 106.00 196.00 302.00 OK
r-patched-linux-x86_64 1.3-0 51.12 90.75 141.87 OK
r-patched-solaris-x86 1.3-0 223.30 OK
r-release-linux-x86_64 1.3-0 45.98 90.26 136.24 OK
r-release-windows-ix86+x86_64 1.3-0 83.00 190.00 273.00 OK
r-release-osx-x86_64 1.3-0 OK
r-oldrel-windows-ix86+x86_64 1.3-0 113.00 190.00 303.00 OK
r-oldrel-osx-x86_64 1.3-0 OK

Check Details

Version: 1.3-0
Check: compiled code
Result: NOTE
    File ‘gRain/libs/gRain.so’:
     Found no calls to: ‘R_registerRoutines’, ‘R_useDynamicSymbols’
    
    It is good practice to register native routines and to disable symbol
    search.
    
    See ‘Writing portable packages’ in the ‘Writing R Extensions’ manual.
Flavors: r-devel-linux-x86_64-fedora-clang, r-devel-linux-x86_64-fedora-gcc