CRAN Package Check Results for Package gRain

Last updated on 2018-08-21 16:50:25 CEST.

Flavor Version Tinstall Tcheck Ttotal Status Flags
r-devel-linux-x86_64-debian-clang 1.3-0 42.65 104.42 147.07 NOTE
r-devel-linux-x86_64-debian-gcc 1.3-0 41.15 84.40 125.55 NOTE
r-devel-linux-x86_64-fedora-clang 1.3-0 180.48 NOTE
r-devel-linux-x86_64-fedora-gcc 1.3-0 183.71 NOTE
r-devel-windows-ix86+x86_64 1.3-0 107.00 219.00 326.00 OK
r-patched-linux-x86_64 1.3-0 49.21 89.23 138.44 NOTE
r-patched-solaris-x86 1.3-0 220.00 OK
r-release-linux-x86_64 1.3-0 50.20 89.96 140.16 NOTE
r-release-windows-ix86+x86_64 1.3-0 107.00 140.00 247.00 OK
r-release-osx-x86_64 1.3-0 OK
r-oldrel-windows-ix86+x86_64 1.3-0 79.00 134.00 213.00 OK
r-oldrel-osx-x86_64 1.3-0 OK

Check Details

Version: 1.3-0
Check: compiled code
Result: NOTE
    File ‘gRain/libs/gRain.so’:
     Found no calls to: ‘R_registerRoutines’, ‘R_useDynamicSymbols’
    
    It is good practice to register native routines and to disable symbol
    search.
    
    See ‘Writing portable packages’ in the ‘Writing R Extensions’ manual.
Flavors: r-devel-linux-x86_64-debian-clang, r-devel-linux-x86_64-debian-gcc, r-devel-linux-x86_64-fedora-clang, r-devel-linux-x86_64-fedora-gcc, r-patched-linux-x86_64, r-release-linux-x86_64