CRAN Package Check Results for Package gRain

Last updated on 2018-05-22 07:50:15 CEST.

Flavor Version Tinstall Tcheck Ttotal Status Flags
r-devel-linux-x86_64-debian-clang 1.3-0 41.11 93.00 134.11 NOTE
r-devel-linux-x86_64-debian-gcc 1.3-0 35.44 81.17 116.61 NOTE
r-devel-linux-x86_64-fedora-clang 1.3-0 187.67 NOTE
r-devel-linux-x86_64-fedora-gcc 1.3-0 183.29 NOTE
r-devel-windows-ix86+x86_64 1.3-0 90.00 150.00 240.00 OK
r-patched-linux-x86_64 1.3-0 39.81 90.41 130.22 NOTE
r-patched-solaris-x86 1.3-0 223.80 OK
r-release-linux-x86_64 1.3-0 38.43 90.08 128.51 NOTE
r-release-windows-ix86+x86_64 1.3-0 107.00 189.00 296.00 OK
r-release-osx-x86_64 1.3-0 OK
r-oldrel-windows-ix86+x86_64 1.3-0 102.00 182.00 284.00 OK
r-oldrel-osx-x86_64 1.3-0 OK

Check Details

Version: 1.3-0
Check: compiled code
Result: NOTE
    File ‘gRain/libs/gRain.so’:
     Found no calls to: ‘R_registerRoutines’, ‘R_useDynamicSymbols’
    
    It is good practice to register native routines and to disable symbol
    search.
    
    See ‘Writing portable packages’ in the ‘Writing R Extensions’ manual.
Flavors: r-devel-linux-x86_64-debian-clang, r-devel-linux-x86_64-debian-gcc, r-devel-linux-x86_64-fedora-clang, r-devel-linux-x86_64-fedora-gcc, r-patched-linux-x86_64, r-release-linux-x86_64