CRAN Package Check Results for Package gRbase

Last updated on 2018-05-21 15:46:44 CEST.

Flavor Version Tinstall Tcheck Ttotal Status Flags
r-devel-linux-x86_64-debian-clang 1.8-3 208.14 113.32 321.46 OK
r-devel-linux-x86_64-debian-gcc 1.8-3 181.18 99.98 281.16 WARN
r-devel-linux-x86_64-fedora-clang 1.8-3 474.53 NOTE
r-devel-linux-x86_64-fedora-gcc 1.8-3 446.75 WARN
r-devel-windows-ix86+x86_64 1.8-3 406.00 174.00 580.00 WARN
r-patched-linux-x86_64 1.8-3 216.41 116.06 332.47 WARN
r-patched-solaris-x86 1.8-3 436.70 OK
r-release-linux-x86_64 1.8-3 213.23 114.84 328.07 WARN
r-release-windows-ix86+x86_64 1.8-3 527.00 223.00 750.00 WARN
r-release-osx-x86_64 1.8-3 NOTE
r-oldrel-windows-ix86+x86_64 1.8-3 531.00 227.00 758.00 OK
r-oldrel-osx-x86_64 1.8-3 NOTE

Check Details

Version: 1.8-3
Check: whether package can be installed
Result: WARN
    Found the following significant warnings:
     _t_array_properties.cpp:10:13: warning: suggest parentheses around comparison in operand of ‘|’ [-Wparentheses]
Flavors: r-devel-linux-x86_64-debian-gcc, r-devel-linux-x86_64-fedora-gcc, r-devel-windows-ix86+x86_64, r-patched-linux-x86_64, r-release-linux-x86_64, r-release-windows-ix86+x86_64

Version: 1.8-3
Check: installed package size
Result: NOTE
     installed size is 13.9Mb
     sub-directories of 1Mb or more:
     libs 11.7Mb
Flavors: r-devel-linux-x86_64-fedora-clang, r-devel-linux-x86_64-fedora-gcc, r-release-osx-x86_64, r-oldrel-osx-x86_64

Version: 1.8-3
Check: Rd cross-references
Result: NOTE
    Package unavailable to check Rd xrefs: ‘gRain’
Flavor: r-oldrel-osx-x86_64