CRAN Package Check Results for Package gRbase

Last updated on 2018-08-21 12:50:30 CEST.

Flavor Version Tinstall Tcheck Ttotal Status Flags
r-devel-linux-x86_64-debian-clang 1.8-3.4 219.28 127.55 346.83 OK
r-devel-linux-x86_64-debian-gcc 1.8-3.4 193.39 103.42 296.81 OK
r-devel-linux-x86_64-fedora-clang 1.8-3.4 465.76 NOTE
r-devel-linux-x86_64-fedora-gcc 1.8-3.4 461.68 OK
r-devel-windows-ix86+x86_64 1.8-3.4 518.00 250.00 768.00 OK
r-patched-linux-x86_64 1.8-3.4 233.40 114.64 348.04 OK
r-patched-solaris-x86 1.8-3.4 430.30 OK
r-release-linux-x86_64 1.8-3.4 240.04 114.10 354.14 OK
r-release-windows-ix86+x86_64 1.8-3.4 547.00 171.00 718.00 OK
r-release-osx-x86_64 1.8-3.4 NOTE
r-oldrel-windows-ix86+x86_64 1.8-3.4 357.00 164.00 521.00 OK
r-oldrel-osx-x86_64 1.8-3.4 NOTE

Check Details

Version: 1.8-3.4
Check: installed package size
Result: NOTE
     installed size is 13.9Mb
     sub-directories of 1Mb or more:
     libs 11.9Mb
Flavors: r-devel-linux-x86_64-fedora-clang, r-release-osx-x86_64, r-oldrel-osx-x86_64