CRAN Package Check Results for Package gRbase

Last updated on 2019-02-17 21:47:35 CET.

Flavor Version Tinstall Tcheck Ttotal Status Flags
r-devel-linux-x86_64-debian-clang 1.8-3.4 212.62 126.12 338.74 NOTE
r-devel-linux-x86_64-debian-gcc 1.8-3.4 175.88 104.73 280.61 NOTE
r-devel-linux-x86_64-fedora-clang 1.8-3.4 522.84 NOTE
r-devel-linux-x86_64-fedora-gcc 1.8-3.4 460.16 NOTE
r-devel-windows-ix86+x86_64 1.8-3.4 527.00 184.00 711.00 NOTE
r-patched-linux-x86_64 1.8-3.4 213.21 114.69 327.90 OK
r-patched-solaris-x86 1.8-3.4 428.00 OK
r-release-linux-x86_64 1.8-3.4 OK
r-release-windows-ix86+x86_64 1.8-3.4 369.00 177.00 546.00 OK
r-release-osx-x86_64 1.8-3.4 NOTE
r-oldrel-windows-ix86+x86_64 1.8-3.4 544.00 193.00 737.00 OK
r-oldrel-osx-x86_64 1.8-3.4 NOTE

Check Details

Version: 1.8-3.4
Check: line endings in C/C++/Fortran sources/headers
Result: NOTE
    Found the following sources/headers with CR or CRLF line endings:
     inst/include/gRbase.h
     inst/include/gRbase_typedefs.h
    Some Unix compilers require LF line endings.
Flavors: r-devel-linux-x86_64-debian-clang, r-devel-linux-x86_64-debian-gcc, r-devel-linux-x86_64-fedora-clang, r-devel-linux-x86_64-fedora-gcc, r-devel-windows-ix86+x86_64

Version: 1.8-3.4
Check: installed package size
Result: NOTE
     installed size is 13.1Mb
     sub-directories of 1Mb or more:
     libs 11.1Mb
Flavors: r-devel-linux-x86_64-fedora-clang, r-release-osx-x86_64, r-oldrel-osx-x86_64