CRAN Package Check Results for Package gRbase

Last updated on 2018-11-17 13:47:29 CET.

Flavor Version Tinstall Tcheck Ttotal Status Flags
r-devel-linux-x86_64-debian-clang 1.8-3.4 214.66 118.14 332.80 OK
r-devel-linux-x86_64-debian-gcc 1.8-3.4 200.61 94.34 294.95 OK
r-devel-linux-x86_64-fedora-clang 1.8-3.4 507.95 NOTE
r-devel-linux-x86_64-fedora-gcc 1.8-3.4 458.68 OK
r-devel-windows-ix86+x86_64 1.8-3.4 522.00 228.00 750.00 OK
r-patched-linux-x86_64 1.8-3.4 244.47 115.31 359.78 OK
r-patched-solaris-x86 1.8-3.4 468.40 OK
r-release-linux-x86_64 1.8-3.4 239.41 115.55 354.96 OK
r-release-windows-ix86+x86_64 1.8-3.4 521.00 205.00 726.00 OK
r-release-osx-x86_64 1.8-3.4 NOTE
r-oldrel-windows-ix86+x86_64 1.8-3.4 558.00 235.00 793.00 OK
r-oldrel-osx-x86_64 1.8-3.4 NOTE

Check Details

Version: 1.8-3.4
Check: installed package size
Result: NOTE
     installed size is 14.3Mb
     sub-directories of 1Mb or more:
     libs 12.3Mb
Flavors: r-devel-linux-x86_64-fedora-clang, r-release-osx-x86_64, r-oldrel-osx-x86_64