CRAN Package Check Results for Package gWQS

Last updated on 2018-10-19 11:48:10 CEST.

Flavor Version Tinstall Tcheck Ttotal Status Flags
r-devel-linux-x86_64-debian-clang 1.1.0 3.21 69.14 72.35 NOTE
r-devel-linux-x86_64-debian-gcc 1.1.0 2.86 53.90 56.76 NOTE
r-devel-linux-x86_64-fedora-clang 1.1.0 85.92 NOTE
r-devel-linux-x86_64-fedora-gcc 1.1.0 82.30 NOTE
r-devel-windows-ix86+x86_64 1.1.0 14.00 107.00 121.00 OK
r-patched-linux-x86_64 1.1.0 2.74 65.00 67.74 NOTE
r-patched-solaris-x86 1.1.0 121.20 OK
r-release-linux-x86_64 1.1.0 3.39 64.74 68.13 NOTE
r-release-windows-ix86+x86_64 1.1.0 15.00 122.00 137.00 OK
r-release-osx-x86_64 1.1.0 OK
r-oldrel-windows-ix86+x86_64 1.1.0 9.00 132.00 141.00 OK
r-oldrel-osx-x86_64 1.1.0 OK

Check Details

Version: 1.1.0
Check: top-level files
Result: NOTE
    Non-standard files/directories found at top level:
     ‘Summary_results.html’ ‘Weights_table.html’
Flavors: r-devel-linux-x86_64-debian-clang, r-devel-linux-x86_64-debian-gcc, r-devel-linux-x86_64-fedora-clang, r-devel-linux-x86_64-fedora-gcc, r-patched-linux-x86_64, r-release-linux-x86_64