CRAN Package Check Results for Package gWQS

Last updated on 2018-08-15 18:47:58 CEST.

Flavor Version Tinstall Tcheck Ttotal Status Flags
r-devel-linux-x86_64-debian-clang 1.1.0 3.53 68.62 72.15 NOTE
r-devel-linux-x86_64-debian-gcc 1.1.0 3.34 54.16 57.50 NOTE
r-devel-linux-x86_64-fedora-clang 1.1.0 89.55 NOTE
r-devel-linux-x86_64-fedora-gcc 1.1.0 81.82 NOTE
r-devel-windows-ix86+x86_64 1.1.0 7.00 83.00 90.00 OK
r-patched-linux-x86_64 1.1.0 2.88 64.35 67.23 NOTE
r-patched-solaris-x86 1.1.0 122.90 OK
r-release-linux-x86_64 1.1.0 3.33 64.84 68.17 NOTE
r-release-windows-ix86+x86_64 1.1.0 9.00 92.00 101.00 OK
r-release-osx-x86_64 1.1.0 OK
r-oldrel-windows-ix86+x86_64 1.1.0 15.00 125.00 140.00 OK
r-oldrel-osx-x86_64 1.1.0 OK

Check Details

Version: 1.1.0
Check: top-level files
Result: NOTE
    Non-standard files/directories found at top level:
     ‘Summary_results.html’ ‘Weights_table.html’
Flavors: r-devel-linux-x86_64-debian-clang, r-devel-linux-x86_64-debian-gcc, r-devel-linux-x86_64-fedora-clang, r-devel-linux-x86_64-fedora-gcc, r-patched-linux-x86_64, r-release-linux-x86_64