CRAN Package Check Results for Package gWQS

Last updated on 2018-05-26 11:50:04 CEST.

Flavor Version Tinstall Tcheck Ttotal Status Flags
r-devel-linux-x86_64-debian-clang 1.1.0 2.18 59.75 61.93 NOTE
r-devel-linux-x86_64-debian-gcc 1.1.0 1.91 45.51 47.42 NOTE
r-devel-linux-x86_64-fedora-clang 1.1.0 74.58 NOTE
r-devel-linux-x86_64-fedora-gcc 1.1.0 75.06 NOTE
r-devel-windows-ix86+x86_64 1.1.0 5.00 67.00 72.00 OK
r-patched-linux-x86_64 1.1.0 2.55 55.88 58.43 NOTE
r-patched-solaris-x86 1.1.0 96.40 OK
r-release-linux-x86_64 1.1.0 2.36 56.25 58.61 NOTE
r-release-windows-ix86+x86_64 1.1.0 7.00 99.00 106.00 OK
r-release-osx-x86_64 1.1.0 OK
r-oldrel-windows-ix86+x86_64 1.1.0 8.00 71.00 79.00 OK
r-oldrel-osx-x86_64 1.0.0 OK

Check Details

Version: 1.1.0
Check: top-level files
Result: NOTE
    Non-standard files/directories found at top level:
     ‘Summary_results.html’ ‘Weights_table.html’
Flavors: r-devel-linux-x86_64-debian-clang, r-devel-linux-x86_64-debian-gcc, r-devel-linux-x86_64-fedora-clang, r-devel-linux-x86_64-fedora-gcc, r-patched-linux-x86_64, r-release-linux-x86_64