CRAN Package Check Results for Package gWQS

Last updated on 2019-01-24 06:47:10 CET.

Flavor Version Tinstall Tcheck Ttotal Status Flags
r-devel-linux-x86_64-debian-clang 1.1.0 3.40 69.90 73.30 NOTE
r-devel-linux-x86_64-debian-gcc 1.1.0 2.84 53.21 56.05 NOTE
r-devel-linux-x86_64-fedora-clang 1.1.0 85.52 NOTE
r-devel-linux-x86_64-fedora-gcc 1.1.0 79.10 NOTE
r-devel-windows-ix86+x86_64 1.1.0 18.00 129.00 147.00 OK
r-patched-linux-x86_64 1.1.0 3.82 66.06 69.88 NOTE
r-patched-solaris-x86 1.1.0 126.70 OK
r-release-linux-x86_64 1.1.0 3.00 66.61 69.61 NOTE
r-release-windows-ix86+x86_64 1.1.0 9.00 90.00 99.00 OK
r-release-osx-x86_64 1.1.0 OK
r-oldrel-windows-ix86+x86_64 1.1.0 15.00 90.00 105.00 OK
r-oldrel-osx-x86_64 1.1.0 OK

Check Details

Version: 1.1.0
Check: top-level files
Result: NOTE
    Non-standard files/directories found at top level:
     ‘Summary_results.html’ ‘Weights_table.html’
Flavors: r-devel-linux-x86_64-debian-clang, r-devel-linux-x86_64-debian-gcc, r-devel-linux-x86_64-fedora-clang, r-devel-linux-x86_64-fedora-gcc, r-patched-linux-x86_64, r-release-linux-x86_64