CRAN Package Check Results for Package gWidgetsRGtk2

Last updated on 2019-12-07 08:49:28 CET.

Flavor Version Tinstall Tcheck Ttotal Status Flags
r-devel-linux-x86_64-debian-clang 0.0-86 39.73 89.53 129.26 NOTE
r-devel-linux-x86_64-debian-gcc 0.0-86 37.10 69.84 106.94 NOTE
r-devel-linux-x86_64-fedora-clang 0.0-86 152.14 NOTE
r-devel-linux-x86_64-fedora-gcc 0.0-86 161.29 NOTE
r-devel-windows-ix86+x86_64 0.0-86 99.00 7.00 106.00 ERROR
r-devel-windows-ix86+x86_64-gcc8 0.0-86 99.00 5.00 104.00 ERROR
r-patched-linux-x86_64 0.0-86 37.27 80.45 117.72 NOTE
r-patched-solaris-x86 0.0-86 206.10 NOTE
r-release-linux-x86_64 0.0-86 34.22 81.01 115.23 NOTE
r-release-windows-ix86+x86_64 0.0-86 68.00 81.00 149.00 OK
r-release-osx-x86_64 0.0-86 NOTE
r-oldrel-windows-ix86+x86_64 0.0-86 41.00 111.00 152.00 OK
r-oldrel-osx-x86_64 0.0-86 NOTE

Check Details

Version: 0.0-86
Check: package dependencies
Result: NOTE
    Package which this enhances but not available for checking: 'RGtk2Extras'
Flavors: r-devel-linux-x86_64-debian-clang, r-devel-linux-x86_64-debian-gcc, r-devel-linux-x86_64-fedora-clang, r-devel-linux-x86_64-fedora-gcc, r-devel-windows-ix86+x86_64-gcc8, r-patched-linux-x86_64, r-patched-solaris-x86, r-release-linux-x86_64, r-release-osx-x86_64, r-oldrel-osx-x86_64

Version: 0.0-86
Check: whether package can be installed
Result: ERROR
    Installation failed.
Flavors: r-devel-windows-ix86+x86_64, r-devel-windows-ix86+x86_64-gcc8