CRAN Package Check Results for Package gaiah

Last updated on 2018-05-25 10:48:22 CEST.

Flavor Version Tinstall Tcheck Ttotal Status Flags
r-devel-linux-x86_64-debian-clang 0.0.2 1.59 25.96 27.55 OK
r-devel-linux-x86_64-debian-gcc 0.0.2 1.29 23.15 24.44 OK
r-devel-linux-x86_64-fedora-clang 0.0.2 37.17 NOTE
r-devel-linux-x86_64-fedora-gcc 0.0.2 37.81 NOTE
r-devel-windows-ix86+x86_64 0.0.2 4.00 46.00 50.00 OK
r-patched-linux-x86_64 0.0.2 2.01 26.91 28.92 OK
r-patched-solaris-x86 0.0.2 50.20 NOTE
r-release-linux-x86_64 0.0.2 1.78 26.30 28.08 OK
r-release-windows-ix86+x86_64 0.0.2 6.00 55.00 61.00 OK
r-release-osx-x86_64 0.0.2 NOTE
r-oldrel-windows-ix86+x86_64 0.0.2 6.00 38.00 44.00 OK
r-oldrel-osx-x86_64 0.0.2 NOTE

Check Details

Version: 0.0.2
Check: dependencies in R code
Result: NOTE
    Namespaces in Imports field not imported from:
     ‘ggplot2’ ‘maptools’ ‘rgeos’ ‘stringr’ ‘tidyr’
     All declared Imports should be used.
Flavors: r-devel-linux-x86_64-fedora-clang, r-devel-linux-x86_64-fedora-gcc, r-patched-solaris-x86, r-release-osx-x86_64, r-oldrel-osx-x86_64