CRAN Package Check Results for Package gaiah

Last updated on 2018-08-16 22:50:30 CEST.

Flavor Version Tinstall Tcheck Ttotal Status Flags
r-devel-linux-x86_64-debian-clang 0.0.2 2.12 30.23 32.35 OK
r-devel-linux-x86_64-debian-gcc 0.0.2 1.68 24.04 25.72 OK
r-devel-linux-x86_64-fedora-clang 0.0.2 38.35 NOTE
r-devel-linux-x86_64-fedora-gcc 0.0.2 35.57 NOTE
r-devel-windows-ix86+x86_64 0.0.2 7.00 56.00 63.00 OK
r-patched-linux-x86_64 0.0.2 1.72 26.63 28.35 OK
r-patched-solaris-x86 0.0.2 54.70 NOTE
r-release-linux-x86_64 0.0.2 1.54 26.70 28.24 OK
r-release-windows-ix86+x86_64 0.0.2 6.00 51.00 57.00 OK
r-release-osx-x86_64 0.0.2 NOTE
r-oldrel-windows-ix86+x86_64 0.0.2 7.00 38.00 45.00 OK
r-oldrel-osx-x86_64 0.0.2 NOTE

Check Details

Version: 0.0.2
Check: dependencies in R code
Result: NOTE
    Namespaces in Imports field not imported from:
     ‘ggplot2’ ‘maptools’ ‘rgeos’ ‘stringr’ ‘tidyr’
     All declared Imports should be used.
Flavors: r-devel-linux-x86_64-fedora-clang, r-devel-linux-x86_64-fedora-gcc, r-patched-solaris-x86, r-release-osx-x86_64, r-oldrel-osx-x86_64