CRAN Package Check Results for Package gaiah

Last updated on 2019-01-24 06:47:08 CET.

Flavor Version Tinstall Tcheck Ttotal Status Flags
r-devel-linux-x86_64-debian-clang 0.0.2 1.62 30.80 32.42 OK
r-devel-linux-x86_64-debian-gcc 0.0.2 1.61 24.16 25.77 OK
r-devel-linux-x86_64-fedora-clang 0.0.2 38.29 NOTE
r-devel-linux-x86_64-fedora-gcc 0.0.2 35.67 NOTE
r-devel-windows-ix86+x86_64 0.0.2 6.00 63.00 69.00 OK
r-patched-linux-x86_64 0.0.2 1.91 28.26 30.17 OK
r-patched-solaris-x86 0.0.2 56.00 NOTE
r-release-linux-x86_64 0.0.2 1.42 28.66 30.08 OK
r-release-windows-ix86+x86_64 0.0.2 5.00 55.00 60.00 OK
r-release-osx-x86_64 0.0.2 NOTE
r-oldrel-windows-ix86+x86_64 0.0.2 6.00 41.00 47.00 OK
r-oldrel-osx-x86_64 0.0.2 NOTE

Check Details

Version: 0.0.2
Check: dependencies in R code
Result: NOTE
    Namespaces in Imports field not imported from:
     ‘ggplot2’ ‘maptools’ ‘rgeos’ ‘stringr’ ‘tidyr’
     All declared Imports should be used.
Flavors: r-devel-linux-x86_64-fedora-clang, r-devel-linux-x86_64-fedora-gcc, r-patched-solaris-x86, r-release-osx-x86_64, r-oldrel-osx-x86_64