CRAN Package Check Results for Package gaiah

Last updated on 2018-10-19 06:47:52 CEST.

Flavor Version Tinstall Tcheck Ttotal Status Flags
r-devel-linux-x86_64-debian-clang 0.0.2 1.98 32.10 34.08 OK
r-devel-linux-x86_64-debian-gcc 0.0.2 1.73 25.45 27.18 OK
r-devel-linux-x86_64-fedora-clang 0.0.2 40.02 NOTE
r-devel-linux-x86_64-fedora-gcc 0.0.2 38.00 NOTE
r-devel-windows-ix86+x86_64 0.0.2 5.00 56.00 61.00 OK
r-patched-linux-x86_64 0.0.2 1.72 28.51 30.23 OK
r-patched-solaris-x86 0.0.2 55.90 NOTE
r-release-linux-x86_64 0.0.2 1.56 28.42 29.98 OK
r-release-windows-ix86+x86_64 0.0.2 7.00 58.00 65.00 OK
r-release-osx-x86_64 0.0.2 NOTE
r-oldrel-windows-ix86+x86_64 0.0.2 4.00 54.00 58.00 OK
r-oldrel-osx-x86_64 0.0.2 NOTE

Check Details

Version: 0.0.2
Check: dependencies in R code
Result: NOTE
    Namespaces in Imports field not imported from:
     ‘ggplot2’ ‘maptools’ ‘rgeos’ ‘stringr’ ‘tidyr’
     All declared Imports should be used.
Flavors: r-devel-linux-x86_64-fedora-clang, r-devel-linux-x86_64-fedora-gcc, r-patched-solaris-x86, r-release-osx-x86_64, r-oldrel-osx-x86_64