Last updated on 2022-06-25 17:51:29 CEST.
Flavor | Version | Tinstall | Tcheck | Ttotal | Status | Flags |
---|---|---|---|---|---|---|
r-devel-linux-x86_64-debian-clang | 0.2.5 | 7.46 | 68.45 | 75.91 | OK | |
r-devel-linux-x86_64-debian-gcc | 0.2.5 | 6.11 | 51.11 | 57.22 | OK | |
r-devel-linux-x86_64-fedora-clang | 0.2.5 | 97.42 | NOTE | |||
r-devel-linux-x86_64-fedora-gcc | 0.2.5 | 97.66 | NOTE | |||
r-devel-windows-x86_64 | 0.2.5 | 13.00 | 89.00 | 102.00 | OK | |
r-patched-linux-x86_64 | 0.2.5 | 4.77 | 63.93 | 68.70 | OK | |
r-release-linux-x86_64 | 0.2.5 | 4.50 | 62.55 | 67.05 | OK | |
r-release-macos-arm64 | 0.2.5 | 29.00 | NOTE | |||
r-release-macos-x86_64 | 0.2.5 | 47.00 | NOTE | |||
r-release-windows-x86_64 | 0.2.5 | 13.00 | 89.00 | 102.00 | OK | |
r-oldrel-macos-arm64 | 0.2.5 | 43.00 | NOTE | |||
r-oldrel-macos-x86_64 | 0.2.5 | 39.00 | NOTE | |||
r-oldrel-windows-ix86+x86_64 | 0.2.5 | 19.00 | 87.00 | 106.00 | OK |
Version: 0.2.5
Check: dependencies in R code
Result: NOTE
Namespaces in Imports field not imported from:
‘gargle’ ‘getProxy’ ‘rappsflyer’ ‘rfacebookstat’ ‘rgoogleads’
‘rmytarget’ ‘rvkstat’ ‘ryandexdirect’ ‘rym’ ‘tidyr’
All declared Imports should be used.
Flavors: r-devel-linux-x86_64-fedora-clang, r-devel-linux-x86_64-fedora-gcc, r-release-macos-arm64, r-release-macos-x86_64, r-oldrel-macos-arm64, r-oldrel-macos-x86_64