CRAN Package Check Results for Package gama

Last updated on 2021-05-10 18:50:37 CEST.

Flavor Version Tinstall Tcheck Ttotal Status Flags
r-devel-linux-x86_64-debian-clang 1.0.3 2.67 2.67 ERROR
r-devel-linux-x86_64-debian-gcc 1.0.3 2.07 2.07 ERROR
r-devel-linux-x86_64-fedora-clang 1.0.3 11.80 ERROR
r-devel-linux-x86_64-fedora-gcc 1.0.3 2.58 ERROR
r-devel-windows-ix86+x86_64 1.0.3 6.00 276.00 282.00 OK
r-devel-windows-x86_64-gcc10-UCRT 1.0.3 ERROR
r-patched-linux-x86_64 1.0.3 2.59 2.59 ERROR
r-patched-solaris-x86 1.0.3 5.10 ERROR
r-release-linux-x86_64 1.0.3 2.97 2.97 ERROR
r-release-macos-x86_64 1.0.3 OK
r-release-windows-ix86+x86_64 1.0.3 7.00 191.00 198.00 OK
r-oldrel-macos-x86_64 1.0.3 OK
r-oldrel-windows-ix86+x86_64 1.0.3 5.00 233.00 238.00 OK

Check Details

Version: 1.0.3
Check: package dependencies
Result: ERROR
    Package required but not available: 'ArgumentCheck'
    
    See section 'The DESCRIPTION file' in the 'Writing R Extensions'
    manual.
Flavors: r-devel-linux-x86_64-debian-clang, r-devel-linux-x86_64-debian-gcc, r-devel-linux-x86_64-fedora-clang, r-devel-linux-x86_64-fedora-gcc, r-devel-windows-x86_64-gcc10-UCRT, r-patched-linux-x86_64, r-patched-solaris-x86, r-release-linux-x86_64