CRAN Package Check Results for Package gamclass

Last updated on 2018-01-17 08:48:50 CET.

Flavor Version Tinstall Tcheck Ttotal Status Flags
r-devel-linux-x86_64-debian-clang 0.56 6.90 219.12 226.02 OK
r-devel-linux-x86_64-debian-gcc 0.56 8.07 171.92 179.99 OK
r-devel-linux-x86_64-fedora-clang 0.56 263.74 NOTE
r-devel-linux-x86_64-fedora-gcc 0.56 278.04 NOTE
r-devel-windows-ix86+x86_64 0.56 16.00 231.00 247.00 OK
r-patched-linux-x86_64 0.56 9.42 234.35 243.77 OK
r-patched-solaris-x86 0.56 453.40 OK
r-release-linux-x86_64 0.56 9.18 236.24 245.42 OK
r-release-windows-ix86+x86_64 0.56 17.00 238.00 255.00 OK
r-release-osx-x86_64 0.56 NOTE
r-oldrel-windows-ix86+x86_64 0.56 22.00 293.00 315.00 OK
r-oldrel-osx-x86_64 0.56 OK

Check Details

Version: 0.56
Check: package dependencies
Result: NOTE
    Package suggested but not available for checking: ‘DAAGbio’
Flavors: r-devel-linux-x86_64-fedora-clang, r-devel-linux-x86_64-fedora-gcc, r-release-osx-x86_64