CRAN Package Check Results for Package gamlss.demo

Last updated on 2019-09-19 13:46:10 CEST.

Flavor Version Tinstall Tcheck Ttotal Status Flags
r-devel-linux-x86_64-debian-clang 4.3-3 11.54 71.49 83.03 OK
r-devel-linux-x86_64-debian-gcc 4.3-3 9.82 57.91 67.73 OK
r-devel-linux-x86_64-fedora-clang 4.3-3 102.02 OK
r-devel-linux-x86_64-fedora-gcc 4.3-3 101.74 OK
r-devel-windows-ix86+x86_64 4.3-3 29.00 76.00 105.00 OK
r-patched-linux-x86_64 4.3-3 10.97 72.29 83.26 OK
r-patched-solaris-x86 4.3-3 151.00 OK
r-release-linux-x86_64 4.3-3 11.79 72.14 83.93 OK
r-release-windows-ix86+x86_64 4.3-3 19.00 133.00 152.00 OK
r-release-osx-x86_64 4.3-3 ERROR
r-oldrel-windows-ix86+x86_64 4.3-3 13.00 77.00 90.00 OK
r-oldrel-osx-x86_64 4.3-3 ERROR

Check Details

Version: 4.3-3
Check: package dependencies
Result: ERROR
    Package required but not available: ‘rpanel’
    
    See section ‘The DESCRIPTION file’ in the ‘Writing R Extensions’
    manual.
Flavors: r-release-osx-x86_64, r-oldrel-osx-x86_64