CRAN Package Check Results for Package gamreg

Last updated on 2024-02-26 03:59:09 CET.

Flavor Version Tinstall Tcheck Ttotal Status Flags
r-devel-linux-x86_64-debian-clang 0.3 47.78 81.00 128.78 NOTE
r-devel-linux-x86_64-debian-gcc 0.3 39.56 70.72 110.28 NOTE
r-devel-linux-x86_64-fedora-clang 0.3 184.54 NOTE
r-devel-linux-x86_64-fedora-gcc 0.3 182.53 NOTE
r-devel-windows-x86_64 0.3 38.00 96.00 134.00 NOTE
r-patched-linux-x86_64 0.3 39.02 90.83 129.85 NOTE
r-release-linux-x86_64 0.3 40.63 90.90 131.53 NOTE
r-release-macos-arm64 0.3 54.00 NOTE
r-release-macos-x86_64 0.3 85.00 NOTE
r-release-windows-x86_64 0.3 49.00 124.00 173.00 NOTE
r-oldrel-macos-arm64 0.3 50.00 NOTE
r-oldrel-windows-x86_64 0.3 48.00 120.00 168.00 NOTE

Check Details

Version: 0.3
Check: LazyData
Result: NOTE 'LazyData' is specified without a 'data' directory Flavors: r-devel-linux-x86_64-debian-clang, r-devel-linux-x86_64-debian-gcc, r-devel-linux-x86_64-fedora-clang, r-devel-linux-x86_64-fedora-gcc, r-devel-windows-x86_64, r-patched-linux-x86_64, r-release-linux-x86_64, r-release-macos-arm64, r-release-macos-x86_64, r-release-windows-x86_64, r-oldrel-macos-arm64, r-oldrel-windows-x86_64