CRAN Package Check Results for Package gapfill

Last updated on 2018-01-24 04:48:08 CET.

Flavor Version Tinstall Tcheck Ttotal Status Flags
r-devel-linux-x86_64-debian-clang 0.9.5-3 15.53 99.55 115.08 OK
r-devel-linux-x86_64-debian-gcc 0.9.5-3 11.10 77.62 88.72 OK
r-devel-linux-x86_64-fedora-clang 0.9.5-3 152.15 OK
r-devel-linux-x86_64-fedora-gcc 0.9.5-3 141.68 OK
r-devel-windows-ix86+x86_64 0.9.5-3 48.00 227.00 275.00 OK
r-patched-linux-x86_64 0.9.5-3 13.54 102.60 116.14 OK
r-patched-solaris-x86 0.9.5-3 202.20 OK
r-release-linux-x86_64 0.9.5-3 15.58 103.92 119.50 OK
r-release-windows-ix86+x86_64 0.9.5-3 35.00 213.00 248.00 OK
r-release-osx-x86_64 0.9.5-3 NOTE
r-oldrel-windows-ix86+x86_64 0.9.5-3 44.00 159.00 203.00 OK
r-oldrel-osx-x86_64 0.9.5-3 NOTE

Check Details

Version: 0.9.5-3
Check: package dependencies
Result: NOTE
    Package which this enhances but not available for checking: ‘doMPI’
Flavors: r-release-osx-x86_64, r-oldrel-osx-x86_64