Last updated on 2023-12-09 19:54:10 CET.
Flavor | Version | Tinstall | Tcheck | Ttotal | Status | Flags |
---|---|---|---|---|---|---|
r-devel-linux-x86_64-debian-clang | 0.9.6-1 | 32.80 | 160.24 | 193.04 | NOTE | |
r-devel-linux-x86_64-debian-gcc | 0.9.6-1 | 20.11 | 116.21 | 136.32 | NOTE | |
r-devel-linux-x86_64-fedora-clang | 0.9.6-1 | 250.76 | OK | |||
r-devel-linux-x86_64-fedora-gcc | 0.9.6-1 | 225.70 | OK | |||
r-devel-windows-x86_64 | 0.9.6-1 | 27.00 | 138.00 | 165.00 | OK | |
r-patched-linux-x86_64 | 0.9.6-1 | 27.18 | 149.41 | 176.59 | OK | |
r-release-linux-x86_64 | 0.9.6-1 | 27.99 | 148.01 | 176.00 | OK | |
r-release-macos-arm64 | 0.9.6-1 | 70.00 | NOTE | |||
r-release-macos-x86_64 | 0.9.6-1 | 112.00 | NOTE | |||
r-release-windows-x86_64 | 0.9.6-1 | 35.00 | 177.00 | 212.00 | OK | |
r-oldrel-macos-arm64 | 0.9.6-1 | 69.00 | NOTE | |||
r-oldrel-macos-x86_64 | 0.9.6-1 | 130.00 | NOTE | |||
r-oldrel-windows-x86_64 | 0.9.6-1 | 34.00 | 168.00 | 202.00 | OK |
Version: 0.9.6-1
Check: Rd files
Result: NOTE
checkRd: (-1) Gapfill.Rd:66-68: Lost braces in \itemize; \value handles \item{}{} directly
checkRd: (-1) Gapfill.Rd:69-70: Lost braces in \itemize; \value handles \item{}{} directly
checkRd: (-1) Gapfill.Rd:71-77: Lost braces in \itemize; \value handles \item{}{} directly
checkRd: (-1) Gapfill.Rd:72: Lost braces in \itemize; \value handles \item{}{} directly
checkRd: (-1) Gapfill.Rd:73: Lost braces in \itemize; \value handles \item{}{} directly
checkRd: (-1) Gapfill.Rd:74: Lost braces in \itemize; \value handles \item{}{} directly
checkRd: (-1) Gapfill.Rd:75: Lost braces in \itemize; \value handles \item{}{} directly
checkRd: (-1) Gapfill.Rd:78: Lost braces in \itemize; \value handles \item{}{} directly
checkRd: (-1) ndvi.Rd:10: Lost braces in \itemize; meant \describe ?
checkRd: (-1) ndvi.Rd:11: Lost braces in \itemize; meant \describe ?
checkRd: (-1) ndvi.Rd:12: Lost braces in \itemize; meant \describe ?
checkRd: (-1) ndvi.Rd:13: Lost braces in \itemize; meant \describe ?
Flavors: r-devel-linux-x86_64-debian-clang, r-devel-linux-x86_64-debian-gcc
Version: 0.9.6-1
Check: package dependencies
Result: NOTE
Package which this enhances but not available for checking: ‘doMPI’
Flavors: r-release-macos-arm64, r-release-macos-x86_64, r-oldrel-macos-arm64, r-oldrel-macos-x86_64