CRAN Package Check Results for Package gapfill

Last updated on 2018-04-26 12:46:52 CEST.

Flavor Version Tinstall Tcheck Ttotal Status Flags
r-devel-linux-x86_64-debian-clang 0.9.6 15.75 88.55 104.30 OK
r-devel-linux-x86_64-debian-gcc 0.9.6 14.76 80.10 94.86 OK
r-devel-linux-x86_64-fedora-clang 0.9.6 148.04 OK
r-devel-linux-x86_64-fedora-gcc 0.9.6 140.57 OK
r-devel-windows-ix86+x86_64 0.9.6 50.00 161.00 211.00 OK
r-patched-linux-x86_64 0.9.6 17.26 99.12 116.38 OK
r-patched-solaris-x86 0.9.6 202.20 OK
r-release-linux-x86_64 0.9.6 19.30 99.52 118.82 OK
r-release-windows-ix86+x86_64 0.9.6 50.00 161.00 211.00 OK
r-release-osx-x86_64 0.9.6 NOTE
r-oldrel-windows-ix86+x86_64 0.9.6 32.00 245.00 277.00 OK
r-oldrel-osx-x86_64 0.9.6 NOTE

Check Details

Version: 0.9.6
Check: package dependencies
Result: NOTE
    Package which this enhances but not available for checking: ‘doMPI’
Flavors: r-release-osx-x86_64, r-oldrel-osx-x86_64