CRAN Package Check Results for Package gapfill

Last updated on 2022-12-06 19:55:45 CET.

Flavor Version Tinstall Tcheck Ttotal Status Flags
r-devel-linux-x86_64-debian-clang 0.9.6-1 31.15 161.82 192.97 OK
r-devel-linux-x86_64-debian-gcc 0.9.6-1 24.02 117.97 141.99 OK
r-devel-linux-x86_64-fedora-clang 0.9.6-1 269.66 OK
r-devel-linux-x86_64-fedora-gcc 0.9.6-1 237.73 OK
r-devel-windows-x86_64 0.9.6-1 32.00 192.00 224.00 OK
r-patched-linux-x86_64 0.9.6-1 28.73 148.18 176.91 OK
r-release-linux-x86_64 0.9.6-1 29.65 150.63 180.28 OK
r-release-macos-arm64 0.9.6-1 69.00 NOTE
r-release-macos-x86_64 0.9.6-1 130.00 NOTE
r-release-windows-x86_64 0.9.6-1 41.00 195.00 236.00 OK
r-oldrel-macos-arm64 0.9.6-1 71.00 NOTE
r-oldrel-macos-x86_64 0.9.6-1 91.00 NOTE
r-oldrel-windows-ix86+x86_64 0.9.6-1 72.00 250.00 322.00 OK

Check Details

Version: 0.9.6-1
Check: package dependencies
Result: NOTE
    Package which this enhances but not available for checking: ‘doMPI’
Flavors: r-release-macos-arm64, r-release-macos-x86_64, r-oldrel-macos-arm64, r-oldrel-macos-x86_64