CRAN Package Check Results for Package gapfill

Last updated on 2018-10-20 01:46:26 CEST.

Flavor Version Tinstall Tcheck Ttotal Status Flags
r-devel-linux-x86_64-debian-clang 0.9.6 19.86 125.52 145.38 OK
r-devel-linux-x86_64-debian-gcc 0.9.6 16.81 102.16 118.97 OK
r-devel-linux-x86_64-fedora-clang 0.9.6 175.30 OK
r-devel-linux-x86_64-fedora-gcc 0.9.6 167.27 OK
r-devel-windows-ix86+x86_64 0.9.6 58.00 254.00 312.00 OK
r-patched-linux-x86_64 0.9.6 18.33 102.74 121.07 OK
r-patched-solaris-x86 0.9.6 197.60 OK
r-release-linux-x86_64 0.9.6 18.18 102.47 120.65 OK
r-release-windows-ix86+x86_64 0.9.6 61.00 170.00 231.00 OK
r-release-osx-x86_64 0.9.6 NOTE
r-oldrel-windows-ix86+x86_64 0.9.6 36.00 232.00 268.00 OK
r-oldrel-osx-x86_64 0.9.6 NOTE

Check Details

Version: 0.9.6
Check: package dependencies
Result: NOTE
    Package which this enhances but not available for checking: ‘doMPI’
Flavors: r-release-osx-x86_64, r-oldrel-osx-x86_64