CRAN Package Check Results for Package gapfill

Last updated on 2018-07-20 22:50:19 CEST.

Flavor Version Tinstall Tcheck Ttotal Status Flags
r-devel-linux-x86_64-debian-clang 0.9.6 20.13 124.29 144.42 OK
r-devel-linux-x86_64-debian-gcc 0.9.6 16.22 96.82 113.04 OK
r-devel-linux-x86_64-fedora-clang 0.9.6 170.24 OK
r-devel-linux-x86_64-fedora-gcc 0.9.6 161.70 OK
r-devel-windows-ix86+x86_64 0.9.6 44.00 228.00 272.00 OK
r-patched-linux-x86_64 0.9.6 18.73 104.17 122.90 OK
r-patched-solaris-x86 0.9.6 199.50 OK
r-release-linux-x86_64 0.9.6 17.15 103.92 121.07 OK
r-release-windows-ix86+x86_64 0.9.6 49.00 243.00 292.00 OK
r-release-osx-x86_64 0.9.6 NOTE
r-oldrel-windows-ix86+x86_64 0.9.6 51.00 184.00 235.00 OK
r-oldrel-osx-x86_64 0.9.6 NOTE

Check Details

Version: 0.9.6
Check: package dependencies
Result: NOTE
    Package which this enhances but not available for checking: ‘doMPI’
Flavors: r-release-osx-x86_64, r-oldrel-osx-x86_64