CRAN Package Check Results for Package garma

Last updated on 2021-04-16 23:48:04 CEST.

Flavor Version Tinstall Tcheck Ttotal Status Flags
r-devel-linux-x86_64-debian-clang 0.9.7 9.96 163.77 173.73 NOTE
r-devel-linux-x86_64-debian-gcc 0.9.7 9.51 119.59 129.10 NOTE
r-devel-linux-x86_64-fedora-clang 0.9.7 221.38 NOTE
r-devel-linux-x86_64-fedora-gcc 0.9.7 209.75 NOTE
r-devel-windows-ix86+x86_64 0.9.7 27.00 189.00 216.00 NOTE
r-devel-windows-x86_64-gcc10-UCRT 0.9.7 NOTE
r-patched-linux-x86_64 0.9.7 9.67 155.90 165.57 OK
r-patched-solaris-x86 0.9.7 271.30 OK
r-release-linux-x86_64 0.9.7 8.08 154.83 162.91 OK
r-release-macos-x86_64 0.9.7 OK
r-release-windows-ix86+x86_64 0.9.7 27.00 200.00 227.00 OK
r-oldrel-macos-x86_64 0.9.7 OK
r-oldrel-windows-ix86+x86_64 0.9.7 15.00 192.00 207.00 OK

Check Details

Version: 0.9.7
Check: LazyData
Result: NOTE
     'LazyData' is specified without a 'data' directory
Flavors: r-devel-linux-x86_64-debian-clang, r-devel-linux-x86_64-debian-gcc, r-devel-linux-x86_64-fedora-clang, r-devel-linux-x86_64-fedora-gcc, r-devel-windows-ix86+x86_64, r-devel-windows-x86_64-gcc10-UCRT