CRAN Package Check Results for Package gaselect

Last updated on 2025-01-24 03:49:51 CET.

Flavor Version Tinstall Tcheck Ttotal Status Flags
r-devel-linux-x86_64-debian-clang 1.0.22 107.23 46.11 153.34 NOTE
r-devel-linux-x86_64-debian-gcc 1.0.22 73.55 36.38 109.93 NOTE
r-devel-linux-x86_64-fedora-clang 1.0.22 314.10 NOTE
r-devel-linux-x86_64-fedora-gcc 1.0.22 309.43 NOTE
r-devel-windows-x86_64 1.0.22 111.00 98.00 209.00 OK
r-patched-linux-x86_64 1.0.22 102.05 46.12 148.17 OK
r-release-linux-x86_64 1.0.22 99.99 45.75 145.74 OK
r-release-macos-arm64 1.0.22 74.00 OK
r-release-macos-x86_64 1.0.22 104.00 OK
r-release-windows-x86_64 1.0.22 108.00 90.00 198.00 OK
r-oldrel-macos-arm64 1.0.22 84.00 OK
r-oldrel-macos-x86_64 1.0.22 127.00 OK
r-oldrel-windows-x86_64 1.0.22 132.00 106.00 238.00 OK

Check Details

Version: 1.0.22
Check: top-level files
Result: NOTE possible bashism in configure.ac line 38 (should be 'b = a'): if test "$ac_cv_header_stdint_h" == yes; then possible bashism in configure.ac line 52 (should be 'b = a'): if test "$ac_cv_header_inttypes_h" == yes; then Flavors: r-devel-linux-x86_64-debian-clang, r-devel-linux-x86_64-debian-gcc, r-devel-linux-x86_64-fedora-clang, r-devel-linux-x86_64-fedora-gcc