CRAN Package Check Results for Package gastempt

Last updated on 2018-11-17 06:46:41 CET.

Flavor Version Tinstall Tcheck Ttotal Status Flags
r-devel-linux-x86_64-debian-clang 0.4.3 673.54 120.23 793.77 NOTE
r-devel-linux-x86_64-debian-gcc 0.4.3 652.64 117.37 770.01 NOTE
r-devel-linux-x86_64-fedora-clang 0.4.3 1040.52 NOTE
r-devel-linux-x86_64-fedora-gcc 0.4.3 1142.09 NOTE
r-devel-windows-ix86+x86_64 0.4.3 1482.00 292.00 1774.00 NOTE
r-patched-linux-x86_64 0.4.3 751.03 145.67 896.70 NOTE
r-patched-solaris-x86 0.4.3 891.50 NOTE
r-release-linux-x86_64 0.4.3 734.14 143.37 877.51 NOTE
r-release-windows-ix86+x86_64 0.4.3 1293.00 309.00 1602.00 NOTE
r-release-osx-x86_64 0.4.3 NOTE
r-oldrel-windows-ix86+x86_64 0.4.3 1531.00 230.00 1761.00 NOTE
r-oldrel-osx-x86_64 0.4.3 NOTE

Check Details

Version: 0.4.3
Check: for GNU extensions in Makefiles
Result: NOTE
    GNU make is a SystemRequirements.
Flavors: r-devel-linux-x86_64-debian-clang, r-devel-linux-x86_64-debian-gcc, r-devel-linux-x86_64-fedora-clang, r-devel-linux-x86_64-fedora-gcc, r-devel-windows-ix86+x86_64, r-patched-linux-x86_64, r-patched-solaris-x86, r-release-linux-x86_64, r-release-windows-ix86+x86_64, r-release-osx-x86_64, r-oldrel-windows-ix86+x86_64, r-oldrel-osx-x86_64

Version: 0.4.3
Check: installed package size
Result: NOTE
     installed size is 118.2Mb
     sub-directories of 1Mb or more:
     libs 117.8Mb
Flavors: r-devel-linux-x86_64-fedora-clang, r-devel-windows-ix86+x86_64, r-patched-solaris-x86, r-release-windows-ix86+x86_64, r-release-osx-x86_64, r-oldrel-windows-ix86+x86_64, r-oldrel-osx-x86_64

Version: 0.4.3
Check: dependencies in R code
Result: NOTE
    Namespaces in Imports field not imported from:
     ‘methods’ ‘rstantools’
     All declared Imports should be used.
Flavors: r-devel-linux-x86_64-fedora-clang, r-devel-linux-x86_64-fedora-gcc, r-patched-solaris-x86, r-release-osx-x86_64, r-oldrel-osx-x86_64