CRAN Package Check Results for Package gastempt

Last updated on 2018-02-25 01:50:42 CET.

Flavor Version Tinstall Tcheck Ttotal Status Flags
r-devel-linux-x86_64-debian-clang 0.4.01 246.46 118.10 364.56 OK
r-devel-linux-x86_64-debian-gcc 0.4.01 183.96 91.17 275.13 OK
r-devel-linux-x86_64-fedora-clang 0.4.01 470.08 NOTE
r-devel-linux-x86_64-fedora-gcc 0.4.01 439.82 NOTE
r-devel-windows-ix86+x86_64 0.4.01 448.00 308.00 756.00 NOTE
r-patched-linux-x86_64 0.4.01 209.66 130.42 340.08 OK
r-patched-solaris-x86 0.4.01 436.50 NOTE
r-release-linux-x86_64 0.4.01 205.44 129.88 335.32 OK
r-release-windows-ix86+x86_64 0.4.01 466.00 305.00 771.00 NOTE
r-release-osx-x86_64 0.4.01 NOTE
r-oldrel-osx-x86_64 0.4.01 ERROR

Additional issues

ATLAS OpenBLAS

Check Details

Version: 0.4.01
Check: installed package size
Result: NOTE
     installed size is 63.1Mb
     sub-directories of 1Mb or more:
     libs 62.7Mb
Flavors: r-devel-linux-x86_64-fedora-clang, r-devel-linux-x86_64-fedora-gcc, r-devel-windows-ix86+x86_64, r-patched-solaris-x86, r-release-windows-ix86+x86_64, r-release-osx-x86_64

Version: 0.4.01
Check: whether package can be installed
Result: ERROR
    Installation failed.
Flavor: r-oldrel-osx-x86_64