CRAN Package Check Results for Package gastempt

Last updated on 2018-05-23 16:48:04 CEST.

Flavor Version Tinstall Tcheck Ttotal Status Flags
r-devel-linux-x86_64-debian-clang 0.4.01 230.00 131.22 361.22 OK
r-devel-linux-x86_64-debian-gcc 0.4.01 0.28 1.48 1.76 ERROR
r-devel-linux-x86_64-fedora-clang 0.4.01 485.91 NOTE
r-devel-linux-x86_64-fedora-gcc 0.4.01 455.28 NOTE
r-devel-windows-ix86+x86_64 0.4.01 366.00 332.00 698.00 NOTE
r-patched-linux-x86_64 0.4.01 208.51 119.90 328.41 OK
r-patched-solaris-x86 0.4.01 445.80 NOTE
r-release-linux-x86_64 0.4.01 203.38 120.74 324.12 OK
r-release-windows-ix86+x86_64 0.4.01 466.00 279.00 745.00 NOTE
r-release-osx-x86_64 0.4.01 NOTE
r-oldrel-windows-ix86+x86_64 0.4.01 450.00 313.00 763.00 NOTE
r-oldrel-osx-x86_64 0.4.01 NOTE

Additional issues

OpenBLAS

Check Details

Version: 0.4.01
Check: package dependencies
Result: ERROR
    Packages required but not available: ‘dplyr’ ‘tibble’ ‘ggplot2’ ‘rstan’
    
    See section ‘The DESCRIPTION file’ in the ‘Writing R Extensions’
    manual.
Flavor: r-devel-linux-x86_64-debian-gcc

Version: 0.4.01
Check: installed package size
Result: NOTE
     installed size is 63.1Mb
     sub-directories of 1Mb or more:
     libs 62.7Mb
Flavors: r-devel-linux-x86_64-fedora-clang, r-devel-linux-x86_64-fedora-gcc, r-devel-windows-ix86+x86_64, r-patched-solaris-x86, r-release-windows-ix86+x86_64, r-release-osx-x86_64, r-oldrel-windows-ix86+x86_64, r-oldrel-osx-x86_64