CRAN Package Check Results for Package gastempt

Last updated on 2019-02-16 13:46:21 CET.

Flavor Version Tinstall Tcheck Ttotal Status Flags
r-devel-linux-x86_64-debian-clang 0.4.3 634.57 120.84 755.41 NOTE
r-devel-linux-x86_64-debian-gcc 0.4.3 616.00 115.60 731.60 NOTE
r-devel-linux-x86_64-fedora-clang 0.4.3 970.41 NOTE
r-devel-linux-x86_64-fedora-gcc 0.4.3 1154.58 NOTE
r-devel-windows-ix86+x86_64 0.4.3 1509.00 335.00 1844.00 NOTE
r-patched-linux-x86_64 0.4.3 686.50 143.80 830.30 NOTE
r-patched-solaris-x86 0.4.3 936.30 NOTE
r-release-linux-x86_64 0.4.3 NOTE
r-release-windows-ix86+x86_64 0.4.3 1097.00 249.00 1346.00 NOTE
r-release-osx-x86_64 0.4.3 NOTE
r-oldrel-windows-ix86+x86_64 0.4.3 1562.00 336.00 1898.00 NOTE
r-oldrel-osx-x86_64 0.4.3 NOTE

Check Details

Version: 0.4.3
Check: for GNU extensions in Makefiles
Result: NOTE
    GNU make is a SystemRequirements.
Flavors: r-devel-linux-x86_64-debian-clang, r-devel-linux-x86_64-debian-gcc, r-devel-linux-x86_64-fedora-clang, r-devel-linux-x86_64-fedora-gcc, r-devel-windows-ix86+x86_64, r-patched-linux-x86_64, r-patched-solaris-x86, r-release-linux-x86_64, r-release-windows-ix86+x86_64, r-release-osx-x86_64, r-oldrel-windows-ix86+x86_64, r-oldrel-osx-x86_64

Version: 0.4.3
Check: installed package size
Result: NOTE
     installed size is 101.0Mb
     sub-directories of 1Mb or more:
     libs 100.6Mb
Flavors: r-devel-linux-x86_64-fedora-clang, r-devel-windows-ix86+x86_64, r-patched-solaris-x86, r-release-windows-ix86+x86_64, r-release-osx-x86_64, r-oldrel-windows-ix86+x86_64, r-oldrel-osx-x86_64

Version: 0.4.3
Check: dependencies in R code
Result: NOTE
    Namespaces in Imports field not imported from:
     ‘methods’ ‘rstantools’
     All declared Imports should be used.
Flavors: r-devel-linux-x86_64-fedora-clang, r-devel-linux-x86_64-fedora-gcc, r-patched-solaris-x86, r-release-osx-x86_64, r-oldrel-osx-x86_64