CRAN Package Check Results for Package gastempt

Last updated on 2018-08-19 06:46:43 CEST.

Flavor Version Tinstall Tcheck Ttotal Status Flags
r-devel-linux-x86_64-debian-clang 0.4.01 209.01 135.29 344.30 OK
r-devel-linux-x86_64-debian-gcc 0.4.01 242.94 105.94 348.88 OK
r-devel-linux-x86_64-fedora-clang 0.4.01 470.13 NOTE
r-devel-linux-x86_64-fedora-gcc 0.4.01 462.25 OK
r-devel-windows-ix86+x86_64 0.4.01 455.00 362.00 817.00 NOTE
r-patched-linux-x86_64 0.4.01 260.12 119.90 380.02 OK
r-patched-solaris-x86 0.4.01 440.90 NOTE
r-release-linux-x86_64 0.4.01 257.56 119.94 377.50 OK
r-release-windows-ix86+x86_64 0.4.01 493.00 267.00 760.00 NOTE
r-release-osx-x86_64 0.4.01 NOTE
r-oldrel-windows-ix86+x86_64 0.4.01 395.00 232.00 627.00 NOTE
r-oldrel-osx-x86_64 0.4.01 NOTE

Additional issues

ATLAS OpenBLAS

Check Details

Version: 0.4.01
Check: installed package size
Result: NOTE
     installed size is 63.5Mb
     sub-directories of 1Mb or more:
     libs 63.0Mb
Flavors: r-devel-linux-x86_64-fedora-clang, r-devel-windows-ix86+x86_64, r-patched-solaris-x86, r-release-windows-ix86+x86_64, r-release-osx-x86_64, r-oldrel-windows-ix86+x86_64, r-oldrel-osx-x86_64