CRAN Package Check Results for Package gastempt

Last updated on 2024-02-22 08:54:09 CET.

Flavor Version Tinstall Tcheck Ttotal Status Flags
r-devel-linux-x86_64-debian-clang 0.5.5 NOTE
r-devel-linux-x86_64-debian-gcc 0.5.5 516.83 234.15 750.98 NOTE
r-devel-linux-x86_64-fedora-clang 0.5.5 997.56 NOTE
r-devel-linux-x86_64-fedora-gcc 0.5.5 1280.97 NOTE
r-devel-windows-x86_64 0.5.5 427.00 222.00 649.00 NOTE
r-patched-linux-x86_64 0.5.5 446.65 303.33 749.98 NOTE
r-release-linux-x86_64 0.5.5 0.01 2.50 2.51 ERROR
r-release-macos-arm64 0.5.5 262.00 NOTE
r-release-macos-x86_64 0.5.5 374.00 NOTE
r-release-windows-x86_64 0.5.5 529.00 268.00 797.00 NOTE
r-oldrel-macos-arm64 0.5.5 208.00 NOTE
r-oldrel-windows-x86_64 0.5.5 503.00 257.00 760.00 NOTE

Check Details

Version: 0.5.5
Check: Rd files
Result: NOTE checkRd: (-1) simulate_gastempt.Rd:30: Lost braces; missing escapes or markup? 30 | \item{tempt_mean, tempt_std}{Mean and between record standard deviation of parameter $t_{empt}$, typically in minutes.} | ^ Flavors: r-devel-linux-x86_64-debian-clang, r-devel-linux-x86_64-debian-gcc

Version: 0.5.5
Check: for GNU extensions in Makefiles
Result: NOTE GNU make is a SystemRequirements. Flavors: r-devel-linux-x86_64-debian-clang, r-devel-linux-x86_64-debian-gcc, r-devel-linux-x86_64-fedora-clang, r-devel-linux-x86_64-fedora-gcc, r-devel-windows-x86_64, r-patched-linux-x86_64, r-release-macos-arm64, r-release-macos-x86_64, r-release-windows-x86_64, r-oldrel-macos-arm64, r-oldrel-windows-x86_64

Version: 0.5.5
Check: installed package size
Result: NOTE installed size is 5.8Mb sub-directories of 1Mb or more: libs 5.3Mb Flavors: r-devel-linux-x86_64-fedora-clang, r-release-macos-arm64, r-release-macos-x86_64, r-oldrel-macos-arm64

Version: 0.5.5
Check: whether package can be installed
Result: ERROR Installation failed. Flavor: r-release-linux-x86_64