CRAN Package Check Results for Package gaston

Last updated on 2018-05-23 06:46:49 CEST.

Flavor Version Tinstall Tcheck Ttotal Status Flags
r-devel-linux-x86_64-debian-clang 1.5.3 560.07 99.92 659.99 OK
r-devel-linux-x86_64-debian-gcc 1.5.3 466.96 85.26 552.22 OK
r-devel-linux-x86_64-fedora-clang 1.5.3 1007.21 NOTE
r-devel-linux-x86_64-fedora-gcc 1.5.3 938.63 NOTE
r-devel-windows-ix86+x86_64 1.5.3 1054.00 199.00 1253.00 NOTE
r-patched-linux-x86_64 1.5.3 582.53 107.83 690.36 OK
r-patched-solaris-x86 1.5.3 893.40 NOTE
r-release-linux-x86_64 1.5.3 563.71 105.88 669.59 OK
r-release-windows-ix86+x86_64 1.5.3 1428.00 139.00 1567.00 NOTE
r-release-osx-x86_64 1.5.3 NOTE
r-oldrel-windows-ix86+x86_64 1.5.3 1386.00 193.00 1579.00 NOTE
r-oldrel-osx-x86_64 1.5.3 NOTE

Check Details

Version: 1.5.3
Check: installed package size
Result: NOTE
     installed size is 77.0Mb
     sub-directories of 1Mb or more:
     extdata 1.6Mb
     libs 73.7Mb
Flavors: r-devel-linux-x86_64-fedora-clang, r-devel-linux-x86_64-fedora-gcc, r-devel-windows-ix86+x86_64, r-patched-solaris-x86, r-release-windows-ix86+x86_64, r-release-osx-x86_64, r-oldrel-windows-ix86+x86_64, r-oldrel-osx-x86_64