CRAN Package Check Results for Package gaston

Last updated on 2018-08-22 06:46:47 CEST.

Flavor Version Tinstall Tcheck Ttotal Status Flags
r-devel-linux-x86_64-debian-clang 1.5.4 579.53 100.37 679.90 OK
r-devel-linux-x86_64-debian-gcc 1.5.4 571.49 89.93 661.42 OK
r-devel-linux-x86_64-fedora-clang 1.5.4 1047.08 NOTE
r-devel-linux-x86_64-fedora-gcc 1.5.4 1039.74 OK
r-devel-windows-ix86+x86_64 1.5.4 1099.00 155.00 1254.00 NOTE
r-patched-linux-x86_64 1.5.4 693.08 109.98 803.06 OK
r-patched-solaris-x86 1.5.4 916.70 NOTE
r-release-linux-x86_64 1.5.4 688.62 108.92 797.54 OK
r-release-windows-ix86+x86_64 1.5.4 1482.00 158.00 1640.00 NOTE
r-release-osx-x86_64 1.5.4 NOTE
r-oldrel-windows-ix86+x86_64 1.5.4 1154.00 220.00 1374.00 NOTE
r-oldrel-osx-x86_64 1.5.4 NOTE

Additional issues

clang-UBSAN gcc-UBSAN

Check Details

Version: 1.5.4
Check: installed package size
Result: NOTE
     installed size is 83.4Mb
     sub-directories of 1Mb or more:
     extdata 1.6Mb
     libs 80.3Mb
Flavors: r-devel-linux-x86_64-fedora-clang, r-devel-windows-ix86+x86_64, r-patched-solaris-x86, r-release-windows-ix86+x86_64, r-release-osx-x86_64, r-oldrel-windows-ix86+x86_64, r-oldrel-osx-x86_64