CRAN Package Check Results for Package gaston

Last updated on 2018-11-20 19:47:43 CET.

Flavor Version Tinstall Tcheck Ttotal Status Flags
r-devel-linux-x86_64-debian-clang 1.5.4 623.34 99.12 722.46 OK
r-devel-linux-x86_64-debian-gcc 1.5.4 582.63 89.40 672.03 OK
r-devel-linux-x86_64-fedora-clang 1.5.4 1124.16 NOTE
r-devel-linux-x86_64-fedora-gcc 1.5.4 1026.43 OK
r-devel-windows-ix86+x86_64 1.5.4 1492.00 165.00 1657.00 NOTE
r-patched-linux-x86_64 1.5.4 686.42 109.19 795.61 OK
r-patched-solaris-x86 1.5.4 977.60 NOTE
r-release-linux-x86_64 1.5.4 711.82 110.56 822.38 OK
r-release-windows-ix86+x86_64 1.5.4 1199.00 205.00 1404.00 NOTE
r-release-osx-x86_64 1.5.4 NOTE
r-oldrel-windows-ix86+x86_64 1.5.4 1457.00 186.00 1643.00 NOTE
r-oldrel-osx-x86_64 1.5.4 NOTE

Additional issues

clang-UBSAN gcc-UBSAN

Check Details

Version: 1.5.4
Check: installed package size
Result: NOTE
     installed size is 85.7Mb
     sub-directories of 1Mb or more:
     extdata 1.6Mb
     libs 82.6Mb
Flavors: r-devel-linux-x86_64-fedora-clang, r-devel-windows-ix86+x86_64, r-patched-solaris-x86, r-release-windows-ix86+x86_64, r-release-osx-x86_64, r-oldrel-windows-ix86+x86_64, r-oldrel-osx-x86_64