CRAN Package Check Results for Package gaston

Last updated on 2019-02-20 13:46:26 CET.

Flavor Version Tinstall Tcheck Ttotal Status Flags
r-devel-linux-x86_64-debian-clang 1.5.4 605.39 100.27 705.66 OK
r-devel-linux-x86_64-debian-gcc 1.5.4 531.21 89.16 620.37 OK
r-devel-linux-x86_64-fedora-clang 1.5.4 1158.99 NOTE
r-devel-linux-x86_64-fedora-gcc 1.5.4 1024.39 OK
r-devel-windows-ix86+x86_64 1.5.4 1485.00 203.00 1688.00 NOTE
r-patched-linux-x86_64 1.5.4 OK
r-patched-solaris-x86 1.5.4 896.90 NOTE
r-release-linux-x86_64 1.5.4 OK
r-release-windows-ix86+x86_64 1.5.4 1086.00 205.00 1291.00 NOTE
r-release-osx-x86_64 1.5.4 NOTE
r-oldrel-windows-ix86+x86_64 1.5.4 1500.00 185.00 1685.00 NOTE
r-oldrel-osx-x86_64 1.5.4 NOTE

Check Details

Version: 1.5.4
Check: installed package size
Result: NOTE
     installed size is 72.9Mb
     sub-directories of 1Mb or more:
     extdata 1.6Mb
     libs 69.8Mb
Flavors: r-devel-linux-x86_64-fedora-clang, r-devel-windows-ix86+x86_64, r-patched-solaris-x86, r-release-windows-ix86+x86_64, r-release-osx-x86_64, r-oldrel-windows-ix86+x86_64, r-oldrel-osx-x86_64