CRAN Package Check Results for Package gaston

Last updated on 2018-02-22 12:49:00 CET.

Flavor Version Tinstall Tcheck Ttotal Status Flags
r-devel-linux-x86_64-debian-clang 1.5.3 564.71 88.00 652.71 OK
r-devel-linux-x86_64-debian-gcc 1.5.3 465.27 82.82 548.09 OK
r-devel-linux-x86_64-fedora-clang 1.5.3 1011.91 NOTE
r-devel-linux-x86_64-fedora-gcc 1.5.3 923.54 NOTE
r-devel-windows-ix86+x86_64 1.5.3 1366.00 155.00 1521.00 NOTE
r-patched-linux-x86_64 1.5.3 570.36 112.90 683.26 OK
r-patched-solaris-x86 1.5.3 920.90 NOTE
r-release-linux-x86_64 1.5.3 582.57 117.38 699.95 OK
r-release-windows-ix86+x86_64 1.5.3 1390.00 188.00 1578.00 NOTE
r-release-osx-x86_64 1.5.3 NOTE
r-oldrel-windows-ix86+x86_64 1.5.3 1103.00 153.00 1256.00 NOTE
r-oldrel-osx-x86_64 1.5 NOTE

Check Details

Version: 1.5.3
Check: installed package size
Result: NOTE
     installed size is 77.0Mb
     sub-directories of 1Mb or more:
     extdata 1.6Mb
     libs 73.7Mb
Flavors: r-devel-linux-x86_64-fedora-clang, r-devel-linux-x86_64-fedora-gcc, r-devel-windows-ix86+x86_64, r-patched-solaris-x86, r-release-windows-ix86+x86_64, r-release-osx-x86_64, r-oldrel-windows-ix86+x86_64

Version: 1.5
Check: installed package size
Result: NOTE
     installed size is 59.4Mb
     sub-directories of 1Mb or more:
     extdata 1.6Mb
     libs 56.5Mb
Flavor: r-oldrel-osx-x86_64