CRAN Package Check Results for Package gbp

Last updated on 2019-02-16 13:46:21 CET.

Flavor Version Tinstall Tcheck Ttotal Status Flags
r-devel-linux-x86_64-debian-clang 0.1.0.4 220.09 55.21 275.30 NOTE
r-devel-linux-x86_64-debian-gcc 0.1.0.4 186.15 41.55 227.70 NOTE
r-devel-linux-x86_64-fedora-clang 0.1.0.4 431.80 NOTE
r-devel-linux-x86_64-fedora-gcc 0.1.0.4 395.81 NOTE
r-devel-windows-ix86+x86_64 0.1.0.4 611.00 133.00 744.00 NOTE
r-patched-linux-x86_64 0.1.0.4 221.78 50.59 272.37 NOTE
r-patched-solaris-x86 0.1.0.4 384.10 NOTE
r-release-linux-x86_64 0.1.0.4 NOTE
r-release-windows-ix86+x86_64 0.1.0.4 432.00 102.00 534.00 NOTE
r-release-osx-x86_64 0.1.0.4 NOTE
r-oldrel-windows-ix86+x86_64 0.1.0.4 629.00 146.00 775.00 NOTE
r-oldrel-osx-x86_64 0.1.0.4 NOTE

Check Details

Version: 0.1.0.4
Check: for GNU extensions in Makefiles
Result: NOTE
    GNU make is a SystemRequirements.
Flavors: r-devel-linux-x86_64-debian-clang, r-devel-linux-x86_64-debian-gcc, r-devel-linux-x86_64-fedora-clang, r-devel-linux-x86_64-fedora-gcc, r-devel-windows-ix86+x86_64, r-patched-linux-x86_64, r-patched-solaris-x86, r-release-linux-x86_64, r-release-windows-ix86+x86_64, r-release-osx-x86_64, r-oldrel-windows-ix86+x86_64, r-oldrel-osx-x86_64

Version: 0.1.0.4
Check: installed package size
Result: NOTE
     installed size is 16.9Mb
     sub-directories of 1Mb or more:
     doc 1.2Mb
     libs 15.6Mb
Flavors: r-devel-linux-x86_64-fedora-clang, r-devel-windows-ix86+x86_64, r-release-windows-ix86+x86_64, r-release-osx-x86_64, r-oldrel-windows-ix86+x86_64, r-oldrel-osx-x86_64

Version: 0.1.0.4
Check: compiled code
Result: NOTE
    File ‘gbp/libs/gbp.so’:
     Found no calls to: ‘R_registerRoutines’, ‘R_useDynamicSymbols’
    
    It is good practice to register native routines and to disable symbol
    search.
    
    See ‘Writing portable packages’ in the ‘Writing R Extensions’ manual.
Flavors: r-devel-linux-x86_64-fedora-clang, r-devel-linux-x86_64-fedora-gcc