CRAN Package Check Results for Package gbp

Last updated on 2018-08-19 07:47:21 CEST.

Flavor Version Tinstall Tcheck Ttotal Status Flags
r-devel-linux-x86_64-debian-clang 0.1.0.4 218.41 59.61 278.02 NOTE
r-devel-linux-x86_64-debian-gcc 0.1.0.4 207.80 47.44 255.24 NOTE
r-devel-linux-x86_64-fedora-clang 0.1.0.4 390.38 NOTE
r-devel-linux-x86_64-fedora-gcc 0.1.0.4 395.70 NOTE
r-devel-windows-ix86+x86_64 0.1.0.4 620.00 152.00 772.00 NOTE
r-patched-linux-x86_64 0.1.0.4 256.10 50.23 306.33 NOTE
r-patched-solaris-x86 0.1.0.4 365.40 NOTE
r-release-linux-x86_64 0.1.0.4 247.25 49.99 297.24 NOTE
r-release-windows-ix86+x86_64 0.1.0.4 657.00 139.00 796.00 NOTE
r-release-osx-x86_64 0.1.0.4 NOTE
r-oldrel-windows-ix86+x86_64 0.1.0.4 501.00 145.00 646.00 NOTE
r-oldrel-osx-x86_64 0.1.0.4 NOTE

Check Details

Version: 0.1.0.4
Check: for GNU extensions in Makefiles
Result: NOTE
    GNU make is a SystemRequirements.
Flavors: r-devel-linux-x86_64-debian-clang, r-devel-linux-x86_64-debian-gcc, r-devel-linux-x86_64-fedora-clang, r-devel-linux-x86_64-fedora-gcc, r-devel-windows-ix86+x86_64, r-patched-linux-x86_64, r-patched-solaris-x86, r-release-linux-x86_64, r-release-windows-ix86+x86_64, r-release-osx-x86_64, r-oldrel-windows-ix86+x86_64, r-oldrel-osx-x86_64

Version: 0.1.0.4
Check: compiled code
Result: NOTE
    File ‘gbp/libs/gbp.so’:
     Found no calls to: ‘R_registerRoutines’, ‘R_useDynamicSymbols’
    
    It is good practice to register native routines and to disable symbol
    search.
    
    See ‘Writing portable packages’ in the ‘Writing R Extensions’ manual.
Flavors: r-devel-linux-x86_64-debian-clang, r-devel-linux-x86_64-debian-gcc, r-devel-linux-x86_64-fedora-clang, r-devel-linux-x86_64-fedora-gcc, r-patched-linux-x86_64, r-release-linux-x86_64

Version: 0.1.0.4
Check: installed package size
Result: NOTE
     installed size is 17.8Mb
     sub-directories of 1Mb or more:
     doc 1.2Mb
     libs 16.4Mb
Flavors: r-devel-linux-x86_64-fedora-clang, r-devel-windows-ix86+x86_64, r-release-windows-ix86+x86_64, r-release-osx-x86_64, r-oldrel-windows-ix86+x86_64, r-oldrel-osx-x86_64