CRAN Package Check Results for Package gbp

Last updated on 2018-05-26 04:50:54 CEST.

Flavor Version Tinstall Tcheck Ttotal Status Flags
r-devel-linux-x86_64-debian-clang 0.1.0.4 212.41 58.25 270.66 NOTE
r-devel-linux-x86_64-debian-gcc 0.1.0.4 186.22 45.83 232.05 NOTE
r-devel-linux-x86_64-fedora-clang 0.1.0.4 400.84 NOTE
r-devel-linux-x86_64-fedora-gcc 0.1.0.4 391.57 NOTE
r-devel-windows-ix86+x86_64 0.1.0.4 479.00 140.00 619.00 NOTE
r-patched-linux-x86_64 0.1.0.4 222.60 50.11 272.71 NOTE
r-patched-solaris-x86 0.1.0.4 354.00 NOTE
r-release-linux-x86_64 0.1.0.4 236.01 49.95 285.96 NOTE
r-release-windows-ix86+x86_64 0.1.0.4 618.00 136.00 754.00 NOTE
r-release-osx-x86_64 0.1.0.4 NOTE
r-oldrel-windows-ix86+x86_64 0.1.0.4 644.00 106.00 750.00 NOTE
r-oldrel-osx-x86_64 0.1.0.4 NOTE

Check Details

Version: 0.1.0.4
Check: for GNU extensions in Makefiles
Result: NOTE
    GNU make is a SystemRequirements.
Flavors: r-devel-linux-x86_64-debian-clang, r-devel-linux-x86_64-debian-gcc, r-devel-linux-x86_64-fedora-clang, r-devel-linux-x86_64-fedora-gcc, r-devel-windows-ix86+x86_64, r-patched-linux-x86_64, r-patched-solaris-x86, r-release-linux-x86_64, r-release-windows-ix86+x86_64, r-release-osx-x86_64, r-oldrel-windows-ix86+x86_64, r-oldrel-osx-x86_64

Version: 0.1.0.4
Check: compiled code
Result: NOTE
    File ‘gbp/libs/gbp.so’:
     Found no calls to: ‘R_registerRoutines’, ‘R_useDynamicSymbols’
    
    It is good practice to register native routines and to disable symbol
    search.
    
    See ‘Writing portable packages’ in the ‘Writing R Extensions’ manual.
Flavors: r-devel-linux-x86_64-debian-clang, r-devel-linux-x86_64-debian-gcc, r-devel-linux-x86_64-fedora-clang, r-devel-linux-x86_64-fedora-gcc, r-patched-linux-x86_64, r-release-linux-x86_64

Version: 0.1.0.4
Check: installed package size
Result: NOTE
     installed size is 17.7Mb
     sub-directories of 1Mb or more:
     doc 1.2Mb
     libs 16.3Mb
Flavors: r-devel-linux-x86_64-fedora-clang, r-devel-linux-x86_64-fedora-gcc, r-devel-windows-ix86+x86_64, r-release-windows-ix86+x86_64, r-release-osx-x86_64, r-oldrel-windows-ix86+x86_64, r-oldrel-osx-x86_64