CRAN Package Check Results for Package gbp

Last updated on 2018-11-17 06:46:41 CET.

Flavor Version Tinstall Tcheck Ttotal Status Flags
r-devel-linux-x86_64-debian-clang 0.1.0.4 232.53 52.11 284.64 NOTE
r-devel-linux-x86_64-debian-gcc 0.1.0.4 206.64 41.53 248.17 NOTE
r-devel-linux-x86_64-fedora-clang 0.1.0.4 427.40 NOTE
r-devel-linux-x86_64-fedora-gcc 0.1.0.4 391.63 NOTE
r-devel-windows-ix86+x86_64 0.1.0.4 609.00 127.00 736.00 NOTE
r-patched-linux-x86_64 0.1.0.4 244.17 50.30 294.47 NOTE
r-patched-solaris-x86 0.1.0.4 384.70 NOTE
r-release-linux-x86_64 0.1.0.4 247.86 49.70 297.56 NOTE
r-release-windows-ix86+x86_64 0.1.0.4 628.00 122.00 750.00 NOTE
r-release-osx-x86_64 0.1.0.4 NOTE
r-oldrel-windows-ix86+x86_64 0.1.0.4 625.00 102.00 727.00 NOTE
r-oldrel-osx-x86_64 0.1.0.4 NOTE

Check Details

Version: 0.1.0.4
Check: for GNU extensions in Makefiles
Result: NOTE
    GNU make is a SystemRequirements.
Flavors: r-devel-linux-x86_64-debian-clang, r-devel-linux-x86_64-debian-gcc, r-devel-linux-x86_64-fedora-clang, r-devel-linux-x86_64-fedora-gcc, r-devel-windows-ix86+x86_64, r-patched-linux-x86_64, r-patched-solaris-x86, r-release-linux-x86_64, r-release-windows-ix86+x86_64, r-release-osx-x86_64, r-oldrel-windows-ix86+x86_64, r-oldrel-osx-x86_64

Version: 0.1.0.4
Check: installed package size
Result: NOTE
     installed size is 18.3Mb
     sub-directories of 1Mb or more:
     doc 1.2Mb
     libs 16.9Mb
Flavors: r-devel-linux-x86_64-fedora-clang, r-devel-windows-ix86+x86_64, r-release-windows-ix86+x86_64, r-release-osx-x86_64, r-oldrel-windows-ix86+x86_64, r-oldrel-osx-x86_64

Version: 0.1.0.4
Check: compiled code
Result: NOTE
    File ‘gbp/libs/gbp.so’:
     Found no calls to: ‘R_registerRoutines’, ‘R_useDynamicSymbols’
    
    It is good practice to register native routines and to disable symbol
    search.
    
    See ‘Writing portable packages’ in the ‘Writing R Extensions’ manual.
Flavors: r-devel-linux-x86_64-fedora-clang, r-devel-linux-x86_64-fedora-gcc