CRAN Package Check Results for Package gbp

Last updated on 2018-02-26 01:46:19 CET.

Flavor Version Tinstall Tcheck Ttotal Status Flags
r-devel-linux-x86_64-debian-clang 0.1.0.4 212.87 46.11 258.98 NOTE
r-devel-linux-x86_64-debian-gcc 0.1.0.4 184.54 40.46 225.00 NOTE
r-devel-linux-x86_64-fedora-clang 0.1.0.4 392.20 NOTE
r-devel-linux-x86_64-fedora-gcc 0.1.0.4 376.98 NOTE
r-devel-windows-ix86+x86_64 0.1.0.4 597.00 115.00 712.00 NOTE
r-patched-linux-x86_64 0.1.0.4 219.89 60.41 280.30 NOTE
r-patched-solaris-x86 0.1.0.4 362.30 NOTE
r-release-linux-x86_64 0.1.0.4 221.22 59.64 280.86 NOTE
r-release-windows-ix86+x86_64 0.1.0.4 605.00 133.00 738.00 NOTE
r-release-osx-x86_64 0.1.0.4 NOTE
r-oldrel-windows-ix86+x86_64 0.1.0.4 430.00 78.00 508.00 NOTE
r-oldrel-osx-x86_64 0.1.0.4 NOTE

Check Details

Version: 0.1.0.4
Check: for GNU extensions in Makefiles
Result: NOTE
    GNU make is a SystemRequirements.
Flavors: r-devel-linux-x86_64-debian-clang, r-devel-linux-x86_64-debian-gcc, r-devel-linux-x86_64-fedora-clang, r-devel-linux-x86_64-fedora-gcc, r-devel-windows-ix86+x86_64, r-patched-linux-x86_64, r-patched-solaris-x86, r-release-linux-x86_64, r-release-windows-ix86+x86_64, r-release-osx-x86_64, r-oldrel-windows-ix86+x86_64, r-oldrel-osx-x86_64

Version: 0.1.0.4
Check: compiled code
Result: NOTE
    File ‘gbp/libs/gbp.so’:
     Found no calls to: ‘R_registerRoutines’, ‘R_useDynamicSymbols’
    
    It is good practice to register native routines and to disable symbol
    search.
    
    See ‘Writing portable packages’ in the ‘Writing R Extensions’ manual.
Flavors: r-devel-linux-x86_64-debian-clang, r-devel-linux-x86_64-debian-gcc, r-devel-linux-x86_64-fedora-clang, r-devel-linux-x86_64-fedora-gcc, r-patched-linux-x86_64, r-release-linux-x86_64

Version: 0.1.0.4
Check: installed package size
Result: NOTE
     installed size is 17.5Mb
     sub-directories of 1Mb or more:
     doc 1.2Mb
     libs 16.2Mb
Flavors: r-devel-linux-x86_64-fedora-clang, r-devel-linux-x86_64-fedora-gcc, r-devel-windows-ix86+x86_64, r-release-windows-ix86+x86_64, r-release-osx-x86_64, r-oldrel-windows-ix86+x86_64, r-oldrel-osx-x86_64