CRAN Package Check Results for Package gbts

Last updated on 2020-01-27 02:47:15 CET.

Flavor Version Tinstall Tcheck Ttotal Status Flags
r-devel-linux-x86_64-debian-clang 1.2.0 4.00 33.14 37.14 OK
r-devel-linux-x86_64-debian-gcc 1.2.0 3.72 25.98 29.70 OK
r-devel-linux-x86_64-fedora-clang 1.2.0 46.16 WARN
r-devel-linux-x86_64-fedora-gcc 1.2.0 46.52 OK
r-devel-windows-ix86+x86_64 1.2.0 13.00 64.00 77.00 OK
r-devel-windows-ix86+x86_64-gcc8 1.2.0 13.00 53.00 66.00 OK
r-patched-linux-x86_64 1.2.0 3.47 31.05 34.52 OK
r-patched-solaris-x86 1.2.0 74.90 OK
r-release-linux-x86_64 1.2.0 3.62 30.30 33.92 OK
r-release-windows-ix86+x86_64 1.2.0 7.00 42.00 49.00 OK
r-release-osx-x86_64 1.2.0 OK
r-oldrel-windows-ix86+x86_64 1.2.0 4.00 42.00 46.00 OK
r-oldrel-osx-x86_64 1.2.0 OK

Check Details

Version: 1.2.0
Check: package dependencies
Result: WARN
    Requires orphaned package: ‘doRNG’
Flavor: r-devel-linux-x86_64-fedora-clang