CRAN Package Check Results for Package gdm

Last updated on 2020-02-20 21:47:28 CET.

Flavor Version Tinstall Tcheck Ttotal Status Flags
r-devel-linux-x86_64-debian-clang 1.4 28.17 158.22 186.39 OK
r-devel-linux-x86_64-debian-gcc 1.4 18.35 118.63 136.98 OK
r-devel-linux-x86_64-fedora-clang 1.4 219.16 OK
r-devel-linux-x86_64-fedora-gcc 1.4 216.75 OK
r-devel-windows-ix86+x86_64 1.4 61.00 212.00 273.00 NOTE
r-devel-windows-ix86+x86_64-gcc8 1.4 85.00 295.00 380.00 NOTE
r-patched-linux-x86_64 1.4 19.62 140.52 160.14 OK
r-patched-solaris-x86 1.4 265.30 OK
r-release-linux-x86_64 1.4 19.54 139.05 158.59 OK
r-release-windows-ix86+x86_64 1.4 57.00 221.00 278.00 NOTE
r-release-osx-x86_64 1.4 OK
r-oldrel-windows-ix86+x86_64 1.4 47.00 202.00 249.00 NOTE
r-oldrel-osx-x86_64 1.4 OK

Check Details

Version: 1.4
Check: installed package size
Result: NOTE
     installed size is 5.9Mb
     sub-directories of 1Mb or more:
     doc 1.1Mb
     extdata 3.0Mb
     libs 1.4Mb
Flavors: r-devel-windows-ix86+x86_64, r-devel-windows-ix86+x86_64-gcc8, r-release-windows-ix86+x86_64, r-oldrel-windows-ix86+x86_64