CRAN Package Check Results for Package gdm

Last updated on 2021-05-06 21:49:30 CEST.

Flavor Version Tinstall Tcheck Ttotal Status Flags
r-devel-linux-x86_64-debian-clang 1.4.2.2 27.62 159.24 186.86 OK
r-devel-linux-x86_64-debian-gcc 1.4.2.2 20.11 119.51 139.62 OK
r-devel-linux-x86_64-fedora-clang 1.4.2.2 231.26 OK
r-devel-linux-x86_64-fedora-gcc 1.4.2.2 218.60 OK
r-devel-windows-ix86+x86_64 1.4.2.2 59.00 266.00 325.00 NOTE
r-devel-windows-x86_64-gcc10-UCRT 1.4.2.2 OK
r-patched-linux-x86_64 1.4.2.2 22.53 153.64 176.17 OK
r-patched-solaris-x86 1.4.2.2 293.60 OK
r-release-linux-x86_64 1.4.2.2 22.72 148.32 171.04 OK
r-release-macos-x86_64 1.4.2.2 OK
r-release-windows-ix86+x86_64 1.4.2.2 59.00 205.00 264.00 NOTE
r-oldrel-macos-x86_64 1.4.2.2 OK
r-oldrel-windows-ix86+x86_64 1.4.2.2 66.00 19.00 85.00 ERROR

Check Details

Version: 1.4.2.2
Check: installed package size
Result: NOTE
     installed size is 6.1Mb
     sub-directories of 1Mb or more:
     extdata 3.0Mb
     libs 1.8Mb
Flavors: r-devel-windows-ix86+x86_64, r-release-windows-ix86+x86_64

Version: 1.4.2.2
Check: whether package can be installed
Result: ERROR
    Installation failed.
Flavor: r-oldrel-windows-ix86+x86_64