CRAN Package Check Results for Package gdns

Last updated on 2020-02-27 16:49:17 CET.

Flavor Version Tinstall Tcheck Ttotal Status Flags
r-devel-linux-x86_64-debian-clang 0.3.1 2.02 25.94 27.96 OK
r-devel-linux-x86_64-debian-gcc 0.3.1 1.94 20.92 22.86 OK
r-devel-linux-x86_64-fedora-clang 0.3.1 34.94 NOTE
r-devel-linux-x86_64-fedora-gcc 0.3.1 34.38 NOTE
r-devel-windows-ix86+x86_64 0.3.1 6.00 39.00 45.00 OK
r-devel-windows-ix86+x86_64-gcc8 0.3.1 6.00 42.00 48.00 OK
r-patched-linux-x86_64 0.3.1 1.78 23.71 25.49 OK
r-patched-solaris-x86 0.3.1 52.00 NOTE
r-release-linux-x86_64 0.3.1 1.86 24.38 26.24 OK
r-release-windows-ix86+x86_64 0.3.1 4.00 36.00 40.00 OK
r-release-osx-x86_64 0.3.1 NOTE
r-oldrel-windows-ix86+x86_64 0.3.1 3.00 36.00 39.00 OK
r-oldrel-osx-x86_64 0.3.1 NOTE

Check Details

Version: 0.3.1
Check: data for non-ASCII characters
Result: NOTE
     Note: found 1 marked UTF-8 string
Flavors: r-devel-linux-x86_64-fedora-clang, r-devel-linux-x86_64-fedora-gcc, r-patched-solaris-x86, r-release-osx-x86_64, r-oldrel-osx-x86_64