CRAN Package Check Results for Package gdns

Last updated on 2019-09-19 13:46:10 CEST.

Flavor Version Tinstall Tcheck Ttotal Status Flags
r-devel-linux-x86_64-debian-clang 0.3.1 1.98 22.90 24.88 OK
r-devel-linux-x86_64-debian-gcc 0.3.1 1.80 18.91 20.71 OK
r-devel-linux-x86_64-fedora-clang 0.3.1 31.29 NOTE
r-devel-linux-x86_64-fedora-gcc 0.3.1 30.58 NOTE
r-devel-windows-ix86+x86_64 0.3.1 9.00 37.00 46.00 OK
r-patched-linux-x86_64 0.3.1 1.72 22.63 24.35 OK
r-patched-solaris-x86 0.3.1 49.50 NOTE
r-release-linux-x86_64 0.3.1 1.69 22.84 24.53 OK
r-release-windows-ix86+x86_64 0.3.1 5.00 34.00 39.00 OK
r-release-osx-x86_64 0.3.1 NOTE
r-oldrel-windows-ix86+x86_64 0.3.1 3.00 36.00 39.00 OK
r-oldrel-osx-x86_64 0.3.1 NOTE

Check Details

Version: 0.3.1
Check: data for non-ASCII characters
Result: NOTE
     Note: found 1 marked UTF-8 string
Flavors: r-devel-linux-x86_64-fedora-clang, r-devel-linux-x86_64-fedora-gcc, r-patched-solaris-x86, r-release-osx-x86_64, r-oldrel-osx-x86_64