CRAN Package Check Results for Package gdtools

Last updated on 2019-05-25 11:52:09 CEST.

Flavor Version Tinstall Tcheck Ttotal Status Flags
r-devel-linux-x86_64-debian-clang 0.1.8 48.14 24.28 72.42 OK
r-devel-linux-x86_64-debian-gcc 0.1.8 34.84 19.57 54.41 OK
r-devel-linux-x86_64-fedora-clang 0.1.8 110.16 OK
r-devel-linux-x86_64-fedora-gcc 0.1.8 94.88 OK
r-devel-windows-ix86+x86_64 0.1.8 203.00 84.00 287.00 NOTE
r-patched-linux-x86_64 0.1.8 OK
r-patched-solaris-x86 0.1.8 100.60 OK
r-release-linux-x86_64 0.1.8 43.45 23.79 67.24 OK
r-release-windows-ix86+x86_64 0.1.8 144.00 84.00 228.00 NOTE
r-release-osx-x86_64 0.1.8 OK
r-oldrel-windows-ix86+x86_64 0.1.8 165.00 79.00 244.00 NOTE
r-oldrel-osx-x86_64 0.1.8 OK

Check Details

Version: 0.1.8
Check: installed package size
Result: NOTE
     installed size is 9.9Mb
     sub-directories of 1Mb or more:
     libs 9.8Mb
Flavors: r-devel-windows-ix86+x86_64, r-release-windows-ix86+x86_64, r-oldrel-windows-ix86+x86_64