CRAN Package Check Results for Package gdtools

Last updated on 2019-02-15 20:46:49 CET.

Flavor Version Tinstall Tcheck Ttotal Status Flags
r-devel-linux-x86_64-debian-clang 0.1.7 48.92 24.52 73.44 OK
r-devel-linux-x86_64-debian-gcc 0.1.7 35.62 19.41 55.03 OK
r-devel-linux-x86_64-fedora-clang 0.1.7 109.61 OK
r-devel-linux-x86_64-fedora-gcc 0.1.7 93.93 OK
r-devel-windows-ix86+x86_64 0.1.7 176.00 96.00 272.00 NOTE
r-patched-linux-x86_64 0.1.7 43.83 22.71 66.54 OK
r-patched-solaris-x86 0.1.7 89.50 OK
r-release-linux-x86_64 0.1.7 46.43 22.74 69.17 OK
r-release-windows-ix86+x86_64 0.1.7 96.00 100.00 196.00 NOTE
r-release-osx-x86_64 0.1.7 OK
r-oldrel-windows-ix86+x86_64 0.1.7 127.00 144.00 271.00 NOTE
r-oldrel-osx-x86_64 0.1.7 OK

Check Details

Version: 0.1.7
Check: installed package size
Result: NOTE
     installed size is 7.5Mb
     sub-directories of 1Mb or more:
     libs 7.4Mb
Flavors: r-devel-windows-ix86+x86_64, r-release-windows-ix86+x86_64, r-oldrel-windows-ix86+x86_64