CRAN Package Check Results for Package gdtools

Last updated on 2018-12-13 04:50:59 CET.

Flavor Version Tinstall Tcheck Ttotal Status Flags
r-devel-linux-x86_64-debian-clang 0.1.7 50.69 24.44 75.13 OK
r-devel-linux-x86_64-debian-gcc 0.1.7 37.88 19.72 57.60 OK
r-devel-linux-x86_64-fedora-clang 0.1.7 105.90 OK
r-devel-linux-x86_64-fedora-gcc 0.1.7 93.18 OK
r-devel-windows-ix86+x86_64 0.1.7 121.00 75.00 196.00 NOTE
r-patched-linux-x86_64 0.1.7 50.11 22.58 72.69 OK
r-patched-solaris-x86 0.1.7 92.10 OK
r-release-linux-x86_64 0.1.7 49.04 22.73 71.77 OK
r-release-windows-ix86+x86_64 0.1.7 140.00 73.00 213.00 NOTE
r-release-osx-x86_64 0.1.7 OK
r-oldrel-windows-ix86+x86_64 0.1.7 100.00 92.00 192.00 NOTE
r-oldrel-osx-x86_64 0.1.7 OK

Check Details

Version: 0.1.7
Check: installed package size
Result: NOTE
     installed size is 7.5Mb
     sub-directories of 1Mb or more:
     libs 7.4Mb
Flavors: r-devel-windows-ix86+x86_64, r-release-windows-ix86+x86_64, r-oldrel-windows-ix86+x86_64