CRAN Package Check Results for Package gee

Last updated on 2024-02-27 09:53:56 CET.

Flavor Version Tinstall Tcheck Ttotal Status Flags
r-devel-linux-x86_64-debian-clang 4.13-26 13.33 23.75 37.08 OK
r-devel-linux-x86_64-debian-gcc 4.13-26 4.14 19.33 23.47 OK
r-devel-linux-x86_64-fedora-clang 4.13-26 45.27 OK
r-devel-linux-x86_64-fedora-gcc 4.13-26 36.91 OK
r-devel-windows-x86_64 4.13-26 7.00 43.00 50.00 WARN
r-patched-linux-x86_64 4.13-26 4.50 24.12 28.62 OK
r-release-linux-x86_64 4.13-26 5.02 24.27 29.29 OK
r-release-macos-arm64 4.13-26 35.00 OK
r-release-macos-x86_64 4.13-26 64.00 OK
r-release-windows-x86_64 4.13-26 7.00 44.00 51.00 OK
r-oldrel-macos-arm64 4.13-26 38.00 OK
r-oldrel-windows-x86_64 4.13-26 7.00 49.00 56.00 OK

Check Details

Version: 4.13-26
Check: whether package can be installed
Result: WARN Found the following significant warnings: ugee.c:813:54: warning: format '%lu' expects argument of type 'long unsigned int', but argument 2 has type 'long long unsigned int' [-Wformat=] See 'd:/Rcompile/CRANpkg/local/4.4/gee.Rcheck/00install.out' for details. * used C compiler: 'gcc.exe (GCC) 12.3.0' * used Fortran compiler: 'GNU Fortran (GCC) 12.3.0' Flavor: r-devel-windows-x86_64