CRAN Package Check Results for Package geex

Last updated on 2018-08-17 14:47:51 CEST.

Flavor Version Tinstall Tcheck Ttotal Status Flags
r-devel-linux-x86_64-debian-clang 1.0.3 3.11 119.38 122.49 OK
r-devel-linux-x86_64-debian-gcc 1.0.3 2.25 92.87 95.12 OK
r-devel-linux-x86_64-fedora-clang 1.0.3 145.49 NOTE
r-devel-linux-x86_64-fedora-gcc 1.0.3 144.50 NOTE
r-devel-windows-ix86+x86_64 1.0.3 10.00 183.00 193.00 OK
r-patched-linux-x86_64 1.0.3 3.09 117.14 120.23 OK
r-patched-solaris-x86 1.0.3 167.60 NOTE
r-release-linux-x86_64 1.0.3 2.26 114.98 117.24 OK
r-release-windows-ix86+x86_64 1.0.3 13.00 170.00 183.00 OK
r-release-osx-x86_64 1.0.3 NOTE
r-oldrel-windows-ix86+x86_64 1.0.3 8.00 140.00 148.00 OK
r-oldrel-osx-x86_64 1.0.3 NOTE

Check Details

Version: 1.0.3
Check: dependencies in R code
Result: NOTE
    Namespace in Imports field not imported from: ‘rootSolve’
     All declared Imports should be used.
Flavors: r-devel-linux-x86_64-fedora-clang, r-devel-linux-x86_64-fedora-gcc, r-patched-solaris-x86, r-release-osx-x86_64, r-oldrel-osx-x86_64