CRAN Package Check Results for Package geex

Last updated on 2018-02-21 12:47:41 CET.

Flavor Version Tinstall Tcheck Ttotal Status Flags
r-devel-linux-x86_64-debian-clang 1.0.3 2.56 119.40 121.96 OK
r-devel-linux-x86_64-debian-gcc 1.0.3 2.36 95.27 97.63 OK
r-devel-linux-x86_64-fedora-clang 1.0.3 139.74 NOTE
r-devel-linux-x86_64-fedora-gcc 1.0.3 136.53 NOTE
r-devel-windows-ix86+x86_64 1.0.3 7.00 124.00 131.00 OK
r-patched-linux-x86_64 1.0.3 1.80 131.93 133.73 OK
r-patched-solaris-x86 1.0.3 162.60 NOTE
r-release-linux-x86_64 1.0.3 2.05 129.07 131.12 OK
r-release-windows-ix86+x86_64 1.0.3 8.00 174.00 182.00 OK
r-release-osx-x86_64 1.0.3 NOTE
r-oldrel-windows-ix86+x86_64 1.0.3 4.00 140.00 144.00 OK
r-oldrel-osx-x86_64 1.0.3 NOTE

Check Details

Version: 1.0.3
Check: dependencies in R code
Result: NOTE
    Namespace in Imports field not imported from: ‘rootSolve’
     All declared Imports should be used.
Flavors: r-devel-linux-x86_64-fedora-clang, r-devel-linux-x86_64-fedora-gcc, r-patched-solaris-x86, r-release-osx-x86_64, r-oldrel-osx-x86_64