CRAN Package Check Results for Package geex

Last updated on 2018-05-26 06:48:03 CEST.

Flavor Version Tinstall Tcheck Ttotal Status Flags
r-devel-linux-x86_64-debian-clang 1.0.3 3.30 124.25 127.55 OK
r-devel-linux-x86_64-debian-gcc 1.0.3 2.43 95.25 97.68 OK
r-devel-linux-x86_64-fedora-clang 1.0.3 145.41 NOTE
r-devel-linux-x86_64-fedora-gcc 1.0.3 142.87 NOTE
r-devel-windows-ix86+x86_64 1.0.3 8.00 131.00 139.00 OK
r-patched-linux-x86_64 1.0.3 2.64 114.55 117.19 OK
r-patched-solaris-x86 1.0.3 164.60 NOTE
r-release-linux-x86_64 1.0.3 2.13 115.45 117.58 OK
r-release-windows-ix86+x86_64 1.0.3 11.00 184.00 195.00 OK
r-release-osx-x86_64 1.0.3 NOTE
r-oldrel-windows-ix86+x86_64 1.0.3 7.00 133.00 140.00 OK
r-oldrel-osx-x86_64 1.0.3 NOTE

Check Details

Version: 1.0.3
Check: dependencies in R code
Result: NOTE
    Namespace in Imports field not imported from: ‘rootSolve’
     All declared Imports should be used.
Flavors: r-devel-linux-x86_64-fedora-clang, r-devel-linux-x86_64-fedora-gcc, r-patched-solaris-x86, r-release-osx-x86_64, r-oldrel-osx-x86_64