CRAN Package Check Results for Package geex

Last updated on 2022-11-26 10:57:59 CET.

Flavor Version Tinstall Tcheck Ttotal Status Flags
r-devel-linux-x86_64-debian-clang 1.1.1 4.69 349.37 354.06 OK
r-devel-linux-x86_64-debian-gcc 1.1.1 4.38 242.25 246.63 OK
r-devel-linux-x86_64-fedora-clang 1.1.1 426.39 NOTE
r-devel-linux-x86_64-fedora-gcc 1.1.1 408.67 NOTE
r-devel-windows-x86_64 1.1.1 54.00 366.00 420.00 OK
r-patched-linux-x86_64 1.1.1 OK
r-release-linux-x86_64 1.1.1 4.06 307.34 311.40 OK
r-release-macos-arm64 1.1.1 86.00 NOTE
r-release-macos-x86_64 1.1.1 124.00 NOTE
r-release-windows-x86_64 1.1.1 54.00 370.00 424.00 OK
r-oldrel-macos-arm64 1.1.1 96.00 NOTE
r-oldrel-macos-x86_64 1.1.1 130.00 NOTE
r-oldrel-windows-ix86+x86_64 1.1.1 14.00 385.00 399.00 OK

Check Details

Version: 1.1.1
Check: dependencies in R code
Result: NOTE
    Namespace in Imports field not imported from: ‘rootSolve’
     All declared Imports should be used.
Flavors: r-devel-linux-x86_64-fedora-clang, r-devel-linux-x86_64-fedora-gcc, r-release-macos-arm64, r-release-macos-x86_64, r-oldrel-macos-arm64, r-oldrel-macos-x86_64