Last updated on 2021-01-17 09:48:33 CET.
Flavor | Version | Tinstall | Tcheck | Ttotal | Status | Flags |
---|---|---|---|---|---|---|
r-devel-linux-x86_64-debian-clang | 2.0.7 | 48.04 | 151.70 | 199.74 | OK | |
r-devel-linux-x86_64-debian-gcc | 2.0.7 | 32.54 | 114.16 | 146.70 | OK | |
r-devel-linux-x86_64-fedora-clang | 2.0.7 | 249.89 | NOTE | |||
r-devel-linux-x86_64-fedora-gcc | 2.0.7 | 271.74 | OK | |||
r-devel-windows-ix86+x86_64 | 2.0.7 | 67.00 | 193.00 | 260.00 | OK | |
r-patched-linux-x86_64 | 2.0.7 | 39.04 | 139.60 | 178.64 | OK | |
r-patched-solaris-x86 | 2.0.7 | 275.30 | OK | |||
r-release-linux-x86_64 | 2.0.7 | 41.39 | 139.32 | 180.71 | OK | |
r-release-macos-x86_64 | 2.0.7 | OK | ||||
r-release-windows-ix86+x86_64 | 2.0.7 | 79.00 | 185.00 | 264.00 | OK | |
r-oldrel-macos-x86_64 | 2.0.7 | OK | ||||
r-oldrel-windows-ix86+x86_64 | 2.0.7 | 88.00 | 154.00 | 242.00 | OK |
Version: 2.0.7
Check: Rd cross-references
Result: NOTE
Undeclared package ‘TreeSim’ in Rd xrefs
Flavor: r-devel-linux-x86_64-fedora-clang