CRAN Package Check Results for Package gelnet

Last updated on 2018-08-16 12:50:12 CEST.

Flavor Version Tinstall Tcheck Ttotal Status Flags
r-devel-linux-x86_64-debian-clang 1.2.1 2.38 21.56 23.94 NOTE
r-devel-linux-x86_64-debian-gcc 1.2.1 1.89 17.11 19.00 NOTE
r-devel-linux-x86_64-fedora-clang 1.2.1 29.29 NOTE
r-devel-linux-x86_64-fedora-gcc 1.2.1 27.31 NOTE
r-devel-windows-ix86+x86_64 1.2.1 6.00 50.00 56.00 OK
r-patched-linux-x86_64 1.2.1 2.16 19.76 21.92 NOTE
r-patched-solaris-x86 1.2.1 40.20 OK
r-release-linux-x86_64 1.2.1 1.70 19.78 21.48 NOTE
r-release-windows-ix86+x86_64 1.2.1 7.00 46.00 53.00 OK
r-release-osx-x86_64 1.2.1 OK
r-oldrel-windows-ix86+x86_64 1.2.1 11.00 34.00 45.00 OK
r-oldrel-osx-x86_64 1.2.1 OK

Check Details

Version: 1.2.1
Check: compiled code
Result: NOTE
    File ‘gelnet/libs/gelnet.so’:
     Found no calls to: ‘R_registerRoutines’, ‘R_useDynamicSymbols’
    
    It is good practice to register native routines and to disable symbol
    search.
    
    See ‘Writing portable packages’ in the ‘Writing R Extensions’ manual.
Flavors: r-devel-linux-x86_64-debian-clang, r-devel-linux-x86_64-debian-gcc, r-devel-linux-x86_64-fedora-clang, r-devel-linux-x86_64-fedora-gcc, r-patched-linux-x86_64, r-release-linux-x86_64