CRAN Package Check Results for Package gelnet

Last updated on 2018-10-17 08:48:16 CEST.

Flavor Version Tinstall Tcheck Ttotal Status Flags
r-devel-linux-x86_64-debian-clang 1.2.1 2.58 21.38 23.96 OK
r-devel-linux-x86_64-debian-gcc 1.2.1 1.88 17.34 19.22 OK
r-devel-linux-x86_64-fedora-clang 1.2.1 28.51 NOTE
r-devel-linux-x86_64-fedora-gcc 1.2.1 27.33 NOTE
r-devel-windows-ix86+x86_64 1.2.1 9.00 52.00 61.00 OK
r-patched-linux-x86_64 1.2.1 2.22 20.00 22.22 OK
r-patched-solaris-x86 1.2.1 38.80 OK
r-release-linux-x86_64 1.2.1 2.03 19.72 21.75 OK
r-release-windows-ix86+x86_64 1.2.1 6.00 49.00 55.00 OK
r-release-osx-x86_64 1.2.1 OK
r-oldrel-windows-ix86+x86_64 1.2.1 8.00 48.00 56.00 OK
r-oldrel-osx-x86_64 1.2.1 OK

Check Details

Version: 1.2.1
Check: compiled code
Result: NOTE
    File ‘gelnet/libs/gelnet.so’:
     Found no calls to: ‘R_registerRoutines’, ‘R_useDynamicSymbols’
    
    It is good practice to register native routines and to disable symbol
    search.
    
    See ‘Writing portable packages’ in the ‘Writing R Extensions’ manual.
Flavors: r-devel-linux-x86_64-fedora-clang, r-devel-linux-x86_64-fedora-gcc