CRAN Package Check Results for Package gelnet

Last updated on 2018-02-18 04:46:27 CET.

Flavor Version Tinstall Tcheck Ttotal Status Flags
r-devel-linux-x86_64-debian-clang 1.2.1 2.23 19.94 22.17 NOTE
r-devel-linux-x86_64-debian-gcc 1.2.1 1.79 15.74 17.53 NOTE
r-devel-linux-x86_64-fedora-clang 1.2.1 26.22 NOTE
r-devel-linux-x86_64-fedora-gcc 1.2.1 24.68 NOTE
r-devel-windows-ix86+x86_64 1.2.1 5.00 36.00 41.00 OK
r-patched-linux-x86_64 1.2.1 1.41 20.33 21.74 NOTE
r-patched-solaris-x86 1.2.1 35.90 OK
r-release-linux-x86_64 1.2.1 1.52 20.56 22.08 NOTE
r-release-windows-ix86+x86_64 1.2.1 8.00 32.00 40.00 OK
r-release-osx-x86_64 1.2.1 OK
r-oldrel-windows-ix86+x86_64 1.2.1 5.00 40.00 45.00 OK
r-oldrel-osx-x86_64 1.2.1 OK

Check Details

Version: 1.2.1
Check: compiled code
Result: NOTE
    File ‘gelnet/libs/gelnet.so’:
     Found no calls to: ‘R_registerRoutines’, ‘R_useDynamicSymbols’
    
    It is good practice to register native routines and to disable symbol
    search.
    
    See ‘Writing portable packages’ in the ‘Writing R Extensions’ manual.
Flavors: r-devel-linux-x86_64-debian-clang, r-devel-linux-x86_64-debian-gcc, r-devel-linux-x86_64-fedora-clang, r-devel-linux-x86_64-fedora-gcc, r-patched-linux-x86_64, r-release-linux-x86_64