CRAN Package Check Results for Package gelnet

Last updated on 2019-01-23 09:50:21 CET.

Flavor Version Tinstall Tcheck Ttotal Status Flags
r-devel-linux-x86_64-debian-clang 1.2.1 2.45 21.93 24.38 OK
r-devel-linux-x86_64-debian-gcc 1.2.1 1.76 17.11 18.87 OK
r-devel-linux-x86_64-fedora-clang 1.2.1 28.60 NOTE
r-devel-linux-x86_64-fedora-gcc 1.2.1 27.25 NOTE
r-devel-windows-ix86+x86_64 1.2.1 12.00 51.00 63.00 OK
r-patched-linux-x86_64 1.2.1 1.98 20.26 22.24 OK
r-patched-solaris-x86 1.2.1 40.70 OK
r-release-linux-x86_64 1.2.1 2.15 19.84 21.99 OK
r-release-windows-ix86+x86_64 1.2.1 6.00 69.00 75.00 OK
r-release-osx-x86_64 1.2.1 OK
r-oldrel-windows-ix86+x86_64 1.2.1 5.00 52.00 57.00 OK
r-oldrel-osx-x86_64 1.2.1 OK

Check Details

Version: 1.2.1
Check: compiled code
Result: NOTE
    File ‘gelnet/libs/gelnet.so’:
     Found no calls to: ‘R_registerRoutines’, ‘R_useDynamicSymbols’
    
    It is good practice to register native routines and to disable symbol
    search.
    
    See ‘Writing portable packages’ in the ‘Writing R Extensions’ manual.
Flavors: r-devel-linux-x86_64-fedora-clang, r-devel-linux-x86_64-fedora-gcc