CRAN Package Check Results for Package gelnet

Last updated on 2018-05-26 21:46:38 CEST.

Flavor Version Tinstall Tcheck Ttotal Status Flags
r-devel-linux-x86_64-debian-clang 1.2.1 2.36 20.53 22.89 NOTE
r-devel-linux-x86_64-debian-gcc 1.2.1 1.96 16.46 18.42 NOTE
r-devel-linux-x86_64-fedora-clang 1.2.1 27.63 NOTE
r-devel-linux-x86_64-fedora-gcc 1.2.1 27.20 NOTE
r-devel-windows-ix86+x86_64 1.2.1 6.00 49.00 55.00 OK
r-patched-linux-x86_64 1.2.1 2.10 19.42 21.52 NOTE
r-patched-solaris-x86 1.2.1 39.10 OK
r-release-linux-x86_64 1.2.1 2.13 19.46 21.59 NOTE
r-release-windows-ix86+x86_64 1.2.1 8.00 48.00 56.00 OK
r-release-osx-x86_64 1.2.1 OK
r-oldrel-windows-ix86+x86_64 1.2.1 8.00 33.00 41.00 OK
r-oldrel-osx-x86_64 1.2.1 OK

Check Details

Version: 1.2.1
Check: compiled code
Result: NOTE
    File ‘gelnet/libs/gelnet.so’:
     Found no calls to: ‘R_registerRoutines’, ‘R_useDynamicSymbols’
    
    It is good practice to register native routines and to disable symbol
    search.
    
    See ‘Writing portable packages’ in the ‘Writing R Extensions’ manual.
Flavors: r-devel-linux-x86_64-debian-clang, r-devel-linux-x86_64-debian-gcc, r-devel-linux-x86_64-fedora-clang, r-devel-linux-x86_64-fedora-gcc, r-patched-linux-x86_64, r-release-linux-x86_64