CRAN Package Check Results for Package gemtc

Last updated on 2018-05-23 07:50:05 CEST.

Flavor Version Tinstall Tcheck Ttotal Status Flags
r-devel-linux-x86_64-debian-clang 0.8-2 8.74 95.96 104.70 NOTE
r-devel-linux-x86_64-debian-gcc 0.8-2 5.68 72.44 78.12 NOTE
r-devel-linux-x86_64-fedora-clang 0.8-2 120.04 NOTE
r-devel-linux-x86_64-fedora-gcc 0.8-2 113.29 NOTE
r-devel-windows-ix86+x86_64 0.8-2 12.00 197.00 209.00 OK
r-patched-linux-x86_64 0.8-2 5.60 90.38 95.98 NOTE
r-patched-solaris-x86 0.8-2 157.40 OK
r-release-linux-x86_64 0.8-2 8.15 91.56 99.71 NOTE
r-release-windows-ix86+x86_64 0.8-2 18.00 144.00 162.00 OK
r-release-osx-x86_64 0.8-2 ERROR
r-oldrel-windows-ix86+x86_64 0.8-2 12.00 207.00 219.00 OK
r-oldrel-osx-x86_64 0.8-2 ERROR

Check Details

Version: 0.8-2
Check: compiled code
Result: NOTE
    File ‘gemtc/libs/gemtc.so’:
     Found no calls to: ‘R_registerRoutines’, ‘R_useDynamicSymbols’
    
    It is good practice to register native routines and to disable symbol
    search.
    
    See ‘Writing portable packages’ in the ‘Writing R Extensions’ manual.
Flavors: r-devel-linux-x86_64-debian-clang, r-devel-linux-x86_64-debian-gcc, r-devel-linux-x86_64-fedora-clang, r-devel-linux-x86_64-fedora-gcc, r-patched-linux-x86_64, r-release-linux-x86_64

Version: 0.8-2
Check: package dependencies
Result: ERROR
    Package required but not available: ‘Rglpk’
    
    See section ‘The DESCRIPTION file’ in the ‘Writing R Extensions’
    manual.
Flavors: r-release-osx-x86_64, r-oldrel-osx-x86_64