CRAN Package Check Results for Package genBaRcode

Last updated on 2018-08-20 23:47:57 CEST.

Flavor Version Tinstall Tcheck Ttotal Status Flags
r-devel-linux-x86_64-debian-clang 1.1.0 3.71 58.68 62.39 OK
r-devel-linux-x86_64-debian-gcc 1.1.0 3.05 50.11 53.16 OK
r-devel-linux-x86_64-fedora-clang 1.1.0 68.27 OK
r-devel-linux-x86_64-fedora-gcc 1.1.0 65.61 OK
r-devel-windows-ix86+x86_64 1.1.0 9.00 98.00 107.00 OK
r-patched-linux-x86_64 1.1.0 3.68 55.33 59.01 OK
r-patched-solaris-x86 1.1.0 90.40 OK
r-release-linux-x86_64 1.1.0 3.58 55.81 59.39 OK
r-release-windows-ix86+x86_64 1.1.0 13.00 79.00 92.00 OK
r-release-osx-x86_64 1.1.0 ERROR
r-oldrel-windows-ix86+x86_64 1.1.0 6.00 96.00 102.00 OK
r-oldrel-osx-x86_64 1.1.0 OK

Check Details

Version: 1.1.0
Check: package dependencies
Result: ERROR
    Package required but not available: ‘ShortRead’
    
    See section ‘The DESCRIPTION file’ in the ‘Writing R Extensions’
    manual.
Flavor: r-release-osx-x86_64