CRAN Package Check Results for Package genBaRcode

Last updated on 2018-11-18 12:46:22 CET.

Flavor Version Tinstall Tcheck Ttotal Status Flags
r-devel-linux-x86_64-debian-clang 1.1.0 3.01 57.10 60.11 OK
r-devel-linux-x86_64-debian-gcc 1.1.0 3.08 47.42 50.50 OK
r-devel-linux-x86_64-fedora-clang 1.1.0 63.58 OK
r-devel-linux-x86_64-fedora-gcc 1.1.0 60.36 OK
r-devel-windows-ix86+x86_64 1.1.0 10.00 60.00 70.00 OK
r-patched-linux-x86_64 1.1.0 3.05 51.99 55.04 OK
r-patched-solaris-x86 1.1.0 91.40 OK
r-release-linux-x86_64 1.1.0 4.01 53.19 57.20 OK
r-release-windows-ix86+x86_64 1.1.0 9.00 75.00 84.00 OK
r-release-osx-x86_64 1.1.0 ERROR
r-oldrel-windows-ix86+x86_64 1.1.0 5.00 79.00 84.00 OK
r-oldrel-osx-x86_64 1.1.0 OK

Check Details

Version: 1.1.0
Check: package dependencies
Result: ERROR
    Package required but not available: ‘ShortRead’
    
    See section ‘The DESCRIPTION file’ in the ‘Writing R Extensions’
    manual.
Flavor: r-release-osx-x86_64