CRAN Package Check Results for Package genBaRcode

Last updated on 2018-05-28 01:46:35 CEST.

Flavor Version Tinstall Tcheck Ttotal Status Flags
r-devel-linux-x86_64-debian-clang 1.0.0 3.94 55.38 59.32 OK
r-devel-linux-x86_64-debian-gcc 1.0.0 2.08 51.23 53.31 OK
r-devel-linux-x86_64-fedora-clang 1.0.0 74.91 OK
r-devel-linux-x86_64-fedora-gcc 1.0.0 74.24 OK
r-devel-windows-ix86+x86_64 1.0.0 6.00 69.00 75.00 OK
r-patched-linux-x86_64 1.0.0 2.69 54.17 56.86 OK
r-patched-solaris-x86 1.0.0 95.50 OK
r-release-linux-x86_64 1.0.0 2.71 54.86 57.57 OK
r-release-windows-ix86+x86_64 1.0.0 10.00 88.00 98.00 OK
r-release-osx-x86_64 1.0.0 ERROR
r-oldrel-windows-ix86+x86_64 1.0.0 8.00 62.00 70.00 OK
r-oldrel-osx-x86_64 1.0.0 OK

Check Details

Version: 1.0.0
Check: package dependencies
Result: ERROR
    Package required but not available: ‘ShortRead’
    
    See section ‘The DESCRIPTION file’ in the ‘Writing R Extensions’
    manual.
Flavor: r-release-osx-x86_64