CRAN Package Check Results for Package genBaRcode

Last updated on 2019-02-16 19:47:27 CET.

Flavor Version Tinstall Tcheck Ttotal Status Flags
r-devel-linux-x86_64-debian-clang 1.1.0 4.19 57.22 61.41 OK
r-devel-linux-x86_64-debian-gcc 1.1.0 3.62 49.49 53.11 OK
r-devel-linux-x86_64-fedora-clang 1.1.0 69.38 OK
r-devel-linux-x86_64-fedora-gcc 1.1.0 68.34 OK
r-devel-windows-ix86+x86_64 1.1.0 12.00 77.00 89.00 ERROR
r-patched-linux-x86_64 1.1.0 3.89 56.25 60.14 OK
r-patched-solaris-x86 1.1.0 94.50 OK
r-release-linux-x86_64 1.1.0 OK
r-release-windows-ix86+x86_64 1.1.0 6.00 54.00 60.00 ERROR
r-release-osx-x86_64 1.1.0 ERROR
r-oldrel-windows-ix86+x86_64 1.1.0 13.00 88.00 101.00 OK
r-oldrel-osx-x86_64 1.1.0 OK

Check Details

Version: 1.1.0
Check: examples
Result: ERROR
    Running examples in 'genBaRcode-Ex.R' failed
    The error most likely occurred in:
    
    > ### Name: plotClusterGgTree
    > ### Title: Plotting a Cluster ggTree
    > ### Aliases: plotClusterGgTree
    >
    > ### ** Examples
    >
    > data(BC_dat)
    > plotClusterGgTree(BC_dat, tree_est = "UPGMA", type = "circular")
    Error: object 'as_data_frame' is not exported by 'namespace:tidytree'
    Execution halted
Flavors: r-devel-windows-ix86+x86_64, r-release-windows-ix86+x86_64

Version: 1.1.0
Check: package dependencies
Result: ERROR
    Package required but not available: ‘ShortRead’
    
    See section ‘The DESCRIPTION file’ in the ‘Writing R Extensions’
    manual.
Flavor: r-release-osx-x86_64