CRAN Package Check Results for Package genalg

Last updated on 2019-10-23 10:48:40 CEST.

Flavor Version Tinstall Tcheck Ttotal Status Flags
r-devel-linux-x86_64-debian-clang 0.2.0 2.08 25.84 27.92 NOTE
r-devel-linux-x86_64-debian-gcc 0.2.0 1.57 20.17 21.74 NOTE
r-devel-linux-x86_64-fedora-clang 0.2.0 34.44 NOTE
r-devel-linux-x86_64-fedora-gcc 0.2.0 32.99 NOTE
r-devel-windows-ix86+x86_64 0.2.0 6.00 44.00 50.00 NOTE
r-patched-linux-x86_64 0.2.0 1.56 25.56 27.12 NOTE
r-patched-solaris-x86 0.2.0 51.30 NOTE
r-release-linux-x86_64 0.2.0 1.70 26.00 27.70 NOTE
r-release-windows-ix86+x86_64 0.2.0 5.00 51.00 56.00 NOTE
r-release-osx-x86_64 0.2.0 NOTE
r-oldrel-windows-ix86+x86_64 0.2.0 3.00 33.00 36.00 NOTE
r-oldrel-osx-x86_64 0.2.0 NOTE

Check Details

Version: 0.2.0
Check: R code for possible problems
Result: NOTE
    plot.rbga: no visible global function definition for 'par'
    plot.rbga: no visible global function definition for 'hist'
    plot.rbga: no visible global function definition for 'plot'
    plot.rbga: no visible global function definition for 'lines'
    rbga: no visible global function definition for 'runif'
    rbga: no visible global function definition for 'dnorm'
    rbga.bin: no visible global function definition for 'dnorm'
    rbga.bin: no visible global function definition for 'runif'
    Undefined global functions or variables:
     dnorm hist lines par plot runif
    Consider adding
     importFrom("graphics", "hist", "lines", "par", "plot")
     importFrom("stats", "dnorm", "runif")
    to your NAMESPACE file.
Flavors: r-devel-linux-x86_64-debian-clang, r-devel-linux-x86_64-debian-gcc, r-devel-linux-x86_64-fedora-clang, r-devel-linux-x86_64-fedora-gcc, r-devel-windows-ix86+x86_64, r-patched-linux-x86_64, r-patched-solaris-x86, r-release-linux-x86_64, r-release-windows-ix86+x86_64, r-release-osx-x86_64, r-oldrel-windows-ix86+x86_64, r-oldrel-osx-x86_64