CRAN Package Check Results for Package gender

Last updated on 2017-03-29 23:53:06.

Flavor Version Tinstall Tcheck Ttotal Status Flags
r-devel-linux-x86_64-debian-clang 0.5.1 1.19 23.54 24.74 NOTE
r-devel-linux-x86_64-debian-gcc 0.5.1 1.19 22.86 24.05 NOTE
r-devel-linux-x86_64-fedora-clang 0.5.1 46.80 NOTE --no-stop-on-test-error
r-devel-linux-x86_64-fedora-gcc 0.5.1 47.08 NOTE --no-stop-on-test-error
r-devel-macos-x86_64-clang 0.5.1 37.65 NOTE --no-stop-on-test-error
r-devel-windows-ix86+x86_64 0.5.1 4.00 46.00 50.00 NOTE
r-patched-linux-x86_64 0.5.1 1.33 23.06 24.39 NOTE
r-patched-solaris-sparc 0.5.1 290.20 NOTE
r-patched-solaris-x86 0.5.1 61.60 NOTE
r-release-linux-x86_64 0.5.1 1.18 18.61 19.79 NOTE
r-release-osx-x86_64-mavericks 0.5.1 NOTE
r-release-windows-ix86+x86_64 0.5.1 11.00 59.00 70.00 NOTE
r-oldrel-windows-ix86+x86_64 0.5.1 11.00 110.00 121.00 NOTE

Check Details

Version: 0.5.1
Check: package dependencies
Result: NOTE
    Package suggested but not available for checking: ‘genderdata’
Flavors: r-devel-linux-x86_64-debian-clang, r-devel-linux-x86_64-debian-gcc, r-devel-windows-ix86+x86_64, r-patched-linux-x86_64, r-patched-solaris-sparc, r-patched-solaris-x86, r-release-linux-x86_64, r-release-osx-x86_64-mavericks, r-release-windows-ix86+x86_64, r-oldrel-windows-ix86+x86_64

Version: 0.5.1
Flags: --no-stop-on-test-error
Check: package dependencies
Result: NOTE
    Package suggested but not available for checking: ‘genderdata’
Flavors: r-devel-linux-x86_64-fedora-clang, r-devel-linux-x86_64-fedora-gcc, r-devel-macos-x86_64-clang