CRAN Package Check Results for Package gender

Last updated on 2017-09-24 15:49:38.

Flavor Version Tinstall Tcheck Ttotal Status Flags
r-devel-linux-x86_64-debian-clang 0.5.1 1.38 24.98 26.36 NOTE
r-devel-linux-x86_64-debian-gcc 0.5.1 1.24 24.76 26.00 NOTE
r-devel-linux-x86_64-fedora-clang 0.5.1 48.83 NOTE
r-devel-linux-x86_64-fedora-gcc 0.5.1 47.02 NOTE
r-devel-windows-ix86+x86_64 0.5.1 6.00 48.00 54.00 NOTE
r-patched-linux-x86_64 0.5.1 1.33 23.90 25.23 NOTE
r-patched-solaris-x86 0.5.1 64.90 NOTE
r-release-linux-x86_64 0.5.1 1.32 24.47 25.79 NOTE
r-release-windows-ix86+x86_64 0.5.1 4.00 49.00 53.00 NOTE
r-release-osx-x86_64 0.5.1 NOTE
r-oldrel-windows-ix86+x86_64 0.5.1 4.00 43.00 47.00 NOTE
r-oldrel-osx-x86_64 0.5.1 NOTE

Check Details

Version: 0.5.1
Check: package dependencies
Result: NOTE
    Package suggested but not available for checking: ‘genderdata’
Flavors: r-devel-linux-x86_64-debian-clang, r-devel-linux-x86_64-debian-gcc, r-devel-linux-x86_64-fedora-clang, r-devel-linux-x86_64-fedora-gcc, r-devel-windows-ix86+x86_64, r-patched-linux-x86_64, r-patched-solaris-x86, r-release-linux-x86_64, r-release-windows-ix86+x86_64, r-release-osx-x86_64, r-oldrel-windows-ix86+x86_64, r-oldrel-osx-x86_64