CRAN Package Check Results for Package gender

Last updated on 2017-07-28 17:46:21.

Flavor Version Tinstall Tcheck Ttotal Status Flags
r-devel-linux-x86_64-debian-clang 0.5.1 1.26 30.24 31.51 NOTE
r-devel-linux-x86_64-debian-gcc 0.5.1 1.14 30.41 31.56 NOTE
r-devel-linux-x86_64-fedora-clang 0.5.1 46.85 NOTE
r-devel-linux-x86_64-fedora-gcc 0.5.1 48.33 NOTE
r-devel-windows-ix86+x86_64 0.5.1 5.00 46.00 51.00 NOTE
r-patched-linux-x86_64 0.5.1 1.15 30.01 31.16 NOTE
r-patched-solaris-x86 0.5.1 62.90 NOTE
r-release-linux-x86_64 0.5.1 1.27 30.52 31.79 NOTE
r-release-windows-ix86+x86_64 0.5.1 8.00 65.00 73.00 NOTE
r-release-osx-x86_64 0.5.1 NOTE
r-oldrel-windows-ix86+x86_64 0.5.1 5.00 40.00 45.00 NOTE
r-oldrel-osx-x86_64 0.5.1 NOTE

Check Details

Version: 0.5.1
Check: package dependencies
Result: NOTE
    Package suggested but not available for checking: ‘genderdata’
Flavors: r-devel-linux-x86_64-debian-clang, r-devel-linux-x86_64-debian-gcc, r-devel-linux-x86_64-fedora-clang, r-devel-linux-x86_64-fedora-gcc, r-devel-windows-ix86+x86_64, r-patched-linux-x86_64, r-patched-solaris-x86, r-release-linux-x86_64, r-release-windows-ix86+x86_64, r-release-osx-x86_64, r-oldrel-windows-ix86+x86_64, r-oldrel-osx-x86_64