CRAN Package Check Results for Package gender

Last updated on 2018-05-26 04:50:55 CEST.

Flavor Version Tinstall Tcheck Ttotal Status Flags
r-devel-linux-x86_64-debian-clang 0.5.2 3.28 38.33 41.61 NOTE
r-devel-linux-x86_64-debian-gcc 0.5.2 2.23 30.53 32.76 NOTE
r-devel-linux-x86_64-fedora-clang 0.5.2 48.46 NOTE
r-devel-linux-x86_64-fedora-gcc 0.5.2 47.08 NOTE
r-devel-windows-ix86+x86_64 0.5.2 7.00 52.00 59.00 NOTE
r-patched-linux-x86_64 0.5.2 1.86 34.60 36.46 NOTE
r-patched-solaris-x86 0.5.2 67.30 NOTE
r-release-linux-x86_64 0.5.2 2.41 34.40 36.81 NOTE
r-release-windows-ix86+x86_64 0.5.2 8.00 70.00 78.00 NOTE
r-release-osx-x86_64 0.5.2 NOTE
r-oldrel-windows-ix86+x86_64 0.5.2 7.00 54.00 61.00 NOTE
r-oldrel-osx-x86_64 0.5.2 NOTE

Check Details

Version: 0.5.2
Check: package dependencies
Result: NOTE
    Package suggested but not available for checking: ‘genderdata’
Flavors: r-devel-linux-x86_64-debian-clang, r-devel-linux-x86_64-debian-gcc, r-devel-linux-x86_64-fedora-clang, r-devel-linux-x86_64-fedora-gcc, r-devel-windows-ix86+x86_64, r-patched-linux-x86_64, r-patched-solaris-x86, r-release-linux-x86_64, r-release-windows-ix86+x86_64, r-release-osx-x86_64, r-oldrel-windows-ix86+x86_64, r-oldrel-osx-x86_64