CRAN Package Check Results for Package gender

Last updated on 2017-05-29 19:47:54.

Flavor Version Tinstall Tcheck Ttotal Status Flags
r-devel-linux-x86_64-debian-clang 0.5.1 1.72 25.19 26.91 NOTE
r-devel-linux-x86_64-debian-gcc 0.5.1 1.31 24.18 25.49 NOTE
r-devel-linux-x86_64-fedora-clang 0.5.1 47.67 NOTE
r-devel-linux-x86_64-fedora-gcc 0.5.1 47.11 NOTE
r-devel-windows-ix86+x86_64 0.5.1 5.00 68.00 73.00 NOTE
r-patched-linux-x86_64 0.5.1 1.31 24.88 26.20 NOTE
r-patched-solaris-sparc 0.5.1 290.20 NOTE
r-patched-solaris-x86 0.5.1 61.40 NOTE
r-release-linux-x86_64 0.5.1 1.27 24.74 26.00 NOTE
r-release-windows-ix86+x86_64 0.5.1 6.00 65.00 71.00 NOTE
r-release-osx-x86_64 0.5.1 NOTE
r-oldrel-windows-ix86+x86_64 0.5.1 4.00 38.00 42.00 NOTE
r-oldrel-osx-x86_64 0.5.1 NOTE

Check Details

Version: 0.5.1
Check: package dependencies
Result: NOTE
    Package suggested but not available for checking: ‘genderdata’
Flavors: r-devel-linux-x86_64-debian-clang, r-devel-linux-x86_64-debian-gcc, r-devel-linux-x86_64-fedora-clang, r-devel-linux-x86_64-fedora-gcc, r-devel-windows-ix86+x86_64, r-patched-linux-x86_64, r-patched-solaris-sparc, r-patched-solaris-x86, r-release-linux-x86_64, r-release-windows-ix86+x86_64, r-release-osx-x86_64, r-oldrel-windows-ix86+x86_64, r-oldrel-osx-x86_64