CRAN Package Check Results for Package gender

Last updated on 2018-02-25 08:48:46 CET.

Flavor Version Tinstall Tcheck Ttotal Status Flags
r-devel-linux-x86_64-debian-clang 0.5.1 2.05 34.32 36.37 NOTE
r-devel-linux-x86_64-debian-gcc 0.5.1 1.70 26.56 28.26 NOTE
r-devel-linux-x86_64-fedora-clang 0.5.1 43.23 NOTE
r-devel-linux-x86_64-fedora-gcc 0.5.1 41.78 NOTE
r-devel-windows-ix86+x86_64 0.5.1 7.00 72.00 79.00 NOTE
r-patched-linux-x86_64 0.5.1 2.06 40.18 42.24 NOTE
r-patched-solaris-x86 0.5.1 67.50 NOTE
r-release-linux-x86_64 0.5.1 2.04 39.82 41.86 NOTE
r-release-windows-ix86+x86_64 0.5.1 10.00 74.00 84.00 NOTE
r-release-osx-x86_64 0.5.1 NOTE
r-oldrel-windows-ix86+x86_64 0.5.1 5.00 47.00 52.00 NOTE
r-oldrel-osx-x86_64 0.5.1 NOTE

Check Details

Version: 0.5.1
Check: package dependencies
Result: NOTE
    Package suggested but not available for checking: ‘genderdata’
Flavors: r-devel-linux-x86_64-debian-clang, r-devel-linux-x86_64-debian-gcc, r-devel-linux-x86_64-fedora-clang, r-devel-linux-x86_64-fedora-gcc, r-devel-windows-ix86+x86_64, r-patched-linux-x86_64, r-patched-solaris-x86, r-release-linux-x86_64, r-release-windows-ix86+x86_64, r-release-osx-x86_64, r-oldrel-windows-ix86+x86_64, r-oldrel-osx-x86_64