CRAN Package Check Results for Package gender

Last updated on 2018-10-19 12:46:21 CEST.

Flavor Version Tinstall Tcheck Ttotal Status Flags
r-devel-linux-x86_64-debian-clang 0.5.2 2.60 40.54 43.14 NOTE
r-devel-linux-x86_64-debian-gcc 0.5.2 2.14 31.77 33.91 NOTE
r-devel-linux-x86_64-fedora-clang 0.5.2 51.22 NOTE
r-devel-linux-x86_64-fedora-gcc 0.5.2 48.62 NOTE
r-devel-windows-ix86+x86_64 0.5.2 8.00 69.00 77.00 NOTE
r-patched-linux-x86_64 0.5.2 2.35 34.48 36.83 NOTE
r-patched-solaris-x86 0.5.2 68.00 NOTE
r-release-linux-x86_64 0.5.2 2.22 35.00 37.22 NOTE
r-release-windows-ix86+x86_64 0.5.2 7.00 47.00 54.00 NOTE
r-release-osx-x86_64 0.5.2 NOTE
r-oldrel-windows-ix86+x86_64 0.5.2 5.00 75.00 80.00 NOTE
r-oldrel-osx-x86_64 0.5.2 NOTE

Check Details

Version: 0.5.2
Check: package dependencies
Result: NOTE
    Package suggested but not available for checking: ‘genderdata’
Flavors: r-devel-linux-x86_64-debian-clang, r-devel-linux-x86_64-debian-gcc, r-devel-linux-x86_64-fedora-clang, r-devel-linux-x86_64-fedora-gcc, r-devel-windows-ix86+x86_64, r-patched-linux-x86_64, r-patched-solaris-x86, r-release-linux-x86_64, r-release-windows-ix86+x86_64, r-release-osx-x86_64, r-oldrel-windows-ix86+x86_64, r-oldrel-osx-x86_64