CRAN Package Check Results for Package gender

Last updated on 2018-08-15 18:47:57 CEST.

Flavor Version Tinstall Tcheck Ttotal Status Flags
r-devel-linux-x86_64-debian-clang 0.5.2 2.79 39.99 42.78 NOTE
r-devel-linux-x86_64-debian-gcc 0.5.2 2.29 31.46 33.75 NOTE
r-devel-linux-x86_64-fedora-clang 0.5.2 49.71 NOTE
r-devel-linux-x86_64-fedora-gcc 0.5.2 47.30 NOTE
r-devel-windows-ix86+x86_64 0.5.2 6.00 51.00 57.00 NOTE
r-patched-linux-x86_64 0.5.2 2.17 34.68 36.85 NOTE
r-patched-solaris-x86 0.5.2 69.70 NOTE
r-release-linux-x86_64 0.5.2 2.18 35.01 37.19 NOTE
r-release-windows-ix86+x86_64 0.5.2 6.00 55.00 61.00 NOTE
r-release-osx-x86_64 0.5.2 NOTE
r-oldrel-windows-ix86+x86_64 0.5.2 8.00 53.00 61.00 NOTE
r-oldrel-osx-x86_64 0.5.2 NOTE

Check Details

Version: 0.5.2
Check: package dependencies
Result: NOTE
    Package suggested but not available for checking: ‘genderdata’
Flavors: r-devel-linux-x86_64-debian-clang, r-devel-linux-x86_64-debian-gcc, r-devel-linux-x86_64-fedora-clang, r-devel-linux-x86_64-fedora-gcc, r-devel-windows-ix86+x86_64, r-patched-linux-x86_64, r-patched-solaris-x86, r-release-linux-x86_64, r-release-windows-ix86+x86_64, r-release-osx-x86_64, r-oldrel-windows-ix86+x86_64, r-oldrel-osx-x86_64