CRAN Package Check Results for Package gender

Last updated on 2019-01-24 06:47:09 CET.

Flavor Version Tinstall Tcheck Ttotal Status Flags
r-devel-linux-x86_64-debian-clang 0.5.2 2.45 38.56 41.01 NOTE
r-devel-linux-x86_64-debian-gcc 0.5.2 1.79 29.89 31.68 NOTE
r-devel-linux-x86_64-fedora-clang 0.5.2 48.06 NOTE
r-devel-linux-x86_64-fedora-gcc 0.5.2 44.67 NOTE
r-devel-windows-ix86+x86_64 0.5.2 8.00 78.00 86.00 NOTE
r-patched-linux-x86_64 0.5.2 1.76 35.66 37.42 NOTE
r-patched-solaris-x86 0.5.2 71.50 NOTE
r-release-linux-x86_64 0.5.2 2.53 35.79 38.32 NOTE
r-release-windows-ix86+x86_64 0.5.2 6.00 78.00 84.00 NOTE
r-release-osx-x86_64 0.5.2 NOTE
r-oldrel-windows-ix86+x86_64 0.5.2 7.00 59.00 66.00 NOTE
r-oldrel-osx-x86_64 0.5.2 NOTE

Check Details

Version: 0.5.2
Check: package dependencies
Result: NOTE
    Package suggested but not available for checking: ‘genderdata’
Flavors: r-devel-linux-x86_64-debian-clang, r-devel-linux-x86_64-debian-gcc, r-devel-linux-x86_64-fedora-clang, r-devel-linux-x86_64-fedora-gcc, r-devel-windows-ix86+x86_64, r-patched-linux-x86_64, r-patched-solaris-x86, r-release-linux-x86_64, r-release-windows-ix86+x86_64, r-release-osx-x86_64, r-oldrel-windows-ix86+x86_64, r-oldrel-osx-x86_64