CRAN Package Check Results for Package gender

Last updated on 2022-05-19 14:52:19 CEST.

Flavor Version Tinstall Tcheck Ttotal Status Flags
r-devel-linux-x86_64-debian-clang 0.6.0 5.22 69.75 74.97 NOTE
r-devel-linux-x86_64-debian-gcc 0.6.0 4.02 52.10 56.12 NOTE
r-devel-linux-x86_64-fedora-clang 0.6.0 87.29 NOTE
r-devel-linux-x86_64-fedora-gcc 0.6.0 84.79 NOTE
r-devel-windows-x86_64 0.6.0 19.00 82.00 101.00 NOTE
r-patched-linux-x86_64 0.6.0 4.64 65.74 70.38 NOTE
r-release-linux-x86_64 0.6.0 4.26 65.58 69.84 NOTE
r-release-macos-arm64 0.6.0 25.00 NOTE
r-release-macos-x86_64 0.6.0 48.00 NOTE
r-release-windows-x86_64 0.6.0 16.00 84.00 100.00 NOTE
r-oldrel-macos-arm64 0.6.0 28.00 NOTE
r-oldrel-macos-x86_64 0.6.0 34.00 NOTE
r-oldrel-windows-ix86+x86_64 0.6.0 14.00 74.00 88.00 NOTE

Check Details

Version: 0.6.0
Check: package dependencies
Result: NOTE
    Package suggested but not available for checking: 'genderdata'
Flavors: r-devel-linux-x86_64-debian-clang, r-devel-linux-x86_64-debian-gcc, r-devel-linux-x86_64-fedora-clang, r-devel-linux-x86_64-fedora-gcc, r-devel-windows-x86_64, r-patched-linux-x86_64, r-release-linux-x86_64, r-release-macos-arm64, r-release-macos-x86_64, r-release-windows-x86_64, r-oldrel-macos-arm64, r-oldrel-macos-x86_64, r-oldrel-windows-ix86+x86_64