CRAN Package Check Results for Package gender

Last updated on 2017-11-23 02:47:19 CET.

Flavor Version Tinstall Tcheck Ttotal Status Flags
r-devel-linux-x86_64-debian-clang 0.5.1 1.24 37.64 38.88 NOTE
r-devel-linux-x86_64-debian-gcc 0.5.1 1.44 58.92 60.36 NOTE
r-devel-linux-x86_64-fedora-clang 0.5.1 43.58 NOTE
r-devel-linux-x86_64-fedora-gcc 0.5.1 86.75 NOTE
r-devel-windows-ix86+x86_64 0.5.1 5.00 49.00 54.00 NOTE
r-patched-linux-x86_64 0.5.1 1.21 24.90 26.11 NOTE
r-patched-solaris-x86 0.5.1 63.10 NOTE
r-release-linux-x86_64 0.5.1 1.33 25.32 26.66 NOTE
r-release-windows-ix86+x86_64 0.5.1 6.00 49.00 55.00 NOTE
r-release-osx-x86_64 0.5.1 NOTE
r-oldrel-windows-ix86+x86_64 0.5.1 4.00 44.00 48.00 NOTE
r-oldrel-osx-x86_64 0.5.1 NOTE

Check Details

Version: 0.5.1
Check: package dependencies
Result: NOTE
    Package suggested but not available for checking: ‘genderdata’
Flavors: r-devel-linux-x86_64-debian-clang, r-devel-linux-x86_64-debian-gcc, r-devel-linux-x86_64-fedora-clang, r-devel-linux-x86_64-fedora-gcc, r-devel-windows-ix86+x86_64, r-patched-linux-x86_64, r-patched-solaris-x86, r-release-linux-x86_64, r-release-windows-ix86+x86_64, r-release-osx-x86_64, r-oldrel-windows-ix86+x86_64, r-oldrel-osx-x86_64