CRAN Package Check Results for Package geneExpressionFromGEO

Last updated on 2023-10-01 13:55:42 CEST.

Flavor Version Tinstall Tcheck Ttotal Status Flags
r-devel-linux-x86_64-debian-clang 0.9 1.85 36.90 38.75 OK
r-devel-linux-x86_64-debian-gcc 0.9 1.91 28.04 29.95 OK
r-devel-linux-x86_64-fedora-clang 0.9 49.40 NOTE
r-devel-linux-x86_64-fedora-gcc 0.9 57.78 NOTE
r-devel-windows-x86_64 0.9 4.00 169.00 173.00 OK
r-patched-linux-x86_64 0.9 1.77 34.77 36.54 OK
r-release-linux-x86_64 0.9 1.54 35.78 37.32 OK
r-release-macos-arm64 0.9 8.00 ERROR
r-release-macos-x86_64 0.9 43.00 OK
r-release-windows-x86_64 0.9 4.00 229.00 233.00 OK
r-oldrel-macos-arm64 0.9 29.00 NOTE
r-oldrel-macos-x86_64 0.9 39.00 NOTE
r-oldrel-windows-x86_64 0.9 4.00 339.00 343.00 OK

Check Details

Version: 0.9
Check: dependencies in R code
Result: NOTE
    Namespaces in Imports field not imported from:
     ‘BiocManager’ ‘R.utils’ ‘markdown’
     All declared Imports should be used.
Flavors: r-devel-linux-x86_64-fedora-clang, r-devel-linux-x86_64-fedora-gcc, r-oldrel-macos-arm64, r-oldrel-macos-x86_64

Version: 0.9
Check: package dependencies
Result: ERROR
    Package required but not available: ‘GEOquery’
    
    See section ‘The DESCRIPTION file’ in the ‘Writing R Extensions’
    manual.
Flavor: r-release-macos-arm64