CRAN Package Check Results for Package geneNetBP

Last updated on 2018-08-19 07:47:21 CEST.

Flavor Version Tinstall Tcheck Ttotal Status Flags
r-devel-linux-x86_64-debian-clang 2.0.1 7.12 106.84 113.96 NOTE
r-devel-linux-x86_64-debian-gcc 2.0.1 7.51 87.16 94.67 NOTE
r-devel-linux-x86_64-fedora-clang 2.0.1 141.47 NOTE
r-devel-linux-x86_64-fedora-gcc 2.0.1 139.82 NOTE
r-devel-windows-ix86+x86_64 2.0.1 20.00 214.00 234.00 NOTE
r-patched-linux-x86_64 2.0.1 6.33 92.52 98.85 NOTE
r-patched-solaris-x86 2.0.1 190.50 NOTE
r-release-linux-x86_64 2.0.1 6.96 92.20 99.16 NOTE
r-release-windows-ix86+x86_64 2.0.1 19.00 154.00 173.00 NOTE
r-release-osx-x86_64 2.0.1 NOTE
r-oldrel-windows-ix86+x86_64 2.0.1 12.00 126.00 138.00 NOTE
r-oldrel-osx-x86_64 2.0.1 NOTE

Check Details

Version: 2.0.1
Check: package dependencies
Result: NOTE
    Package suggested but not available for checking: ‘RHugin’
Flavors: r-devel-linux-x86_64-debian-clang, r-devel-linux-x86_64-debian-gcc, r-devel-linux-x86_64-fedora-clang, r-devel-linux-x86_64-fedora-gcc, r-devel-windows-ix86+x86_64, r-patched-linux-x86_64, r-patched-solaris-x86, r-release-linux-x86_64, r-release-windows-ix86+x86_64, r-release-osx-x86_64, r-oldrel-windows-ix86+x86_64, r-oldrel-osx-x86_64

Version: 2.0.1
Check: R code for possible problems
Result: NOTE
    fit.dbn: no visible global function definition for ‘as’
    Undefined global functions or variables:
     as
    Consider adding
     importFrom("methods", "as")
    to your NAMESPACE file (and ensure that your DESCRIPTION Imports field
    contains 'methods').
Flavors: r-devel-linux-x86_64-debian-clang, r-devel-linux-x86_64-debian-gcc, r-devel-linux-x86_64-fedora-clang, r-devel-linux-x86_64-fedora-gcc, r-devel-windows-ix86+x86_64, r-patched-linux-x86_64, r-patched-solaris-x86, r-release-linux-x86_64, r-release-windows-ix86+x86_64, r-release-osx-x86_64, r-oldrel-windows-ix86+x86_64, r-oldrel-osx-x86_64