CRAN Package Check Results for Package geneNetBP

Last updated on 2018-11-17 15:47:25 CET.

Flavor Version Tinstall Tcheck Ttotal Status Flags
r-devel-linux-x86_64-debian-clang 2.0.1 6.90 95.77 102.67 NOTE
r-devel-linux-x86_64-debian-gcc 2.0.1 6.44 77.70 84.14 NOTE
r-devel-linux-x86_64-fedora-clang 2.0.1 140.35 NOTE
r-devel-linux-x86_64-fedora-gcc 2.0.1 122.97 NOTE
r-devel-windows-ix86+x86_64 2.0.1 17.00 188.00 205.00 NOTE
r-patched-linux-x86_64 2.0.1 5.93 93.05 98.98 NOTE
r-patched-solaris-x86 2.0.1 189.70 NOTE
r-release-linux-x86_64 2.0.1 6.97 92.38 99.35 NOTE
r-release-windows-ix86+x86_64 2.0.1 20.00 134.00 154.00 NOTE
r-release-osx-x86_64 2.0.1 NOTE
r-oldrel-windows-ix86+x86_64 2.0.1 17.00 177.00 194.00 NOTE
r-oldrel-osx-x86_64 2.0.1 NOTE

Check Details

Version: 2.0.1
Check: package dependencies
Result: NOTE
    Package suggested but not available for checking: ‘RHugin’
Flavors: r-devel-linux-x86_64-debian-clang, r-devel-linux-x86_64-debian-gcc, r-devel-linux-x86_64-fedora-clang, r-devel-linux-x86_64-fedora-gcc, r-devel-windows-ix86+x86_64, r-patched-linux-x86_64, r-patched-solaris-x86, r-release-linux-x86_64, r-release-windows-ix86+x86_64, r-release-osx-x86_64, r-oldrel-windows-ix86+x86_64, r-oldrel-osx-x86_64

Version: 2.0.1
Check: R code for possible problems
Result: NOTE
    fit.dbn: no visible global function definition for ‘as’
    Undefined global functions or variables:
     as
    Consider adding
     importFrom("methods", "as")
    to your NAMESPACE file (and ensure that your DESCRIPTION Imports field
    contains 'methods').
Flavors: r-devel-linux-x86_64-debian-clang, r-devel-linux-x86_64-debian-gcc, r-devel-linux-x86_64-fedora-clang, r-devel-linux-x86_64-fedora-gcc, r-devel-windows-ix86+x86_64, r-patched-linux-x86_64, r-patched-solaris-x86, r-release-linux-x86_64, r-release-windows-ix86+x86_64, r-release-osx-x86_64, r-oldrel-windows-ix86+x86_64, r-oldrel-osx-x86_64