CRAN Package Check Results for Package geneNetBP

Last updated on 2019-02-16 13:46:21 CET.

Flavor Version Tinstall Tcheck Ttotal Status Flags
r-devel-linux-x86_64-debian-clang 2.0.1 7.03 101.56 108.59 NOTE
r-devel-linux-x86_64-debian-gcc 2.0.1 6.75 79.48 86.23 NOTE
r-devel-linux-x86_64-fedora-clang 2.0.1 131.72 NOTE
r-devel-linux-x86_64-fedora-gcc 2.0.1 123.06 NOTE
r-devel-windows-ix86+x86_64 2.0.1 19.00 209.00 228.00 NOTE
r-patched-linux-x86_64 2.0.1 7.50 93.24 100.74 NOTE
r-patched-solaris-x86 2.0.1 188.50 NOTE
r-release-linux-x86_64 2.0.1 NOTE
r-release-windows-ix86+x86_64 2.0.1 14.00 181.00 195.00 NOTE
r-release-osx-x86_64 2.0.1 NOTE
r-oldrel-windows-ix86+x86_64 2.0.1 19.00 184.00 203.00 NOTE
r-oldrel-osx-x86_64 2.0.1 NOTE

Check Details

Version: 2.0.1
Check: package dependencies
Result: NOTE
    Package suggested but not available for checking: ‘RHugin’
Flavors: r-devel-linux-x86_64-debian-clang, r-devel-linux-x86_64-debian-gcc, r-devel-linux-x86_64-fedora-clang, r-devel-linux-x86_64-fedora-gcc, r-devel-windows-ix86+x86_64, r-patched-linux-x86_64, r-patched-solaris-x86, r-release-linux-x86_64, r-release-windows-ix86+x86_64, r-release-osx-x86_64, r-oldrel-windows-ix86+x86_64, r-oldrel-osx-x86_64

Version: 2.0.1
Check: R code for possible problems
Result: NOTE
    fit.dbn: no visible global function definition for ‘as’
    Undefined global functions or variables:
     as
    Consider adding
     importFrom("methods", "as")
    to your NAMESPACE file (and ensure that your DESCRIPTION Imports field
    contains 'methods').
Flavors: r-devel-linux-x86_64-debian-clang, r-devel-linux-x86_64-debian-gcc, r-devel-linux-x86_64-fedora-clang, r-devel-linux-x86_64-fedora-gcc, r-devel-windows-ix86+x86_64, r-patched-linux-x86_64, r-patched-solaris-x86, r-release-linux-x86_64, r-release-windows-ix86+x86_64, r-release-osx-x86_64, r-oldrel-windows-ix86+x86_64, r-oldrel-osx-x86_64