CRAN Package Check Results for Package geneNetBP

Last updated on 2018-05-25 11:47:08 CEST.

Flavor Version Tinstall Tcheck Ttotal Status Flags
r-devel-linux-x86_64-debian-clang 2.0.1 7.35 95.69 103.04 NOTE
r-devel-linux-x86_64-debian-gcc 2.0.1 6.76 84.44 91.20 NOTE
r-devel-linux-x86_64-fedora-clang 2.0.1 143.32 NOTE
r-devel-linux-x86_64-fedora-gcc 2.0.1 139.64 NOTE
r-devel-windows-ix86+x86_64 2.0.1 12.00 193.00 205.00 NOTE
r-patched-linux-x86_64 2.0.1 7.83 90.77 98.60 NOTE
r-patched-solaris-x86 2.0.1 181.40 NOTE
r-release-linux-x86_64 2.0.1 7.72 91.22 98.94 NOTE
r-release-windows-ix86+x86_64 2.0.1 16.00 131.00 147.00 NOTE
r-release-osx-x86_64 2.0.1 NOTE
r-oldrel-windows-ix86+x86_64 2.0.1 16.00 134.00 150.00 NOTE
r-oldrel-osx-x86_64 2.0.1 NOTE

Check Details

Version: 2.0.1
Check: package dependencies
Result: NOTE
    Package suggested but not available for checking: ‘RHugin’
Flavors: r-devel-linux-x86_64-debian-clang, r-devel-linux-x86_64-debian-gcc, r-devel-linux-x86_64-fedora-clang, r-devel-linux-x86_64-fedora-gcc, r-devel-windows-ix86+x86_64, r-patched-linux-x86_64, r-patched-solaris-x86, r-release-linux-x86_64, r-release-windows-ix86+x86_64, r-release-osx-x86_64, r-oldrel-windows-ix86+x86_64, r-oldrel-osx-x86_64

Version: 2.0.1
Check: R code for possible problems
Result: NOTE
    fit.dbn: no visible global function definition for ‘as’
    Undefined global functions or variables:
     as
    Consider adding
     importFrom("methods", "as")
    to your NAMESPACE file (and ensure that your DESCRIPTION Imports field
    contains 'methods').
Flavors: r-devel-linux-x86_64-debian-clang, r-devel-linux-x86_64-debian-gcc, r-devel-linux-x86_64-fedora-clang, r-devel-linux-x86_64-fedora-gcc, r-devel-windows-ix86+x86_64, r-patched-linux-x86_64, r-patched-solaris-x86, r-release-linux-x86_64, r-release-windows-ix86+x86_64, r-release-osx-x86_64, r-oldrel-windows-ix86+x86_64, r-oldrel-osx-x86_64