CRAN Package Check Results for Package geneNetBP

Last updated on 2018-02-18 19:46:22 CET.

Flavor Version Tinstall Tcheck Ttotal Status Flags
r-devel-linux-x86_64-debian-clang 2.0.1 7.94 92.43 100.37 NOTE
r-devel-linux-x86_64-debian-gcc 2.0.1 5.67 73.69 79.36 NOTE
r-devel-linux-x86_64-fedora-clang 2.0.1 123.75 NOTE
r-devel-linux-x86_64-fedora-gcc 2.0.1 120.81 NOTE
r-devel-windows-ix86+x86_64 2.0.1 11.00 135.00 146.00 NOTE
r-patched-linux-x86_64 2.0.1 5.74 93.02 98.76 NOTE
r-patched-solaris-x86 2.0.1 176.30 NOTE
r-release-linux-x86_64 2.0.1 5.03 92.30 97.33 NOTE
r-release-windows-ix86+x86_64 2.0.1 17.00 177.00 194.00 NOTE
r-release-osx-x86_64 2.0.1 NOTE
r-oldrel-windows-ix86+x86_64 2.0.1 9.00 160.00 169.00 NOTE
r-oldrel-osx-x86_64 2.0.1 NOTE

Check Details

Version: 2.0.1
Check: package dependencies
Result: NOTE
    Package suggested but not available for checking: ‘RHugin’
Flavors: r-devel-linux-x86_64-debian-clang, r-devel-linux-x86_64-debian-gcc, r-devel-linux-x86_64-fedora-clang, r-devel-linux-x86_64-fedora-gcc, r-devel-windows-ix86+x86_64, r-patched-linux-x86_64, r-patched-solaris-x86, r-release-linux-x86_64, r-release-windows-ix86+x86_64, r-release-osx-x86_64, r-oldrel-windows-ix86+x86_64, r-oldrel-osx-x86_64

Version: 2.0.1
Check: R code for possible problems
Result: NOTE
    fit.dbn: no visible global function definition for ‘as’
    Undefined global functions or variables:
     as
    Consider adding
     importFrom("methods", "as")
    to your NAMESPACE file (and ensure that your DESCRIPTION Imports field
    contains 'methods').
Flavors: r-devel-linux-x86_64-debian-clang, r-devel-linux-x86_64-debian-gcc, r-devel-linux-x86_64-fedora-clang, r-devel-linux-x86_64-fedora-gcc, r-devel-windows-ix86+x86_64, r-patched-linux-x86_64, r-patched-solaris-x86, r-release-linux-x86_64, r-release-windows-ix86+x86_64, r-release-osx-x86_64, r-oldrel-windows-ix86+x86_64