CRAN Package Check Results for Package geneSLOPE

Last updated on 2018-05-24 02:48:23 CEST.

Flavor Version Tinstall Tcheck Ttotal Status Flags
r-devel-linux-x86_64-debian-clang 0.37.0 3.30 45.83 49.13 WARN
r-devel-linux-x86_64-debian-gcc 0.37.0 2.70 40.96 43.66 WARN
r-devel-linux-x86_64-fedora-clang 0.37.0 67.40 OK
r-devel-linux-x86_64-fedora-gcc 0.37.0 68.39 OK
r-devel-windows-ix86+x86_64 0.37.0 6.00 67.00 73.00 OK
r-patched-linux-x86_64 0.37.0 2.41 46.76 49.17 WARN
r-patched-solaris-x86 0.37.0 94.10 OK
r-release-linux-x86_64 0.37.0 2.70 45.98 48.68 WARN
r-release-windows-ix86+x86_64 0.37.0 10.00 91.00 101.00 OK
r-release-osx-x86_64 0.37.0 OK
r-oldrel-windows-ix86+x86_64 0.37.0 11.00 88.00 99.00 OK
r-oldrel-osx-x86_64 0.37.0 OK

Check Details

Version: 0.37.0
Check: re-building of vignette outputs
Result: WARN
    Error in re-building vignettes:
     ...
    Loading required package: SLOPE
    Quitting from lines 120-121 (GWASwithSLOPE.Rmd)
    Error: processing vignette ‘GWASwithSLOPE.Rmd’ failed with diagnostics:
    the condition has length > 1
    Execution halted
Flavors: r-devel-linux-x86_64-debian-clang, r-devel-linux-x86_64-debian-gcc, r-patched-linux-x86_64, r-release-linux-x86_64