CRAN Package Check Results for Package genepop

Last updated on 2019-02-17 21:47:33 CET.

Flavor Version Tinstall Tcheck Ttotal Status Flags
r-devel-linux-x86_64-debian-clang 1.0.5 120.93 48.31 169.24 OK
r-devel-linux-x86_64-debian-gcc 1.0.5 96.47 29.51 125.98 OK
r-devel-linux-x86_64-fedora-clang 1.0.5 250.84 NOTE
r-devel-linux-x86_64-fedora-gcc 1.0.5 211.60 OK
r-devel-windows-ix86+x86_64 1.0.5 313.00 75.00 388.00 OK
r-patched-linux-x86_64 1.0.5 115.04 34.70 149.74 OK
r-patched-solaris-x86 1.0.5 217.40 OK
r-release-linux-x86_64 1.0.5 OK
r-release-windows-ix86+x86_64 1.0.5 253.00 77.00 330.00 OK
r-release-osx-x86_64 1.0.5 NOTE
r-oldrel-windows-ix86+x86_64 1.0.5 242.00 79.00 321.00 OK
r-oldrel-osx-x86_64 1.0.5 NOTE

Check Details

Version: 1.0.5
Check: installed package size
Result: NOTE
     installed size is 11.2Mb
     sub-directories of 1Mb or more:
     libs 9.2Mb
Flavors: r-devel-linux-x86_64-fedora-clang, r-release-osx-x86_64, r-oldrel-osx-x86_64