CRAN Package Check Results for Package genepop

Last updated on 2018-02-24 06:47:25 CET.

Flavor Version Tinstall Tcheck Ttotal Status Flags
r-devel-linux-x86_64-debian-clang 1.0.5 118.49 46.56 165.05 OK
r-devel-linux-x86_64-debian-gcc 1.0.5 92.28 28.20 120.48 OK
r-devel-linux-x86_64-fedora-clang 1.0.5 227.19 NOTE
r-devel-linux-x86_64-fedora-gcc 1.0.5 205.15 NOTE
r-devel-windows-ix86+x86_64 1.0.5 325.00 121.00 446.00 OK
r-patched-linux-x86_64 1.0.5 114.30 34.89 149.19 OK
r-patched-solaris-x86 1.0.5 227.20 OK
r-release-linux-x86_64 1.0.5 113.25 34.46 147.71 OK
r-release-windows-ix86+x86_64 1.0.5 237.00 90.00 327.00 OK
r-release-osx-x86_64 1.0.5 NOTE
r-oldrel-windows-ix86+x86_64 1.0.5 245.00 70.00 315.00 OK
r-oldrel-osx-x86_64 1.0.5 NOTE

Check Details

Version: 1.0.5
Check: installed package size
Result: NOTE
     installed size is 10.5Mb
     sub-directories of 1Mb or more:
     libs 8.4Mb
Flavors: r-devel-linux-x86_64-fedora-clang, r-devel-linux-x86_64-fedora-gcc, r-release-osx-x86_64, r-oldrel-osx-x86_64