CRAN Package Check Results for Package genepop

Last updated on 2018-08-19 07:47:21 CEST.

Flavor Version Tinstall Tcheck Ttotal Status Flags
r-devel-linux-x86_64-debian-clang 1.0.5 118.78 49.28 168.06 OK
r-devel-linux-x86_64-debian-gcc 1.0.5 108.73 30.66 139.39 OK
r-devel-linux-x86_64-fedora-clang 1.0.5 223.82 NOTE
r-devel-linux-x86_64-fedora-gcc 1.0.5 213.67 OK
r-devel-windows-ix86+x86_64 1.0.5 302.00 112.00 414.00 OK
r-patched-linux-x86_64 1.0.5 128.83 35.26 164.09 OK
r-patched-solaris-x86 1.0.5 219.90 OK
r-release-linux-x86_64 1.0.5 130.19 35.65 165.84 OK
r-release-windows-ix86+x86_64 1.0.5 315.00 88.00 403.00 OK
r-release-osx-x86_64 1.0.5 NOTE
r-oldrel-windows-ix86+x86_64 1.0.5 250.00 96.00 346.00 OK
r-oldrel-osx-x86_64 1.0.5 NOTE

Check Details

Version: 1.0.5
Check: installed package size
Result: NOTE
     installed size is 10.5Mb
     sub-directories of 1Mb or more:
     libs 8.4Mb
Flavors: r-devel-linux-x86_64-fedora-clang, r-release-osx-x86_64, r-oldrel-osx-x86_64