CRAN Package Check Results for Package genepop

Last updated on 2018-05-25 01:46:36 CEST.

Flavor Version Tinstall Tcheck Ttotal Status Flags
r-devel-linux-x86_64-debian-clang 1.0.5 116.34 43.64 159.98 OK
r-devel-linux-x86_64-debian-gcc 1.0.5 89.91 29.74 119.65 OK
r-devel-linux-x86_64-fedora-clang 1.0.5 227.05 NOTE
r-devel-linux-x86_64-fedora-gcc 1.0.5 202.80 NOTE
r-devel-windows-ix86+x86_64 1.0.5 243.00 96.00 339.00 OK
r-patched-linux-x86_64 1.0.5 114.76 35.29 150.05 OK
r-patched-solaris-x86 1.0.5 220.40 OK
r-release-linux-x86_64 1.0.5 110.79 34.67 145.46 OK
r-release-windows-ix86+x86_64 1.0.5 315.00 71.00 386.00 OK
r-release-osx-x86_64 1.0.5 NOTE
r-oldrel-windows-ix86+x86_64 1.0.5 316.00 71.00 387.00 OK
r-oldrel-osx-x86_64 1.0.5 NOTE

Check Details

Version: 1.0.5
Check: installed package size
Result: NOTE
     installed size is 10.4Mb
     sub-directories of 1Mb or more:
     libs 8.4Mb
Flavors: r-devel-linux-x86_64-fedora-clang, r-devel-linux-x86_64-fedora-gcc, r-release-osx-x86_64, r-oldrel-osx-x86_64