CRAN Package Check Results for Package genepop

Last updated on 2018-11-17 15:47:25 CET.

Flavor Version Tinstall Tcheck Ttotal Status Flags
r-devel-linux-x86_64-debian-clang 1.0.5 127.21 48.60 175.81 OK
r-devel-linux-x86_64-debian-gcc 1.0.5 105.89 29.90 135.79 OK
r-devel-linux-x86_64-fedora-clang 1.0.5 246.49 NOTE
r-devel-linux-x86_64-fedora-gcc 1.0.5 209.97 OK
r-devel-windows-ix86+x86_64 1.0.5 307.00 92.00 399.00 OK
r-patched-linux-x86_64 1.0.5 134.49 35.63 170.12 OK
r-patched-solaris-x86 1.0.5 228.00 OK
r-release-linux-x86_64 1.0.5 128.75 35.70 164.45 OK
r-release-windows-ix86+x86_64 1.0.5 316.00 101.00 417.00 OK
r-release-osx-x86_64 1.0.5 NOTE
r-oldrel-windows-ix86+x86_64 1.0.5 328.00 96.00 424.00 OK
r-oldrel-osx-x86_64 1.0.5 NOTE

Check Details

Version: 1.0.5
Check: installed package size
Result: NOTE
     installed size is 11.0Mb
     sub-directories of 1Mb or more:
     libs 9.0Mb
Flavors: r-devel-linux-x86_64-fedora-clang, r-release-osx-x86_64, r-oldrel-osx-x86_64