CRAN Package Check Results for Package genetics

Last updated on 2022-08-15 04:50:15 CEST.

Flavor Version Tinstall Tcheck Ttotal Status Flags
r-devel-linux-x86_64-debian-clang 1.3.8.1.3 6.31 73.97 80.28 OK
r-devel-linux-x86_64-debian-gcc 1.3.8.1.3 5.02 53.00 58.02 OK
r-devel-linux-x86_64-fedora-clang 1.3.8.1.3 102.44 NOTE
r-devel-linux-x86_64-fedora-gcc 1.3.8.1.3 101.14 OK
r-devel-windows-x86_64 1.3.8.1.3 36.00 95.00 131.00 OK
r-patched-linux-x86_64 1.3.8.1.3 6.22 67.07 73.29 OK
r-release-linux-x86_64 1.3.8.1.3 4.53 67.33 71.86 OK
r-release-macos-arm64 1.3.8.1.3 26.00 OK
r-release-macos-x86_64 1.3.8.1.3 42.00 OK
r-release-windows-x86_64 1.3.8.1.3 46.00 93.00 139.00 OK
r-oldrel-macos-arm64 1.3.8.1.3 36.00 OK
r-oldrel-macos-x86_64 1.3.8.1.3 56.00 OK
r-oldrel-windows-ix86+x86_64 1.3.8.1.3 11.00 88.00 99.00 OK

Check Details

Version: 1.3.8.1.3
Check: Rd cross-references
Result: NOTE
    Undeclared package ‘bootstrap’ in Rd xrefs
Flavor: r-devel-linux-x86_64-fedora-clang