CRAN Package Check Results for Package genieclust

Last updated on 2023-06-08 16:56:39 CEST.

Flavor Version Tinstall Tcheck Ttotal Status Flags
r-devel-linux-x86_64-debian-clang 1.1.3 53.58 30.80 84.38 NOTE
r-devel-linux-x86_64-debian-gcc 1.1.3 43.03 24.10 67.13 NOTE
r-devel-linux-x86_64-fedora-clang 1.1.3 126.39 NOTE
r-devel-linux-x86_64-fedora-gcc 1.1.3 124.16 NOTE
r-devel-windows-x86_64 1.1.3 43.00 69.00 112.00 NOTE
r-patched-linux-x86_64 1.1.3 40.95 30.38 71.33 NOTE
r-release-linux-x86_64 1.1.3 44.42 29.92 74.34 NOTE
r-release-macos-arm64 1.1.3 34.00 NOTE
r-release-macos-x86_64 1.1.3 60.00 NOTE
r-release-windows-x86_64 1.1.3 45.00 77.00 122.00 NOTE
r-oldrel-macos-arm64 1.1.3 34.00 OK
r-oldrel-macos-x86_64 1.1.3 43.00 OK
r-oldrel-windows-x86_64 1.1.3 51.00 73.00 124.00 OK

Check Details

Version: 1.1.3
Check: C++ specification
Result: NOTE
     Specified C++11: please drop specification unless essential
Flavors: r-devel-linux-x86_64-debian-clang, r-devel-linux-x86_64-debian-gcc, r-devel-linux-x86_64-fedora-clang, r-devel-linux-x86_64-fedora-gcc, r-devel-windows-x86_64, r-patched-linux-x86_64, r-release-linux-x86_64, r-release-macos-arm64, r-release-macos-x86_64, r-release-windows-x86_64