CRAN Package Check Results for Package genius

Last updated on 2022-05-19 08:52:06 CEST.

Flavor Version Tinstall Tcheck Ttotal Status Flags
r-devel-linux-x86_64-debian-clang 2.2.3 12.10 105.39 117.49 OK
r-devel-linux-x86_64-debian-gcc 2.2.3 7.90 76.39 84.29 OK
r-devel-linux-x86_64-fedora-clang 2.2.3 137.03 OK
r-devel-linux-x86_64-fedora-gcc 2.2.3 139.38 OK
r-devel-windows-x86_64 2.2.3 23.00 110.00 133.00 WARN
r-patched-linux-x86_64 2.2.3 10.13 98.10 108.23 OK
r-release-linux-x86_64 2.2.3 10.86 98.03 108.89 OK
r-release-macos-arm64 2.2.3 33.00 OK
r-release-macos-x86_64 2.2.3 73.00 OK
r-release-windows-x86_64 2.2.3 24.00 115.00 139.00 WARN
r-oldrel-macos-arm64 2.2.3 45.00 OK
r-oldrel-macos-x86_64 2.2.3 47.00 OK
r-oldrel-windows-ix86+x86_64 2.2.3 26.00 116.00 142.00 OK

Check Details

Version: 2.2.3
Check: R files for syntax errors
Result: WARN
    Warnings in file 'R/utils.R':
     unable to translate '<U+00E9>' to native encoding
     unable to translate '<U+00F6>' to native encoding
     unable to translate '<U+00F8>' to native encoding
     unable to translate '<U+2019>' to native encoding
Flavors: r-devel-windows-x86_64, r-release-windows-x86_64