CRAN Package Check Results for Package genotypeR

Last updated on 2018-05-27 08:47:39 CEST.

Flavor Version Tinstall Tcheck Ttotal Status Flags
r-devel-linux-x86_64-debian-clang 0.0.1.8 7.53 87.22 94.75 OK
r-devel-linux-x86_64-debian-gcc 0.0.1.8 4.41 68.76 73.17 OK
r-devel-linux-x86_64-fedora-clang 0.0.1.8 115.15 NOTE
r-devel-linux-x86_64-fedora-gcc 0.0.1.8 112.63 NOTE
r-devel-windows-ix86+x86_64 0.0.1.8 15.00 92.00 107.00 OK
r-patched-linux-x86_64 0.0.1.8 5.41 73.07 78.48 NOTE
r-patched-solaris-x86 0.0.1.8 148.20 NOTE
r-release-linux-x86_64 0.0.1.8 5.36 72.54 77.90 NOTE
r-release-windows-ix86+x86_64 0.0.1.8 11.00 81.00 92.00 OK
r-release-osx-x86_64 0.0.1.8 NOTE
r-oldrel-windows-ix86+x86_64 0.0.1.8 16.00 120.00 136.00 OK
r-oldrel-osx-x86_64 0.0.1.6 NOTE

Check Details

Version: 0.0.1.8
Check: dependencies in R code
Result: NOTE
    Namespace in Imports field not imported from: ‘colorspace’
     All declared Imports should be used.
Flavors: r-devel-linux-x86_64-fedora-clang, r-devel-linux-x86_64-fedora-gcc, r-patched-solaris-x86, r-release-osx-x86_64

Version: 0.0.1.8
Check: DESCRIPTION meta-information
Result: NOTE
    Dependence on R version ‘3.3.2’ not with patchlevel 0
Flavors: r-patched-linux-x86_64, r-release-linux-x86_64

Version: 0.0.1.6
Check: dependencies in R code
Result: NOTE
    Namespace in Imports field not imported from: ‘colorspace’
     All declared Imports should be used.
Flavor: r-oldrel-osx-x86_64