CRAN Package Check Results for Package genotypeR

Last updated on 2019-01-24 06:47:09 CET.

Flavor Version Tinstall Tcheck Ttotal Status Flags
r-devel-linux-x86_64-debian-clang 0.0.1.8 7.24 81.60 88.84 OK
r-devel-linux-x86_64-debian-gcc 0.0.1.8 5.32 62.46 67.78 OK
r-devel-linux-x86_64-fedora-clang 0.0.1.8 103.60 NOTE
r-devel-linux-x86_64-fedora-gcc 0.0.1.8 97.82 NOTE
r-devel-windows-ix86+x86_64 0.0.1.8 15.00 130.00 145.00 OK
r-patched-linux-x86_64 0.0.1.8 6.11 75.48 81.59 NOTE
r-patched-solaris-x86 0.0.1.8 154.70 NOTE
r-release-linux-x86_64 0.0.1.8 6.44 75.92 82.36 NOTE
r-release-windows-ix86+x86_64 0.0.1.8 12.00 128.00 140.00 OK
r-release-osx-x86_64 0.0.1.8 NOTE
r-oldrel-windows-ix86+x86_64 0.0.1.8 15.00 129.00 144.00 OK
r-oldrel-osx-x86_64 0.0.1.8 NOTE

Check Details

Version: 0.0.1.8
Check: dependencies in R code
Result: NOTE
    Namespace in Imports field not imported from: ‘colorspace’
     All declared Imports should be used.
Flavors: r-devel-linux-x86_64-fedora-clang, r-devel-linux-x86_64-fedora-gcc, r-patched-solaris-x86, r-release-osx-x86_64, r-oldrel-osx-x86_64

Version: 0.0.1.8
Check: DESCRIPTION meta-information
Result: NOTE
    Dependence on R version ‘3.3.2’ not with patchlevel 0
Flavors: r-patched-linux-x86_64, r-release-linux-x86_64