CRAN Package Check Results for Package genotypeR

Last updated on 2018-10-18 14:47:21 CEST.

Flavor Version Tinstall Tcheck Ttotal Status Flags
r-devel-linux-x86_64-debian-clang 0.0.1.8 7.25 91.47 98.72 OK
r-devel-linux-x86_64-debian-gcc 0.0.1.8 OK
r-devel-linux-x86_64-fedora-clang 0.0.1.8 115.59 NOTE
r-devel-linux-x86_64-fedora-gcc 0.0.1.8 111.24 NOTE
r-devel-windows-ix86+x86_64 0.0.1.8 17.00 139.00 156.00 OK
r-patched-linux-x86_64 0.0.1.8 4.44 74.00 78.44 NOTE
r-patched-solaris-x86 0.0.1.8 150.10 NOTE
r-release-linux-x86_64 0.0.1.8 5.54 74.03 79.57 NOTE
r-release-windows-ix86+x86_64 0.0.1.8 16.00 88.00 104.00 OK
r-release-osx-x86_64 0.0.1.8 NOTE
r-oldrel-windows-ix86+x86_64 0.0.1.8 8.00 124.00 132.00 OK
r-oldrel-osx-x86_64 0.0.1.8 NOTE

Check Details

Version: 0.0.1.8
Check: dependencies in R code
Result: NOTE
    Namespace in Imports field not imported from: ‘colorspace’
     All declared Imports should be used.
Flavors: r-devel-linux-x86_64-fedora-clang, r-devel-linux-x86_64-fedora-gcc, r-patched-solaris-x86, r-release-osx-x86_64, r-oldrel-osx-x86_64

Version: 0.0.1.8
Check: DESCRIPTION meta-information
Result: NOTE
    Dependence on R version ‘3.3.2’ not with patchlevel 0
Flavors: r-patched-linux-x86_64, r-release-linux-x86_64