CRAN Package Check Results for Package genotypeR

Last updated on 2018-02-23 08:48:36 CET.

Flavor Version Tinstall Tcheck Ttotal Status Flags
r-devel-linux-x86_64-debian-clang 0.0.1.6 5.14 59.48 64.62 WARN
r-devel-linux-x86_64-debian-gcc 0.0.1.6 3.91 52.84 56.75 WARN
r-devel-linux-x86_64-fedora-clang 0.0.1.6 89.64 NOTE
r-devel-linux-x86_64-fedora-gcc 0.0.1.6 91.56 NOTE
r-devel-windows-ix86+x86_64 0.0.1.6 9.00 106.00 115.00 OK
r-patched-linux-x86_64 0.0.1.6 3.84 69.64 73.48 WARN
r-patched-solaris-x86 0.0.1.6 142.90 NOTE
r-release-linux-x86_64 0.0.1.6 4.69 69.69 74.38 WARN
r-release-windows-ix86+x86_64 0.0.1.6 15.00 113.00 128.00 OK
r-release-osx-x86_64 0.0.1.6 NOTE
r-oldrel-windows-ix86+x86_64 0.0.1.6 9.00 77.00 86.00 OK
r-oldrel-osx-x86_64 0.0.1.6 NOTE

Check Details

Version: 0.0.1.6
Check: DESCRIPTION meta-information
Result: NOTE
    Dependence on R version ‘3.3.2’ not with patchlevel 0
Flavors: r-devel-linux-x86_64-debian-clang, r-devel-linux-x86_64-debian-gcc, r-devel-linux-x86_64-fedora-clang, r-devel-linux-x86_64-fedora-gcc

Version: 0.0.1.6
Check: re-building of vignette outputs
Result: WARN
    Error in re-building vignettes:
     ...
    Quitting from lines 39-49 (genotypeR.Rmd)
    Error: processing vignette ‘genotypeR.Rmd’ failed with diagnostics:
    cannot change working directory
    Execution halted
Flavors: r-devel-linux-x86_64-debian-clang, r-devel-linux-x86_64-debian-gcc, r-patched-linux-x86_64, r-release-linux-x86_64

Version: 0.0.1.6
Check: dependencies in R code
Result: NOTE
    Namespace in Imports field not imported from: ‘colorspace’
     All declared Imports should be used.
Flavors: r-devel-linux-x86_64-fedora-clang, r-devel-linux-x86_64-fedora-gcc, r-patched-solaris-x86, r-release-osx-x86_64, r-oldrel-osx-x86_64