CRAN Package Check Results for Package genotypeR

Last updated on 2018-08-16 12:50:12 CEST.

Flavor Version Tinstall Tcheck Ttotal Status Flags
r-devel-linux-x86_64-debian-clang 0.0.1.8 7.51 90.00 97.51 OK
r-devel-linux-x86_64-debian-gcc 0.0.1.8 5.63 70.95 76.58 OK
r-devel-linux-x86_64-fedora-clang 0.0.1.8 116.59 NOTE
r-devel-linux-x86_64-fedora-gcc 0.0.1.8 111.24 NOTE
r-devel-windows-ix86+x86_64 0.0.1.8 21.00 133.00 154.00 OK
r-patched-linux-x86_64 0.0.1.8 4.77 73.78 78.55 NOTE
r-patched-solaris-x86 0.0.1.8 156.90 NOTE
r-release-linux-x86_64 0.0.1.8 5.12 74.00 79.12 NOTE
r-release-windows-ix86+x86_64 0.0.1.8 17.00 120.00 137.00 OK
r-release-osx-x86_64 0.0.1.8 NOTE
r-oldrel-windows-ix86+x86_64 0.0.1.8 17.00 121.00 138.00 OK
r-oldrel-osx-x86_64 0.0.1.8 NOTE

Check Details

Version: 0.0.1.8
Check: dependencies in R code
Result: NOTE
    Namespace in Imports field not imported from: ‘colorspace’
     All declared Imports should be used.
Flavors: r-devel-linux-x86_64-fedora-clang, r-devel-linux-x86_64-fedora-gcc, r-patched-solaris-x86, r-release-osx-x86_64, r-oldrel-osx-x86_64

Version: 0.0.1.8
Check: DESCRIPTION meta-information
Result: NOTE
    Dependence on R version ‘3.3.2’ not with patchlevel 0
Flavors: r-patched-linux-x86_64, r-release-linux-x86_64