CRAN Package Check Results for Package genset

Last updated on 2024-06-13 14:48:59 CEST.

Flavor Version Tinstall Tcheck Ttotal Status Flags
r-devel-linux-x86_64-debian-clang 0.1.0 2.02 184.64 186.66 NOTE
r-devel-linux-x86_64-debian-gcc 0.1.0 2.05 123.74 125.79 NOTE
r-devel-linux-x86_64-fedora-clang 0.1.0 224.03 NOTE
r-devel-linux-x86_64-fedora-gcc 0.1.0 225.29 NOTE
r-devel-windows-x86_64 0.1.0 3.00 125.00 128.00 NOTE
r-patched-linux-x86_64 0.1.0 2.84 174.99 177.83 NOTE
r-release-linux-x86_64 0.1.0 1.73 170.11 171.84 NOTE
r-release-macos-arm64 0.1.0 54.00 NOTE
r-release-macos-x86_64 0.1.0 106.00 NOTE
r-release-windows-x86_64 0.1.0 2.00 123.00 125.00 NOTE
r-oldrel-macos-arm64 0.1.0 62.00 NOTE
r-oldrel-macos-x86_64 0.1.0 115.00 NOTE
r-oldrel-windows-x86_64 0.1.0 3.00 169.00 172.00 NOTE

Check Details

Version: 0.1.0
Check: LazyData
Result: NOTE 'LazyData' is specified without a 'data' directory Flavors: r-devel-linux-x86_64-debian-clang, r-devel-linux-x86_64-debian-gcc, r-devel-linux-x86_64-fedora-clang, r-devel-linux-x86_64-fedora-gcc, r-devel-windows-x86_64, r-patched-linux-x86_64, r-release-linux-x86_64, r-release-macos-arm64, r-release-macos-x86_64, r-release-windows-x86_64, r-oldrel-macos-arm64, r-oldrel-macos-x86_64, r-oldrel-windows-x86_64

Version: 0.1.0
Check: package dependencies
Result: NOTE Package suggested but not available for checking: ‘testthat’ Flavor: r-devel-linux-x86_64-debian-gcc