CRAN Package Check Results for Package gensphere

Last updated on 2024-06-22 03:49:32 CEST.

Flavor Version Tinstall Tcheck Ttotal Status Flags
r-devel-linux-x86_64-debian-clang 1.3 4.78 45.70 50.48 NOTE
r-devel-linux-x86_64-debian-gcc 1.3 4.54 36.04 40.58 NOTE
r-devel-linux-x86_64-fedora-clang 1.3 62.54 NOTE
r-devel-linux-x86_64-fedora-gcc 1.3 59.47 NOTE
r-devel-windows-x86_64 1.3 5.00 53.00 58.00 NOTE
r-patched-linux-x86_64 1.3 4.59 45.44 50.03 NOTE
r-release-linux-x86_64 1.3 3.37 45.30 48.67 NOTE
r-release-macos-arm64 1.3 22.00 NOTE
r-release-macos-x86_64 1.3 30.00 NOTE
r-release-windows-x86_64 1.3 6.00 53.00 59.00 NOTE
r-oldrel-macos-arm64 1.3 23.00 OK
r-oldrel-macos-x86_64 1.3 33.00 OK
r-oldrel-windows-x86_64 1.3 7.00 60.00 67.00 OK

Check Details

Version: 1.3
Check: Rd files
Result: NOTE checkRd: (-1) cfunc.new.Rd:57: Lost braces in \itemize; meant \describe ? checkRd: (-1) cfunc.new.Rd:58-59: Lost braces in \itemize; meant \describe ? checkRd: (-1) cfunc.new.Rd:60-61: Lost braces in \itemize; meant \describe ? checkRd: (-1) cfunc.new.Rd:62: Lost braces in \itemize; meant \describe ? checkRd: (-1) cfunc.new.Rd:63-64: Lost braces in \itemize; meant \describe ? checkRd: (-1) cfunc.new.Rd:65: Lost braces in \itemize; meant \describe ? Flavors: r-devel-linux-x86_64-debian-clang, r-devel-linux-x86_64-debian-gcc, r-devel-linux-x86_64-fedora-clang, r-devel-linux-x86_64-fedora-gcc, r-devel-windows-x86_64, r-patched-linux-x86_64, r-release-linux-x86_64, r-release-macos-arm64, r-release-macos-x86_64, r-release-windows-x86_64