CRAN Package Check Results for Package geoaxe

Last updated on 2018-05-26 10:49:18 CEST.

Flavor Version Tinstall Tcheck Ttotal Status Flags
r-devel-linux-x86_64-debian-clang 0.1.0 2.18 36.00 38.18 OK
r-devel-linux-x86_64-debian-gcc 0.1.0 1.57 28.66 30.23 OK
r-devel-linux-x86_64-fedora-clang 0.1.0 45.12 OK
r-devel-linux-x86_64-fedora-gcc 0.1.0 44.09 OK
r-devel-windows-ix86+x86_64 0.1.0 4.00 67.00 71.00 OK
r-patched-linux-x86_64 0.1.0 1.95 32.23 34.18 OK
r-patched-solaris-x86 0.1.0 67.10 OK
r-release-linux-x86_64 0.1.0 1.35 31.96 33.31 OK
r-release-windows-ix86+x86_64 0.1.0 6.00 46.00 52.00 OK
r-release-osx-x86_64 0.1.0 OK
r-oldrel-windows-ix86+x86_64 0.1.0 6.00 46.00 52.00 OK
r-oldrel-osx-x86_64 0.1.0 WARN

Check Details

Version: 0.1.0
Check: re-building of vignette outputs
Result: WARN
    Error in re-building vignettes:
     ...
    Warning: namespace ‘evaluate’ is not available and has been replaced
    by .GlobalEnv when processing object ‘’
    Warning: namespace 'evaluate' is not available and has been replaced
    by .GlobalEnv when processing object 'force_v1'
    Error: processing vignette 'geoaxe_vignette.Rmd' failed with diagnostics:
    shared object 'stringi.so' not found
    Execution halted
Flavor: r-oldrel-osx-x86_64