CRAN Package Check Results for Package geoaxe

Last updated on 2018-08-17 14:47:51 CEST.

Flavor Version Tinstall Tcheck Ttotal Status Flags
r-devel-linux-x86_64-debian-clang 0.1.0 2.24 37.50 39.74 OK
r-devel-linux-x86_64-debian-gcc 0.1.0 1.91 30.00 31.91 OK
r-devel-linux-x86_64-fedora-clang 0.1.0 46.55 OK
r-devel-linux-x86_64-fedora-gcc 0.1.0 45.14 OK
r-devel-windows-ix86+x86_64 0.1.0 4.00 67.00 71.00 OK
r-patched-linux-x86_64 0.1.0 1.76 32.24 34.00 OK
r-patched-solaris-x86 0.1.0 70.60 OK
r-release-linux-x86_64 0.1.0 2.01 32.75 34.76 OK
r-release-windows-ix86+x86_64 0.1.0 6.00 65.00 71.00 OK
r-release-osx-x86_64 0.1.0 OK
r-oldrel-windows-ix86+x86_64 0.1.0 7.00 45.00 52.00 OK
r-oldrel-osx-x86_64 0.1.0 WARN

Check Details

Version: 0.1.0
Check: re-building of vignette outputs
Result: WARN
    Error in re-building vignettes:
     ...
    Warning: namespace ‘evaluate’ is not available and has been replaced
    by .GlobalEnv when processing object ‘’
    Warning: namespace 'evaluate' is not available and has been replaced
    by .GlobalEnv when processing object 'force_v1'
    Error: processing vignette 'geoaxe_vignette.Rmd' failed with diagnostics:
    shared object 'stringi.so' not found
    Execution halted
Flavor: r-oldrel-osx-x86_64