CRAN Package Check Results for Package geoaxe

Last updated on 2018-10-19 22:49:40 CEST.

Flavor Version Tinstall Tcheck Ttotal Status Flags
r-devel-linux-x86_64-debian-clang 0.1.0 2.25 36.99 39.24 OK
r-devel-linux-x86_64-debian-gcc 0.1.0 1.69 29.80 31.49 OK
r-devel-linux-x86_64-fedora-clang 0.1.0 47.28 OK
r-devel-linux-x86_64-fedora-gcc 0.1.0 44.66 OK
r-devel-windows-ix86+x86_64 0.1.0 6.00 74.00 80.00 OK
r-patched-linux-x86_64 0.1.0 1.81 32.56 34.37 OK
r-patched-solaris-x86 0.1.0 68.80 OK
r-release-linux-x86_64 0.1.0 2.04 32.54 34.58 OK
r-release-windows-ix86+x86_64 0.1.0 5.00 44.00 49.00 OK
r-release-osx-x86_64 0.1.0 OK
r-oldrel-windows-ix86+x86_64 0.1.0 5.00 64.00 69.00 OK
r-oldrel-osx-x86_64 0.1.0 WARN

Check Details

Version: 0.1.0
Check: re-building of vignette outputs
Result: WARN
    Error in re-building vignettes:
     ...
    Warning: namespace ‘evaluate’ is not available and has been replaced
    by .GlobalEnv when processing object ‘’
    Warning: namespace 'evaluate' is not available and has been replaced
    by .GlobalEnv when processing object 'force_v1'
    Error: processing vignette 'geoaxe_vignette.Rmd' failed with diagnostics:
    shared object 'stringi.so' not found
    Execution halted
Flavor: r-oldrel-osx-x86_64