CRAN Package Check Results for Package geoaxe

Last updated on 2018-02-22 01:49:47 CET.

Flavor Version Tinstall Tcheck Ttotal Status Flags
r-devel-linux-x86_64-debian-clang 0.1.0 1.53 28.72 30.25 OK
r-devel-linux-x86_64-debian-gcc 0.1.0 1.58 26.01 27.59 OK
r-devel-linux-x86_64-fedora-clang 0.1.0 41.39 OK
r-devel-linux-x86_64-fedora-gcc 0.1.0 39.96 OK
r-devel-windows-ix86+x86_64 0.1.0 6.00 48.00 54.00 OK
r-patched-linux-x86_64 0.1.0 2.05 33.61 35.66 OK
r-patched-solaris-x86 0.1.0 58.50 OK
r-release-linux-x86_64 0.1.0 1.80 33.37 35.17 OK
r-release-windows-ix86+x86_64 0.1.0 6.00 68.00 74.00 OK
r-release-osx-x86_64 0.1.0 WARN
r-oldrel-windows-ix86+x86_64 0.1.0 5.00 41.00 46.00 OK
r-oldrel-osx-x86_64 0.1.0 OK

Check Details

Version: 0.1.0
Check: re-building of vignette outputs
Result: WARN
    Error in re-building vignettes:
     ...
    Warning: namespace ‘evaluate’ is not available and has been replaced
    by .GlobalEnv when processing object ‘’
    Warning: namespace 'evaluate' is not available and has been replaced
    by .GlobalEnv when processing object 'force_v1'
    Error: processing vignette 'geoaxe_vignette.Rmd' failed with diagnostics:
    shared object 'stringi.so' not found
    Execution halted
Flavor: r-release-osx-x86_64