Last updated on 2023-12-07 17:48:19 CET.
Flavor | Version | Tinstall | Tcheck | Ttotal | Status | Flags |
---|---|---|---|---|---|---|
r-devel-linux-x86_64-debian-clang | 0.3.4 | 148.29 | 574.43 | 722.72 | OK | |
r-devel-linux-x86_64-debian-gcc | 0.3.4 | 102.50 | 415.82 | 518.32 | OK | |
r-devel-linux-x86_64-fedora-clang | 0.3.4 | 985.77 | NOTE | |||
r-devel-linux-x86_64-fedora-gcc | 0.3.4 | 951.32 | OK | |||
r-devel-windows-x86_64 | 0.3.4 | 117.00 | 445.00 | 562.00 | NOTE | |
r-patched-linux-x86_64 | 0.3.4 | 111.97 | 523.63 | 635.60 | OK | |
r-release-linux-x86_64 | 0.3.4 | 102.94 | 530.84 | 633.78 | OK | |
r-release-macos-arm64 | 0.3.4 | 357.00 | NOTE | |||
r-release-macos-x86_64 | 0.3.4 | 472.00 | NOTE | |||
r-release-windows-x86_64 | 0.3.4 | 155.00 | 557.00 | 712.00 | NOTE | |
r-oldrel-macos-arm64 | 0.3.4 | 293.00 | NOTE | |||
r-oldrel-macos-x86_64 | 0.3.4 | 318.00 | NOTE | |||
r-oldrel-windows-x86_64 | 0.3.4 | 156.00 | 543.00 | 699.00 | NOTE |
Version: 0.3.4
Check: installed package size
Result: NOTE
installed size is 5.8Mb
sub-directories of 1Mb or more:
extdata 3.0Mb
Flavors: r-devel-linux-x86_64-fedora-clang, r-devel-windows-x86_64, r-release-macos-arm64, r-release-macos-x86_64, r-release-windows-x86_64, r-oldrel-macos-arm64, r-oldrel-macos-x86_64, r-oldrel-windows-x86_64