Last updated on 2022-05-24 10:51:04 CEST.
Flavor | Version | Tinstall | Tcheck | Ttotal | Status | Flags |
---|---|---|---|---|---|---|
r-devel-linux-x86_64-debian-clang | 1.0.0 | 6.96 | 266.24 | 273.20 | OK | |
r-devel-linux-x86_64-debian-gcc | 1.0.0 | 5.90 | 197.39 | 203.29 | OK | |
r-devel-linux-x86_64-fedora-clang | 1.0.0 | 293.34 | NOTE | |||
r-devel-linux-x86_64-fedora-gcc | 1.0.0 | 294.77 | NOTE | |||
r-devel-windows-x86_64 | 1.0.0 | 79.00 | 343.00 | 422.00 | OK | |
r-patched-linux-x86_64 | 1.0.0 | 6.74 | 253.19 | 259.93 | OK | |
r-release-linux-x86_64 | 1.0.0 | OK | ||||
r-release-macos-arm64 | 1.0.0 | 79.00 | NOTE | |||
r-release-macos-x86_64 | 1.0.0 | 182.00 | NOTE | |||
r-release-windows-x86_64 | 1.0.0 | 75.00 | 354.00 | 429.00 | OK | |
r-oldrel-macos-arm64 | 1.0.0 | 78.00 | NOTE | |||
r-oldrel-macos-x86_64 | 1.0.0 | 92.00 | NOTE | |||
r-oldrel-windows-ix86+x86_64 | 1.0.0 | 14.00 | 342.00 | 356.00 | OK |
Version: 1.0.0
Check: dependencies in R code
Result: NOTE
Namespaces in Imports field not imported from:
‘pander’ ‘readr’ ‘tidyr’
All declared Imports should be used.
Flavors: r-devel-linux-x86_64-fedora-clang, r-devel-linux-x86_64-fedora-gcc, r-release-macos-arm64, r-release-macos-x86_64, r-oldrel-macos-arm64, r-oldrel-macos-x86_64
Version: 1.0.0
Check: data for non-ASCII characters
Result: NOTE
Note: found 80 marked UTF-8 strings
Flavors: r-devel-linux-x86_64-fedora-clang, r-devel-linux-x86_64-fedora-gcc, r-release-macos-arm64, r-release-macos-x86_64, r-oldrel-macos-arm64, r-oldrel-macos-x86_64