CRAN Package Check Results for Package geodiv

Last updated on 2022-01-21 09:50:01 CET.

Flavor Version Tinstall Tcheck Ttotal Status Flags
r-devel-linux-x86_64-debian-clang 1.0.4 55.47 740.55 796.02 OK
r-devel-linux-x86_64-debian-gcc 1.0.4 44.18 518.84 563.02 OK
r-devel-linux-x86_64-fedora-clang 1.0.4 936.07 NOTE
r-devel-linux-x86_64-fedora-gcc 1.0.4 966.99 NOTE
r-devel-windows-x86_64-new-UL 1.0.4 78.00 788.00 866.00 OK
r-devel-windows-x86_64-new-TK 1.0.4 NOTE
r-patched-linux-x86_64 1.0.4 51.41 688.47 739.88 OK
r-release-linux-x86_64 1.0.4 49.62 694.50 744.12 OK
r-release-macos-arm64 1.0.4 NOTE
r-release-macos-x86_64 1.0.4 NOTE
r-release-windows-ix86+x86_64 1.0.4 129.00 1030.00 1159.00 OK
r-oldrel-macos-x86_64 1.0.4 NOTE
r-oldrel-windows-ix86+x86_64 1.0.4 136.00 1035.00 1171.00 OK

Check Details

Version: 1.0.4
Check: dependencies in R code
Result: NOTE
    Namespaces in Imports field not imported from:
     ‘phonTools’ ‘rgdal’ ‘rgeos’
     All declared Imports should be used.
Flavors: r-devel-linux-x86_64-fedora-clang, r-devel-linux-x86_64-fedora-gcc, r-devel-windows-x86_64-new-TK, r-release-macos-arm64, r-release-macos-x86_64, r-oldrel-macos-x86_64