CRAN Package Check Results for Package geofacet

Last updated on 2019-02-21 01:50:43 CET.

Flavor Version Tinstall Tcheck Ttotal Status Flags
r-devel-linux-x86_64-debian-clang 0.1.9 5.27 247.91 253.18 OK
r-devel-linux-x86_64-debian-gcc 0.1.9 4.78 193.08 197.86 OK
r-devel-linux-x86_64-fedora-clang 0.1.9 303.88 NOTE
r-devel-linux-x86_64-fedora-gcc 0.1.9 284.89 NOTE
r-devel-windows-ix86+x86_64 0.1.9 18.00 388.00 406.00 OK
r-patched-linux-x86_64 0.1.9 OK
r-patched-solaris-x86 0.1.9 431.40 NOTE
r-release-linux-x86_64 0.1.9 OK
r-release-windows-ix86+x86_64 0.1.9 12.00 347.00 359.00 OK
r-release-osx-x86_64 0.1.9 NOTE
r-oldrel-windows-ix86+x86_64 0.1.9 10.00 298.00 308.00 OK
r-oldrel-osx-x86_64 0.1.9 NOTE

Check Details

Version: 0.1.9
Check: data for non-ASCII characters
Result: NOTE
     Note: found 217 marked UTF-8 strings
Flavors: r-devel-linux-x86_64-fedora-clang, r-devel-linux-x86_64-fedora-gcc, r-patched-solaris-x86, r-release-osx-x86_64, r-oldrel-osx-x86_64