CRAN Package Check Results for Package geofacet

Last updated on 2018-11-18 14:46:34 CET.

Flavor Version Tinstall Tcheck Ttotal Status Flags
r-devel-linux-x86_64-debian-clang 0.1.9 4.86 235.12 239.98 OK
r-devel-linux-x86_64-debian-gcc 0.1.9 4.39 188.89 193.28 OK
r-devel-linux-x86_64-fedora-clang 0.1.9 288.34 NOTE
r-devel-linux-x86_64-fedora-gcc 0.1.9 278.64 NOTE
r-devel-windows-ix86+x86_64 0.1.9 21.00 240.00 261.00 OK
r-patched-linux-x86_64 0.1.9 4.99 231.78 236.77 OK
r-patched-solaris-x86 0.1.9 432.20 NOTE
r-release-linux-x86_64 0.1.9 4.96 229.75 234.71 OK
r-release-windows-ix86+x86_64 0.1.9 21.00 268.00 289.00 OK
r-release-osx-x86_64 0.1.9 NOTE
r-oldrel-windows-ix86+x86_64 0.1.9 18.00 297.00 315.00 OK
r-oldrel-osx-x86_64 0.1.9 NOTE

Check Details

Version: 0.1.9
Check: data for non-ASCII characters
Result: NOTE
     Note: found 217 marked UTF-8 strings
Flavors: r-devel-linux-x86_64-fedora-clang, r-devel-linux-x86_64-fedora-gcc, r-patched-solaris-x86, r-release-osx-x86_64, r-oldrel-osx-x86_64