CRAN Package Check Results for Package geofacet

Last updated on 2018-08-19 06:46:43 CEST.

Flavor Version Tinstall Tcheck Ttotal Status Flags
r-devel-linux-x86_64-debian-clang 0.1.9 5.37 233.64 239.01 OK
r-devel-linux-x86_64-debian-gcc 0.1.9 5.12 192.47 197.59 OK
r-devel-linux-x86_64-fedora-clang 0.1.9 292.85 NOTE
r-devel-linux-x86_64-fedora-gcc 0.1.9 287.78 NOTE
r-devel-windows-ix86+x86_64 0.1.9 15.00 351.00 366.00 OK
r-patched-linux-x86_64 0.1.9 4.74 225.69 230.43 OK
r-patched-solaris-x86 0.1.9 418.80 NOTE
r-release-linux-x86_64 0.1.9 5.25 229.70 234.95 OK
r-release-windows-ix86+x86_64 0.1.9 19.00 281.00 300.00 OK
r-release-osx-x86_64 0.1.9 NOTE
r-oldrel-windows-ix86+x86_64 0.1.9 14.00 312.00 326.00 OK
r-oldrel-osx-x86_64 0.1.9 NOTE

Check Details

Version: 0.1.9
Check: data for non-ASCII characters
Result: NOTE
     Note: found 217 marked UTF-8 strings
Flavors: r-devel-linux-x86_64-fedora-clang, r-devel-linux-x86_64-fedora-gcc, r-patched-solaris-x86, r-release-osx-x86_64, r-oldrel-osx-x86_64