CRAN Package Check Results for Package geofacet

Last updated on 2018-02-24 20:48:26 CET.

Flavor Version Tinstall Tcheck Ttotal Status Flags
r-devel-linux-x86_64-debian-clang 0.1.5 1.82 134.86 136.68 NOTE
r-devel-linux-x86_64-debian-gcc 0.1.5 1.69 100.85 102.54 NOTE
r-devel-linux-x86_64-fedora-clang 0.1.5 157.55 NOTE
r-devel-linux-x86_64-fedora-gcc 0.1.5 153.74 NOTE
r-devel-windows-ix86+x86_64 0.1.5 7.00 204.00 211.00 OK
r-patched-linux-x86_64 0.1.5 1.60 145.62 147.22 OK
r-patched-solaris-x86 0.1.5 179.20 NOTE
r-release-linux-x86_64 0.1.5 1.60 150.87 152.47 OK
r-release-windows-ix86+x86_64 0.1.5 9.00 198.00 207.00 OK
r-release-osx-x86_64 0.1.5 NOTE
r-oldrel-windows-ix86+x86_64 0.1.5 5.00 151.00 156.00 OK
r-oldrel-osx-x86_64 0.1.5 NOTE

Check Details

Version: 0.1.5
Check: DESCRIPTION meta-information
Result: NOTE
    Dependence on R version ‘3.3.2’ not with patchlevel 0
Flavors: r-devel-linux-x86_64-debian-clang, r-devel-linux-x86_64-debian-gcc, r-devel-linux-x86_64-fedora-clang, r-devel-linux-x86_64-fedora-gcc

Version: 0.1.5
Check: data for non-ASCII characters
Result: NOTE
     Note: found 79 marked UTF-8 strings
Flavors: r-devel-linux-x86_64-fedora-clang, r-devel-linux-x86_64-fedora-gcc, r-patched-solaris-x86, r-release-osx-x86_64, r-oldrel-osx-x86_64