CRAN Package Check Results for Package geojsonR

Last updated on 2019-02-16 19:47:27 CET.

Flavor Version Tinstall Tcheck Ttotal Status Flags
r-devel-linux-x86_64-debian-clang 1.0.6 43.52 27.94 71.46 OK
r-devel-linux-x86_64-debian-gcc 1.0.6 42.16 22.66 64.82 OK
r-devel-linux-x86_64-fedora-clang 1.0.6 116.96 OK
r-devel-linux-x86_64-fedora-gcc 1.0.6 107.85 OK
r-devel-windows-ix86+x86_64 1.0.6 156.00 91.00 247.00 OK
r-patched-linux-x86_64 1.0.6 44.33 25.92 70.25 OK
r-patched-solaris-x86 1.0.6 114.60 OK
r-release-linux-x86_64 1.0.6 OK
r-release-windows-ix86+x86_64 1.0.6 93.00 61.00 154.00 OK
r-release-osx-x86_64 1.0.6 NOTE
r-oldrel-windows-ix86+x86_64 1.0.6 138.00 83.00 221.00 OK
r-oldrel-osx-x86_64 1.0.6 OK

Check Details

Version: 1.0.6
Check: installed package size
Result: NOTE
     installed size is 5.0Mb
     sub-directories of 1Mb or more:
     doc 1.3Mb
     libs 3.6Mb
Flavor: r-release-osx-x86_64