CRAN Package Check Results for Package geojsonR

Last updated on 2018-11-18 14:46:34 CET.

Flavor Version Tinstall Tcheck Ttotal Status Flags
r-devel-linux-x86_64-debian-clang 1.0.6 46.63 27.38 74.01 OK
r-devel-linux-x86_64-debian-gcc 1.0.6 45.00 22.62 67.62 OK
r-devel-linux-x86_64-fedora-clang 1.0.6 104.36 NOTE
r-devel-linux-x86_64-fedora-gcc 1.0.6 102.52 OK
r-devel-windows-ix86+x86_64 1.0.6 116.00 62.00 178.00 OK
r-patched-linux-x86_64 1.0.6 50.74 25.86 76.60 OK
r-patched-solaris-x86 1.0.6 112.70 OK
r-release-linux-x86_64 1.0.6 58.17 26.22 84.39 OK
r-release-windows-ix86+x86_64 1.0.6 126.00 77.00 203.00 OK
r-release-osx-x86_64 1.0.6 NOTE
r-oldrel-windows-ix86+x86_64 1.0.6 122.00 71.00 193.00 OK
r-oldrel-osx-x86_64 1.0.6 OK

Check Details

Version: 1.0.6
Check: installed package size
Result: NOTE
     installed size is 5.1Mb
     sub-directories of 1Mb or more:
     doc 1.3Mb
     libs 3.7Mb
Flavors: r-devel-linux-x86_64-fedora-clang, r-release-osx-x86_64