CRAN Package Check Results for Package geojsonR

Last updated on 2024-02-21 11:56:24 CET.

Flavor Version Tinstall Tcheck Ttotal Status Flags
r-devel-linux-x86_64-debian-clang 1.1.1 NOTE
r-devel-linux-x86_64-debian-gcc 1.1.1 52.87 28.42 81.29 NOTE
r-devel-linux-x86_64-fedora-clang 1.1.1 141.47 NOTE
r-devel-linux-x86_64-fedora-gcc 1.1.1 157.87 NOTE
r-devel-windows-x86_64 1.1.1 51.00 75.00 126.00 NOTE
r-patched-linux-x86_64 1.1.1 63.99 36.05 100.04 NOTE
r-release-linux-x86_64 1.1.1 68.61 35.61 104.22 NOTE
r-release-macos-arm64 1.1.1 47.00 NOTE
r-release-macos-x86_64 1.1.1 73.00 NOTE
r-release-windows-x86_64 1.1.1 62.00 82.00 144.00 NOTE
r-oldrel-macos-arm64 1.1.1 39.00 NOTE
r-oldrel-windows-x86_64 1.1.1 60.00 81.00 141.00 OK

Check Details

Version: 1.1.1
Check: C++ specification
Result: NOTE Specified C++11: please drop specification unless essential Flavors: r-devel-linux-x86_64-debian-clang, r-devel-linux-x86_64-debian-gcc, r-devel-linux-x86_64-fedora-clang, r-devel-linux-x86_64-fedora-gcc, r-devel-windows-x86_64, r-patched-linux-x86_64, r-release-linux-x86_64, r-release-macos-arm64, r-release-macos-x86_64, r-release-windows-x86_64

Version: 1.1.1
Check: installed package size
Result: NOTE installed size is 6.3Mb sub-directories of 1Mb or more: doc 1.3Mb libs 4.8Mb Flavors: r-release-macos-arm64, r-release-macos-x86_64, r-oldrel-macos-arm64