CRAN Package Check Results for Package geojsonR

Last updated on 2018-05-25 11:47:08 CEST.

Flavor Version Tinstall Tcheck Ttotal Status Flags
r-devel-linux-x86_64-debian-clang 1.0.4 37.89 26.20 64.09 OK
r-devel-linux-x86_64-debian-gcc 1.0.4 37.14 22.45 59.59 OK
r-devel-linux-x86_64-fedora-clang 1.0.4 100.91 OK
r-devel-linux-x86_64-fedora-gcc 1.0.4 98.92 NOTE
r-devel-windows-ix86+x86_64 1.0.4 95.00 71.00 166.00 OK
r-patched-linux-x86_64 1.0.4 47.42 25.76 73.18 OK
r-patched-solaris-x86 1.0.4 107.30 OK
r-release-linux-x86_64 1.0.4 46.93 25.68 72.61 OK
r-release-windows-ix86+x86_64 1.0.4 121.00 84.00 205.00 OK
r-release-osx-x86_64 1.0.4 OK
r-oldrel-windows-ix86+x86_64 1.0.4 124.00 59.00 183.00 OK
r-oldrel-osx-x86_64 1.0.4 OK

Check Details

Version: 1.0.4
Check: installed package size
Result: NOTE
     installed size is 5.6Mb
     sub-directories of 1Mb or more:
     doc 1.3Mb
     libs 4.2Mb
Flavor: r-devel-linux-x86_64-fedora-gcc