CRAN Package Check Results for Package geojsonR

Last updated on 2018-02-18 08:47:54 CET.

Flavor Version Tinstall Tcheck Ttotal Status Flags
r-devel-linux-x86_64-debian-clang 1.0.4 42.79 26.24 69.03 OK
r-devel-linux-x86_64-debian-gcc 1.0.4 40.77 20.90 61.67 OK
r-devel-linux-x86_64-fedora-clang 1.0.4 97.84 OK
r-devel-linux-x86_64-fedora-gcc 1.0.4 95.73 NOTE
r-devel-windows-ix86+x86_64 1.0.4 94.00 53.00 147.00 OK
r-patched-linux-x86_64 1.0.4 47.17 27.11 74.28 OK
r-patched-solaris-x86 1.0.4 107.20 OK
r-release-linux-x86_64 1.0.4 47.44 26.94 74.38 OK
r-release-windows-ix86+x86_64 1.0.4 118.00 53.00 171.00 OK
r-release-osx-x86_64 1.0.4 OK
r-oldrel-windows-ix86+x86_64 1.0.4 88.00 67.00 155.00 OK
r-oldrel-osx-x86_64 1.0.4 OK

Check Details

Version: 1.0.4
Check: installed package size
Result: NOTE
     installed size is 5.6Mb
     sub-directories of 1Mb or more:
     doc 1.3Mb
     libs 4.2Mb
Flavor: r-devel-linux-x86_64-fedora-gcc