CRAN Package Check Results for Package geojsonio

Last updated on 2018-08-20 09:47:39 CEST.

Flavor Version Tinstall Tcheck Ttotal Status Flags
r-devel-linux-x86_64-debian-clang 0.6.0 7.55 106.86 114.41 OK
r-devel-linux-x86_64-debian-gcc 0.6.0 6.73 90.77 97.50 OK
r-devel-linux-x86_64-fedora-clang 0.6.0 141.04 OK
r-devel-linux-x86_64-fedora-gcc 0.6.0 135.51 OK
r-devel-windows-ix86+x86_64 0.6.0 23.00 208.00 231.00 OK
r-patched-linux-x86_64 0.6.0 6.34 98.13 104.47 OK
r-patched-solaris-x86 0.6.0 202.50 NOTE
r-release-linux-x86_64 0.6.0 6.39 98.57 104.96 OK
r-release-windows-ix86+x86_64 0.6.0 24.00 147.00 171.00 OK
r-release-osx-x86_64 0.6.0 OK
r-oldrel-windows-ix86+x86_64 0.6.0 14.00 206.00 220.00 OK
r-oldrel-osx-x86_64 0.6.0 OK

Check Details

Version: 0.6.0
Check: installed package size
Result: NOTE
     installed size is 5.7Mb
     sub-directories of 1Mb or more:
     doc 1.5Mb
     examples 1.9Mb
     vign 1.4Mb
Flavor: r-patched-solaris-x86