Last updated on 2019-02-15 20:46:50 CET.
Flavor | Version | Tinstall | Tcheck | Ttotal | Status | Flags |
---|---|---|---|---|---|---|
r-devel-linux-x86_64-debian-clang | 0.6.0 | 7.40 | 106.90 | 114.30 | OK | |
r-devel-linux-x86_64-debian-gcc | 0.6.0 | 6.63 | 87.73 | 94.36 | OK | |
r-devel-linux-x86_64-fedora-clang | 0.6.0 | 138.65 | OK | |||
r-devel-linux-x86_64-fedora-gcc | 0.6.0 | 134.58 | OK | |||
r-devel-windows-ix86+x86_64 | 0.6.0 | 26.00 | 215.00 | 241.00 | OK | |
r-patched-linux-x86_64 | 0.6.0 | 7.75 | 101.46 | 109.21 | OK | |
r-patched-solaris-x86 | 0.6.0 | 206.70 | NOTE | |||
r-release-linux-x86_64 | 0.6.0 | 6.49 | 100.30 | 106.79 | OK | |
r-release-windows-ix86+x86_64 | 0.6.0 | 16.00 | 149.00 | 165.00 | OK | |
r-release-osx-x86_64 | 0.6.0 | OK | ||||
r-oldrel-windows-ix86+x86_64 | 0.6.0 | 27.00 | 197.00 | 224.00 | OK | |
r-oldrel-osx-x86_64 | 0.6.0 | OK |
Version: 0.6.0
Check: installed package size
Result: NOTE
installed size is 5.7Mb
sub-directories of 1Mb or more:
doc 1.5Mb
examples 1.9Mb
vign 1.4Mb
Flavor: r-patched-solaris-x86