CRAN Package Check Results for Package geojsonio

Last updated on 2018-02-18 02:46:58 CET.

Flavor Version Tinstall Tcheck Ttotal Status Flags
r-devel-linux-x86_64-debian-clang 0.5.0 6.03 94.61 100.64 OK
r-devel-linux-x86_64-debian-gcc 0.5.0 5.54 77.23 82.77 OK
r-devel-linux-x86_64-fedora-clang 0.5.0 118.73 OK
r-devel-linux-x86_64-fedora-gcc 0.5.0 117.58 OK
r-devel-windows-ix86+x86_64 0.5.0 12.00 137.00 149.00 OK
r-patched-linux-x86_64 0.5.0 3.79 100.01 103.80 OK
r-patched-solaris-x86 0.5.0 173.00 NOTE
r-release-linux-x86_64 0.5.0 4.44 98.74 103.18 OK
r-release-windows-ix86+x86_64 0.5.0 16.00 145.00 161.00 OK
r-release-osx-x86_64 0.5.0 OK
r-oldrel-windows-ix86+x86_64 0.5.0 9.00 163.00 172.00 OK
r-oldrel-osx-x86_64 0.5.0 OK

Check Details

Version: 0.5.0
Check: installed package size
Result: NOTE
     installed size is 5.5Mb
     sub-directories of 1Mb or more:
     doc 1.5Mb
     examples 1.9Mb
     vign 1.4Mb
Flavor: r-patched-solaris-x86