CRAN Package Check Results for Package geojsonio

Last updated on 2018-11-13 02:48:37 CET.

Flavor Version Tinstall Tcheck Ttotal Status Flags
r-devel-linux-x86_64-debian-clang 0.6.0 6.92 108.88 115.80 OK
r-devel-linux-x86_64-debian-gcc 0.6.0 7.07 91.92 98.99 OK
r-devel-linux-x86_64-fedora-clang 0.6.0 143.08 OK
r-devel-linux-x86_64-fedora-gcc 0.6.0 136.73 OK
r-devel-windows-ix86+x86_64 0.6.0 14.00 207.00 221.00 OK
r-patched-linux-x86_64 0.6.0 7.14 98.63 105.77 OK
r-patched-solaris-x86 0.6.0 205.70 NOTE
r-release-linux-x86_64 0.6.0 6.14 98.81 104.95 OK
r-release-windows-ix86+x86_64 0.6.0 21.00 214.00 235.00 OK
r-release-osx-x86_64 0.6.0 OK
r-oldrel-windows-ix86+x86_64 0.6.0 17.00 151.00 168.00 OK
r-oldrel-osx-x86_64 0.6.0 OK

Check Details

Version: 0.6.0
Check: installed package size
Result: NOTE
     installed size is 5.7Mb
     sub-directories of 1Mb or more:
     doc 1.5Mb
     examples 1.9Mb
     vign 1.4Mb
Flavor: r-patched-solaris-x86