CRAN Package Check Results for Package geojsonio

Last updated on 2018-05-23 20:48:30 CEST.

Flavor Version Tinstall Tcheck Ttotal Status Flags
r-devel-linux-x86_64-debian-clang 0.6.0 8.31 105.71 114.02 OK
r-devel-linux-x86_64-debian-gcc 0.6.0 0.65 1.46 2.11 ERROR
r-devel-linux-x86_64-fedora-clang 0.6.0 140.14 OK
r-devel-linux-x86_64-fedora-gcc 0.6.0 143.37 OK
r-devel-windows-ix86+x86_64 0.6.0 17.00 197.00 214.00 OK
r-patched-linux-x86_64 0.6.0 5.45 98.81 104.26 OK
r-patched-solaris-x86 0.6.0 207.50 NOTE
r-release-linux-x86_64 0.6.0 7.46 97.82 105.28 OK
r-release-windows-ix86+x86_64 0.6.0 21.00 198.00 219.00 OK
r-release-osx-x86_64 0.6.0 OK
r-oldrel-windows-ix86+x86_64 0.6.0 19.00 170.00 189.00 OK
r-oldrel-osx-x86_64 0.6.0 OK

Check Details

Version: 0.6.0
Check: package dependencies
Result: ERROR
    Package required but not available: ‘readr’
    
    Packages suggested but not available for checking: ‘gistr’ ‘leaflet’
    
    See section ‘The DESCRIPTION file’ in the ‘Writing R Extensions’
    manual.
Flavor: r-devel-linux-x86_64-debian-gcc

Version: 0.6.0
Check: installed package size
Result: NOTE
     installed size is 5.7Mb
     sub-directories of 1Mb or more:
     doc 1.5Mb
     examples 1.9Mb
     vign 1.4Mb
Flavor: r-patched-solaris-x86