Last updated on 2022-05-18 15:49:03 CEST.
Flavor | Version | Tinstall | Tcheck | Ttotal | Status | Flags |
---|---|---|---|---|---|---|
r-devel-linux-x86_64-debian-clang | 2.0.3 | 62.70 | 195.41 | 258.11 | OK | |
r-devel-linux-x86_64-debian-gcc | 2.0.3 | 54.94 | 143.06 | 198.00 | OK | |
r-devel-linux-x86_64-fedora-clang | 2.0.3 | 328.98 | NOTE | |||
r-devel-linux-x86_64-fedora-gcc | 2.0.3 | 301.37 | NOTE | |||
r-devel-windows-x86_64 | 2.0.3 | 115.00 | 232.00 | 347.00 | OK | |
r-patched-linux-x86_64 | 2.0.3 | 45.43 | 178.28 | 223.71 | OK | |
r-release-linux-x86_64 | 2.0.3 | 39.77 | 177.65 | 217.42 | OK | |
r-release-macos-arm64 | 2.0.3 | 82.00 | NOTE | |||
r-release-macos-x86_64 | 2.0.3 | 134.00 | NOTE | |||
r-release-windows-x86_64 | 2.0.3 | 101.00 | 248.00 | 349.00 | OK | |
r-oldrel-macos-arm64 | 2.0.3 | 77.00 | NOTE | |||
r-oldrel-macos-x86_64 | 2.0.3 | 110.00 | NOTE | |||
r-oldrel-windows-ix86+x86_64 | 2.0.3 | 160.00 | 331.00 | 491.00 | OK |
Version: 2.0.3
Check: dependencies in R code
Result: NOTE
Namespace in Imports field not imported from: ‘Rcpp’
All declared Imports should be used.
Flavors: r-devel-linux-x86_64-fedora-clang, r-devel-linux-x86_64-fedora-gcc, r-release-macos-arm64, r-release-macos-x86_64, r-oldrel-macos-arm64, r-oldrel-macos-x86_64