CRAN Package Check Results for Package geomaroc

Last updated on 2023-12-09 21:54:17 CET.

Flavor Version Tinstall Tcheck Ttotal Status Flags
r-devel-linux-x86_64-debian-clang 0.1.1 2.72 27.26 29.98 NOTE
r-devel-linux-x86_64-debian-gcc 0.1.1 1.93 21.34 23.27 NOTE
r-devel-linux-x86_64-fedora-clang 0.1.1 39.39 NOTE
r-devel-linux-x86_64-fedora-gcc 0.1.1 48.70 NOTE
r-devel-windows-x86_64 0.1.1 3.00 44.00 47.00 NOTE
r-patched-linux-x86_64 0.1.1 2.02 27.04 29.06 NOTE
r-release-linux-x86_64 0.1.1 2.28 26.97 29.25 NOTE
r-release-macos-arm64 0.1.1 22.00 NOTE
r-release-macos-x86_64 0.1.1 31.00 NOTE
r-release-windows-x86_64 0.1.1 5.00 47.00 52.00 NOTE
r-oldrel-macos-arm64 0.1.1 18.00 NOTE
r-oldrel-macos-x86_64 0.1.1 25.00 NOTE
r-oldrel-windows-x86_64 0.1.1 4.00 49.00 53.00 NOTE

Check Details

Version: 0.1.1
Check: package dependencies
Result: NOTE Package suggested but not available for checking: ‘geomarocdata’ Flavors: r-devel-linux-x86_64-debian-clang, r-devel-linux-x86_64-debian-gcc, r-devel-linux-x86_64-fedora-clang, r-devel-linux-x86_64-fedora-gcc, r-devel-windows-x86_64, r-patched-linux-x86_64, r-release-linux-x86_64, r-release-macos-arm64, r-release-macos-x86_64, r-release-windows-x86_64, r-oldrel-macos-arm64, r-oldrel-macos-x86_64, r-oldrel-windows-x86_64