CRAN Package Check Results for Package geomaroc

Last updated on 2022-11-28 17:52:55 CET.

Flavor Version Tinstall Tcheck Ttotal Status Flags
r-devel-linux-x86_64-debian-clang 0.1.1 2.54 27.99 30.53 NOTE
r-devel-linux-x86_64-debian-gcc 0.1.1 1.96 21.92 23.88 NOTE
r-devel-linux-x86_64-fedora-clang 0.1.1 51.98 NOTE
r-devel-linux-x86_64-fedora-gcc 0.1.1 49.04 NOTE
r-devel-windows-x86_64 0.1.1 18.00 57.00 75.00 NOTE
r-patched-linux-x86_64 0.1.1 2.01 26.56 28.57 NOTE
r-release-linux-x86_64 0.1.1 2.09 27.18 29.27 NOTE
r-release-macos-arm64 0.1.1 18.00 NOTE
r-release-macos-x86_64 0.1.1 25.00 NOTE
r-release-windows-x86_64 0.1.1 10.00 57.00 67.00 NOTE
r-oldrel-macos-arm64 0.1.1 16.00 NOTE
r-oldrel-macos-x86_64 0.1.1 23.00 NOTE
r-oldrel-windows-ix86+x86_64 0.1.1 6.00 54.00 60.00 NOTE

Check Details

Version: 0.1.1
Check: package dependencies
Result: NOTE
    Package suggested but not available for checking: 'geomarocdata'
Flavors: r-devel-linux-x86_64-debian-clang, r-devel-linux-x86_64-debian-gcc, r-devel-linux-x86_64-fedora-clang, r-devel-linux-x86_64-fedora-gcc, r-devel-windows-x86_64, r-patched-linux-x86_64, r-release-linux-x86_64, r-release-macos-arm64, r-release-macos-x86_64, r-release-windows-x86_64, r-oldrel-macos-arm64, r-oldrel-macos-x86_64, r-oldrel-windows-ix86+x86_64