CRAN Package Check Results for Package geomnet

Last updated on 2018-05-23 09:47:10 CEST.

Flavor Version Tinstall Tcheck Ttotal Status Flags
r-devel-linux-x86_64-debian-clang 0.2.0 6.56 49.66 56.22 OK
r-devel-linux-x86_64-debian-gcc 0.2.0 0.32 1.32 1.64 ERROR
r-devel-linux-x86_64-fedora-clang 0.2.0 69.60 OK
r-devel-linux-x86_64-fedora-gcc 0.2.0 69.00 OK
r-devel-windows-ix86+x86_64 0.2.0 13.00 109.00 122.00 OK
r-patched-linux-x86_64 0.2.0 5.93 45.59 51.52 OK
r-patched-solaris-x86 0.2.0 100.60 OK
r-release-linux-x86_64 0.2.0 5.05 45.26 50.31 OK
r-release-windows-ix86+x86_64 0.2.0 17.00 98.00 115.00 OK
r-release-osx-x86_64 0.2.0 OK
r-oldrel-windows-ix86+x86_64 0.2.0 13.00 100.00 113.00 OK
r-oldrel-osx-x86_64 0.2.0 OK

Check Details

Version: 0.2.0
Check: package dependencies
Result: ERROR
    Packages required but not available:
     ‘ggplot2’ ‘dplyr’ ‘tidyr’ ‘readr’ ‘plotly’
    
    Packages suggested but not available for checking: ‘ggrepel’ ‘ggmap’
    
    See section ‘The DESCRIPTION file’ in the ‘Writing R Extensions’
    manual.
Flavor: r-devel-linux-x86_64-debian-gcc